From mboxrd@z Thu Jan  1 00:00:00 1970
Return-Path: <test-report-bounces@dpdk.org>
Received: from mails.dpdk.org (mails.dpdk.org [217.70.189.124])
	by inbox.dpdk.org (Postfix) with ESMTP id 5427345769
	for <public@inbox.dpdk.org>; Thu,  8 Aug 2024 11:34:00 +0200 (CEST)
Received: from mails.dpdk.org (localhost [127.0.0.1])
	by mails.dpdk.org (Postfix) with ESMTP id 4E0DF42790;
	Thu,  8 Aug 2024 11:34:00 +0200 (CEST)
Received: from mail-yw1-f227.google.com (mail-yw1-f227.google.com
 [209.85.128.227])
 by mails.dpdk.org (Postfix) with ESMTP id 4698640EDD
 for <test-report@dpdk.org>; Thu,  8 Aug 2024 11:33:58 +0200 (CEST)
Received: by mail-yw1-f227.google.com with SMTP id
 00721157ae682-65f7bd30546so5556877b3.1
 for <test-report@dpdk.org>; Thu, 08 Aug 2024 02:33:58 -0700 (PDT)
DKIM-Signature: v=1; a=rsa-sha256; c=relaxed/relaxed;
 d=iol.unh.edu; s=unh-iol; t=1723109637; x=1723714437; darn=dpdk.org;
 h=references:in-reply-to:cc:to:from:subject:message-id:date:from:to
 :cc:subject:date:message-id:reply-to;
 bh=7PUQNcAQf4t6GBngYO20OQNY3aFiH984vjne4PqBD68=;
 b=JMn9k/5oVavuR7LwX+3SFd1PfaZm15n4EZODLzPVkyaiHDmVKtdqKT02BitL7XRLMw
 28NOtEeygk0U2hbbPCN713Pqa2XyuUvziBuaAW6gz7ZOnQ1C6ntLg1JlfRd4XY/mj6oH
 GmaIFFJD4eyCpMn1LEodX4E6yEkZDQlyVzNoQ=
X-Google-DKIM-Signature: v=1; a=rsa-sha256; c=relaxed/relaxed;
 d=1e100.net; s=20230601; t=1723109637; x=1723714437;
 h=references:in-reply-to:cc:to:from:subject:message-id:date
 :x-gm-message-state:from:to:cc:subject:date:message-id:reply-to;
 bh=7PUQNcAQf4t6GBngYO20OQNY3aFiH984vjne4PqBD68=;
 b=IWjLXCkg6TM1dNSZZ1XTJVkxNrP8z9aqjxcY3cZ8G0/ywoyE/a6MXfKs/svh+9k5u7
 Dg9VC6jrI7/gPNwaLaLAwXHYPVzUQOy+ok8YRRvO2Xrm8VjKblnRHy3AzzNpqIN90h5p
 1cBu7LsAnrMAxJ5UsDCVhfwhWFqilyg6EYkWGD3YcI/jsL0tcAfTxjylL+tCoI25zwzQ
 vRdJVsjFQIutBW5LauLUWFxHymI1zA6tXOjYILErgAMePrFc9D7jWjrYb3V2YUOIlNKI
 5yvspCCqCv9/RWCNwL9HKRHhQtODL1yMZpWkOXtd8tzhbnPJy0hZ89hLDySvPIEbpXWx
 cafg==
X-Gm-Message-State: AOJu0YwNf0YJb9gkvw065Iqh2DOFOUFPctLZYvOzy/1EgvFPXBZ705sT
 XtEOcxfd8j7R4LblKlS6MZeQlWLrifv+qLk+8HosdpIsJmsrPPtvnKSVC3gVDVtDztg23BEokrB
 KYs/fO8s1Hg117neiVGMEC8oZd2Og7vIl
X-Google-Smtp-Source: AGHT+IEusPcrTVuxU4V1wclsSpEkHzYUkaFgyX78b3pPWW+mClt71DCuS7lZ+lq+XrFKMQb1T2IH3T5B2PMr
X-Received: by 2002:a05:690c:60ca:b0:64b:b7e:3313 with SMTP id
 00721157ae682-69c0f10b270mr6992657b3.13.1723109637583; 
 Thu, 08 Aug 2024 02:33:57 -0700 (PDT)
Received: from postal.iol.unh.edu (postal.iol.unh.edu. [132.177.123.84])
 by smtp-relay.gmail.com with ESMTPS id
 00721157ae682-68a12c19fe0sm15671887b3.31.2024.08.08.02.33.57
 (version=TLS1_2 cipher=ECDHE-ECDSA-AES128-GCM-SHA256 bits=128/128);
 Thu, 08 Aug 2024 02:33:57 -0700 (PDT)
X-Relaying-Domain: iol.unh.edu
Date: Thu, 08 Aug 2024 02:33:57 -0700 (PDT)
Message-ID: <66b49105.810a0220.8571c.a1f3SMTPIN_ADDED_MISSING@mx.google.com>
Received: from [172.17.0.4] (unknown [172.18.0.217])
 by postal.iol.unh.edu (Postfix) with ESMTP id 3CDE56052500;
 Thu,  8 Aug 2024 05:33:57 -0400 (EDT)
Subject: |FAILURE| pw143011-143013 [PATCH] [3/3] net/enic: allow multicast in
From: dpdklab@iol.unh.edu
To: Test Report <test-report@dpdk.org>
Cc: dpdk-test-reports@iol.unh.edu, Hyong Youb Kim <hyonkim@cisco.com>
In-Reply-To: <20240808041838.31367-4-hyonkim@cisco.com>
References: <20240808041838.31367-4-hyonkim@cisco.com>
Content-Type: text/plain
X-BeenThere: test-report@dpdk.org
X-Mailman-Version: 2.1.29
Precedence: list
List-Id: automatic DPDK test reports <test-report.dpdk.org>
List-Unsubscribe: <https://mails.dpdk.org/options/test-report>,
 <mailto:test-report-request@dpdk.org?subject=unsubscribe>
List-Archive: <http://mails.dpdk.org/archives/test-report/>
List-Post: <mailto:test-report@dpdk.org>
List-Help: <mailto:test-report-request@dpdk.org?subject=help>
List-Subscribe: <https://mails.dpdk.org/listinfo/test-report>,
 <mailto:test-report-request@dpdk.org?subject=subscribe>
Errors-To: test-report-bounces@dpdk.org

Test-Label: iol-compile-amd64-testing
Test-Status: FAILURE
http://dpdk.org/patch/143013

_Testing issues_

Submitter: Hyong Youb Kim <hyonkim@cisco.com>
Date: Thursday, August 08 2024 04:18:38 
DPDK git baseline: Repo:dpdk
  Branch: master
  CommitID:2155f1f2054aa06f0b58e9ade9babf1f0a97a410

143011-143013 --> testing issues

Upstream job id: Generic-DPDK-Compile-Meson#285578

Test environment and result as below:

+---------------------+--------------------+------------------+-------------------+----------------------+-------------------+
|     Environment     | dpdk_meson_compile | dpdk_compile_ovs | dpdk_compile_spdk | dpdk_mingw64_compile | dpdk_msvc_compile |
+=====================+====================+==================+===================+======================+===================+
| CentOS Stream 9     | PASS               | PASS             | PASS              | SKIPPED              | SKIPPED           |
+---------------------+--------------------+------------------+-------------------+----------------------+-------------------+
| Debian 12           | PASS               | PASS             | PASS              | SKIPPED              | SKIPPED           |
+---------------------+--------------------+------------------+-------------------+----------------------+-------------------+
| Debian Bullseye     | PASS               | PASS             | PASS              | SKIPPED              | SKIPPED           |
+---------------------+--------------------+------------------+-------------------+----------------------+-------------------+
| Fedora 38 (Clang)   | FAIL               | WARN             | WARN              | SKIPPED              | SKIPPED           |
+---------------------+--------------------+------------------+-------------------+----------------------+-------------------+
| Fedora 37           | PASS               | PASS             | PASS              | SKIPPED              | SKIPPED           |
+---------------------+--------------------+------------------+-------------------+----------------------+-------------------+
| Fedora 39 (Clang)   | FAIL               | WARN             | WARN              | SKIPPED              | SKIPPED           |
+---------------------+--------------------+------------------+-------------------+----------------------+-------------------+
| Fedora 38           | PASS               | PASS             | PASS              | SKIPPED              | SKIPPED           |
+---------------------+--------------------+------------------+-------------------+----------------------+-------------------+
| Fedora 39           | PEND               | PEND             | PEND              | SKIPPED              | SKIPPED           |
+---------------------+--------------------+------------------+-------------------+----------------------+-------------------+
| openSUSE Leap 15    | PASS               | PASS             | SKIPPED           | SKIPPED              | SKIPPED           |
+---------------------+--------------------+------------------+-------------------+----------------------+-------------------+
| Ubuntu 24.04        | PASS               | PASS             | PASS              | SKIPPED              | SKIPPED           |
+---------------------+--------------------+------------------+-------------------+----------------------+-------------------+
| RHEL8               | PASS               | PASS             | SKIPPED           | SKIPPED              | SKIPPED           |
+---------------------+--------------------+------------------+-------------------+----------------------+-------------------+
| Ubuntu 20.04        | PASS               | PASS             | SKIPPED           | SKIPPED              | SKIPPED           |
+---------------------+--------------------+------------------+-------------------+----------------------+-------------------+
| Ubuntu 22.04        | PASS               | PASS             | PASS              | SKIPPED              | SKIPPED           |
+---------------------+--------------------+------------------+-------------------+----------------------+-------------------+
| RHEL9               | PASS               | PASS             | SKIPPED           | SKIPPED              | SKIPPED           |
+---------------------+--------------------+------------------+-------------------+----------------------+-------------------+
| Fedora 40 (Clang)   | FAIL               | WARN             | WARN              | SKIPPED              | SKIPPED           |
+---------------------+--------------------+------------------+-------------------+----------------------+-------------------+
| Windows Server 2019 | PASS               | SKIPPED          | SKIPPED           | PASS                 | SKIPPED           |
+---------------------+--------------------+------------------+-------------------+----------------------+-------------------+
| Windows Server 2022 | PASS               | SKIPPED          | SKIPPED           | PASS                 | PASS              |
+---------------------+--------------------+------------------+-------------------+----------------------+-------------------+
| Alpine              | PASS               | PASS             | SKIPPED           | SKIPPED              | SKIPPED           |
+---------------------+--------------------+------------------+-------------------+----------------------+-------------------+
| FreeBSD 13.3        | FAIL               | SKIPPED          | SKIPPED           | SKIPPED              | SKIPPED           |
+---------------------+--------------------+------------------+-------------------+----------------------+-------------------+
| FreeBSD 14.1        | FAIL               | SKIPPED          | SKIPPED           | SKIPPED              | SKIPPED           |
+---------------------+--------------------+------------------+-------------------+----------------------+-------------------+
| Fedora 40           | PASS               | PASS             | PASS              | SKIPPED              | SKIPPED           |
+---------------------+--------------------+------------------+-------------------+----------------------+-------------------+

==== 20 line log output for FreeBSD 14.1 (dpdk_meson_compile): ====
[947/1854] Linking static target drivers/librte_net_ena.a
[948/1854] Compiling C object drivers/librte_net_ena.so.24.2.p/meson-generated_.._rte_net_ena.pmd.c.o
[949/1854] Compiling C object drivers/libtmp_rte_net_enic.a.p/net_enic_enic_ethdev.c.o
[950/1854] Compiling C object drivers/libtmp_rte_net_enic.a.p/net_enic_enic_flow.c.o
[951/1854] Linking target drivers/librte_net_ena.so.24.2
[952/1854] Compiling C object drivers/libtmp_rte_net_enic.a.p/net_enic_enic_res.c.o
[953/1854] Compiling C object drivers/libtmp_rte_net_enic.a.p/net_enic_enic_fm_flow.c.o
[954/1854] Compiling C object drivers/libtmp_rte_net_enic.a.p/net_enic_enic_sriov.c.o
FAILED: drivers/libtmp_rte_net_enic.a.p/net_enic_enic_sriov.c.o
cc -Idrivers/libtmp_rte_net_enic.a.p -Idrivers -I../drivers -Idrivers/net/enic -I../drivers/net/enic -I../drivers/net/enic/base -Ilib/ethdev -I../lib/ethdev -I. -I.. -Iconfig -I../config -Ilib/eal/include -I../lib/eal/include -Ilib/eal/freebsd/include -I../lib/eal/freebsd/include -Ilib/eal/x86/include -I../lib/eal/x86/include -Ilib/eal/common -I../lib/eal/common -Ilib/eal -I../lib/eal -Ilib/kvargs -I../lib/kvargs -Ilib/log -I../lib/log -Ilib/metrics -I../lib/metrics -Ilib/telemetry -I../lib/telemetry -Ilib/net -I../lib/net -Ilib/mbuf -I../lib/mbuf -Ilib/mempool -I../lib/mempool -Ilib/ring -I../lib/ring -Ilib/meter -I../lib/meter -Idrivers/bus/pci -I../drivers/bus/pci -I../drivers/bus/pci/bsd -Ilib/pci -I../lib/pci -Idrivers/bus/vdev -I../drivers/bus/vdev -Ilib/hash -I../lib/hash -Ilib/rcu -I../lib/rcu -fdiagnostics-color=always -D_FILE_OFFSET_BITS=64 -Wall -Winvalid-pch -Wextra -Werror -std=c11 -O3 -include rte_config.h -Wcast-qual -Wdeprecated -Wformat -Wformat-nonliteral -Wformat-s
 ecurity -Wmissing-declarations -Wmissing-prototypes -Wnested-externs -Wold-style-definition -Wpointer-arith -Wsign-compare -Wstrict-prototypes -Wundef -Wwrite-strings -Wno-address-of-packed-member -Wno-missing-field-initializers -D_GNU_SOURCE -D__BSD_VISIBLE -fPIC -march=native -mrtm -DALLOW_EXPERIMENTAL_API -DALLOW_INTERNAL_API -Wno-format-truncation -DRTE_LOG_DEFAULT_LOGTYPE=pmd.net.enic -MD -MQ drivers/libtmp_rte_net_enic.a.p/net_enic_enic_sriov.c.o -MF drivers/libtmp_rte_net_enic.a.p/net_enic_enic_sriov.c.o.d -o drivers/libtmp_rte_net_enic.a.p/net_enic_enic_sriov.c.o -c ../drivers/net/enic/enic_sriov.c
../drivers/net/enic/enic_sriov.c:65:11: error: variable 'va' set but not used [-Werror,-Wunused-but-set-variable]
65 |         uint64_t va;
|                  ^
1 error generated.
[955/1854] Compiling C object drivers/libtmp_rte_net_enic.a.p/net_enic_enic_main.c.o
[956/1854] Compiling C object drivers/libtmp_rte_net_enic.a.p/net_enic_enic_rxtx.c.o
[957/1854] Compiling C object drivers/libtmp_rte_net_enic.a.p/net_enic_enic_vf_representor.c.o
[958/1854] Compiling C object drivers/libtmp_rte_net_failsafe.a.p/net_failsafe_failsafe.c.o
[959/1854] Generating drivers/rte_common_sfc_efx.sym_chk with a custom command (wrapped by meson to capture output)
ninja: build stopped: subcommand failed.
==== End log output ====

CentOS Stream 9
	Kernel: 5.4.0-167-generic
	Compiler: gcc 11.4.1 20230605

Debian 12
	Kernel: Container Host Kernel
	Compiler: gcc 12.2.0

Debian Bullseye
	Kernel: 5.4.0-167-generic
	Compiler: gcc 10.2.1-6

Fedora 38 (Clang)
	Kernel: Depends on container host
	Compiler: clang 16.0.6

Fedora 37
	Kernel: Depends on container host system
	Compiler: gcc 12.3.1

Fedora 39 (Clang)
	Kernel: Depends on container host
	Compiler: clang 17.0.6

Fedora 38
	Kernel: Depends on container host
	Compiler: gcc 13.2.1

Fedora 39
	Kernel: Depends on container host
	Compiler: gcc 13.2.1

openSUSE Leap 15
	Kernel: 5.4.0-167-generic
	Compiler: gcc 7.5.0

Ubuntu 24.04
	Kernel: 5.4.0-167-generic
	Compiler: gcc 13.2.0

RHEL8
	Kernel: 5.4.0-167-generic
	Compiler: gcc 8.5.0 20210514 (Red Hat 8.5.0-20)

Ubuntu 20.04
	Kernel: 5.4.0-167-generic
	Compiler: gcc 9.4.0-1ubuntu1~20.04.1

Ubuntu 22.04
	Kernel: 5.4.0-167-generic
	Compiler: gcc 11.4.0

RHEL9
	Kernel: Depends on container host
	Compiler: gcc 11.4.1

Fedora 40 (Clang)
	Kernel: Depends on container host
	Compiler: clang 18.1.6

Windows Server 2019
	Kernel: 10.0.17763
	Compiler: clang 14.0 and gcc 8.1.0 (MinGW)

Windows Server 2022
	Kernel: 10.0.20348.2031
	Compiler: clang 15.0.7, gcc 8.1.0 (MinGW), and MSVC VS 17.9

Alpine
	Kernel: 5.4.0-167-generic
	Compiler: gcc (Alpine 13.2.1_git20231014) 13.2.1 20231014

FreeBSD 13.3
	Kernel: 13.3-RELEASE-p1
	Compiler: clang 17.0.6

FreeBSD 14.1
	Kernel: 14.1
	Compiler: clang 18.1.5

Fedora 40
	Kernel: Depends on container host
	Compiler: gcc 14.1.1

To view detailed results, visit:
https://lab.dpdk.org/results/dashboard/patchsets/30744/

UNH-IOL DPDK Community Lab

To manage your email subscriptions, visit: 
https://lab.dpdk.org/results/dashboard/preferences/subscriptions/