From mboxrd@z Thu Jan  1 00:00:00 1970
Return-Path: <test-report-bounces@dpdk.org>
Received: from mails.dpdk.org (mails.dpdk.org [217.70.189.124])
	by inbox.dpdk.org (Postfix) with ESMTP id 9D98245769
	for <public@inbox.dpdk.org>; Thu,  8 Aug 2024 11:41:19 +0200 (CEST)
Received: from mails.dpdk.org (localhost [127.0.0.1])
	by mails.dpdk.org (Postfix) with ESMTP id 9905D42790;
	Thu,  8 Aug 2024 11:41:19 +0200 (CEST)
Received: from mail-yw1-f228.google.com (mail-yw1-f228.google.com
 [209.85.128.228])
 by mails.dpdk.org (Postfix) with ESMTP id 6493D40EDD
 for <test-report@dpdk.org>; Thu,  8 Aug 2024 11:41:16 +0200 (CEST)
Received: by mail-yw1-f228.google.com with SMTP id
 00721157ae682-69483a97848so7572047b3.2
 for <test-report@dpdk.org>; Thu, 08 Aug 2024 02:41:16 -0700 (PDT)
DKIM-Signature: v=1; a=rsa-sha256; c=relaxed/relaxed;
 d=iol.unh.edu; s=unh-iol; t=1723110075; x=1723714875; darn=dpdk.org;
 h=references:in-reply-to:cc:to:from:subject:message-id:date:from:to
 :cc:subject:date:message-id:reply-to;
 bh=n2JmI/jaqETiz5riWwkD1zjf7DaO5IEVUsisn0byRmk=;
 b=SRCwQDHjYy4et+8kjuaTAzGLmV+TU/1kL6dH2xL5E9bJrpJTdT2JIWlXvmiKTcQXsa
 TniVjOp3AH1nwDCk3IaOBjfuO2xwmkibu00anKjPCR+ax+zRGVvmZedXpyJrEDRtFS3+
 Gfj5bDoB9xLO2pf9CLClMtR11G7K/K3g2jzco=
X-Google-DKIM-Signature: v=1; a=rsa-sha256; c=relaxed/relaxed;
 d=1e100.net; s=20230601; t=1723110075; x=1723714875;
 h=references:in-reply-to:cc:to:from:subject:message-id:date
 :x-gm-message-state:from:to:cc:subject:date:message-id:reply-to;
 bh=n2JmI/jaqETiz5riWwkD1zjf7DaO5IEVUsisn0byRmk=;
 b=euAf+1VL9sBz8ZPOCIKfwK1ivzwcDoI54P7nl/eIcdXPVoUbAI5uS5jAntJARa1l82
 GZjRbPN7D599z8l/X1/YTPPPscZVcar+pQ4te/vSMiYKlM3IjIZgzfVriuqBrg1/lXxI
 +MeoykGEXpa9Ahiudhq/W4OoYf8nEhLwOTqIz5J92abKwaQV/5rchwVaPIXBicE+PD7v
 iD9kI4O09WLEwOid/LxruMc0LpNV/Cd3F+rDttv1vKlwWFoF9/GayRzKqWacaOXXRapE
 dKfwAzqqevG8cu4KD1csPc4iONLmPJS59UAllXhfRQUT+owy+/d0FYBs4q3ViePWFo5R
 J6Og==
X-Gm-Message-State: AOJu0YxRa3I1qKPbWqZ9Ss58O9raEpNx+tyQrGbkgezEqIw9YybKHhSl
 vzGf1HP0uP+EtGGdak/SLoFoxV9wQb6au7XbW0ogZMRVN5RN6xvc5npG81AkSLMAucEELFs25XD
 UfXmoUCyHaP4Ji3TSdQ8mHmvuS6RfF/C1znsHKgoNf+JK08+jKl3nemnX
X-Google-Smtp-Source: AGHT+IGoQtHqP44/rebN2OOb8yhs8X75z0A75YRZ9UdN8ryhCrHyN1SMhGW7zkcfV1huAl7WLSXTnJiKPRH9
X-Received: by 2002:a05:690c:2841:b0:615:bb7:d59c with SMTP id
 00721157ae682-69bf88a406dmr11656927b3.22.1723110075660; 
 Thu, 08 Aug 2024 02:41:15 -0700 (PDT)
Received: from postal.iol.unh.edu (postal.iol.unh.edu.
 [2606:4100:3880:1234::84]) by smtp-relay.gmail.com with ESMTPS id
 00721157ae682-68a13c87481sm15776807b3.41.2024.08.08.02.41.15
 (version=TLS1_2 cipher=ECDHE-ECDSA-AES128-GCM-SHA256 bits=128/128);
 Thu, 08 Aug 2024 02:41:15 -0700 (PDT)
X-Relaying-Domain: iol.unh.edu
Date: Thu, 08 Aug 2024 02:41:15 -0700 (PDT)
Message-ID: <66b492bb.810a0220.22633.9d14SMTPIN_ADDED_MISSING@mx.google.com>
Received: from [172.21.0.7] (unknown [172.18.0.240])
 by postal.iol.unh.edu (Postfix) with ESMTP id 522F16052500;
 Thu,  8 Aug 2024 05:41:15 -0400 (EDT)
Subject: |WARNING| pw143011-143013 [PATCH] [3/3] net/enic: allow multicast in
From: dpdklab@iol.unh.edu
To: Test Report <test-report@dpdk.org>
Cc: dpdk-test-reports@iol.unh.edu
In-Reply-To: <20240808041838.31367-4-hyonkim@cisco.com>
References: <20240808041838.31367-4-hyonkim@cisco.com>
Content-Type: text/plain
X-BeenThere: test-report@dpdk.org
X-Mailman-Version: 2.1.29
Precedence: list
List-Id: automatic DPDK test reports <test-report.dpdk.org>
List-Unsubscribe: <https://mails.dpdk.org/options/test-report>,
 <mailto:test-report-request@dpdk.org?subject=unsubscribe>
List-Archive: <http://mails.dpdk.org/archives/test-report/>
List-Post: <mailto:test-report@dpdk.org>
List-Help: <mailto:test-report-request@dpdk.org?subject=help>
List-Subscribe: <https://mails.dpdk.org/listinfo/test-report>,
 <mailto:test-report-request@dpdk.org?subject=subscribe>
Errors-To: test-report-bounces@dpdk.org

Test-Label: iol-unit-amd64-testing
Test-Status: WARNING
http://dpdk.org/patch/143013

_Testing issues_

Submitter: Hyong Youb Kim <hyonkim@cisco.com>
Date: Thursday, August 08 2024 04:18:38 
DPDK git baseline: Repo:dpdk
  Branch: master
  CommitID:2155f1f2054aa06f0b58e9ade9babf1f0a97a410

143011-143013 --> testing issues

Upstream job id: Generic-Unit-Test-DPDK#249729

Test environment and result as below:

+---------------------+----------------+
|     Environment     | dpdk_unit_test |
+=====================+================+
| Windows Server 2019 | PASS           |
+---------------------+----------------+
| Windows Server 2022 | PASS           |
+---------------------+----------------+
| CentOS Stream 9     | PASS           |
+---------------------+----------------+
| Debian Bullseye     | PASS           |
+---------------------+----------------+
| Debian 12           | PASS           |
+---------------------+----------------+
| Fedora 37           | PASS           |
+---------------------+----------------+
| Fedora 38           | PASS           |
+---------------------+----------------+
| Fedora 38 (Clang)   | WARN           |
+---------------------+----------------+
| Fedora 39           | PASS           |
+---------------------+----------------+
| Fedora 39 (Clang)   | WARN           |
+---------------------+----------------+
| Fedora 40           | PASS           |
+---------------------+----------------+
| Fedora 40 (Clang)   | WARN           |
+---------------------+----------------+
| openSUSE Leap 15    | PASS           |
+---------------------+----------------+
| RHEL8               | PASS           |
+---------------------+----------------+
| RHEL9               | PASS           |
+---------------------+----------------+
| Ubuntu 20.04        | PASS           |
+---------------------+----------------+
| Ubuntu 22.04        | PASS           |
+---------------------+----------------+
| Ubuntu 24.04        | PASS           |
+---------------------+----------------+

==== 20 line log output for Fedora 40 (Clang) (dpdk_unit_test): ====
[1426/2946] Compiling C object 'drivers/a715181@@tmp_rte_net_enic@sta/net_enic_base_vnic_rq.c.o'.
[1427/2946] Compiling C object 'drivers/a715181@@tmp_rte_net_enic@sta/net_enic_base_vnic_dev.c.o'.
[1428/2946] Compiling C object 'drivers/a715181@@tmp_rte_net_enic@sta/net_enic_base_vnic_wq.c.o'.
[1429/2946] Compiling C object 'drivers/a715181@@tmp_rte_net_enic@sta/net_enic_enic_ethdev.c.o'.
[1430/2946] Compiling C object 'drivers/a715181@@tmp_rte_net_enic@sta/net_enic_enic_flow.c.o'.
[1431/2946] Compiling C object 'drivers/a715181@@tmp_rte_net_enic@sta/net_enic_enic_fm_flow.c.o'.
[1432/2946] Compiling C object 'drivers/a715181@@tmp_rte_net_enic@sta/net_enic_enic_res.c.o'.
[1433/2946] Compiling C object 'drivers/a715181@@tmp_rte_net_enic@sta/net_enic_enic_main.c.o'.
[1434/2946] Compiling C object 'drivers/a715181@@tmp_rte_net_enic@sta/net_enic_enic_rxtx.c.o'.
[1435/2946] Compiling C object 'drivers/a715181@@tmp_rte_net_enic@sta/net_enic_enic_sriov.c.o'.
FAILED: drivers/a715181@@tmp_rte_net_enic@sta/net_enic_enic_sriov.c.o
clang -Idrivers/a715181@@tmp_rte_net_enic@sta -Idrivers -I../drivers -Idrivers/net/enic -I../drivers/net/enic -I../drivers/net/enic/base -Ilib/ethdev -I../lib/ethdev -I. -I../ -Iconfig -I../config -Ilib/eal/include -I../lib/eal/include -Ilib/eal/linux/include -I../lib/eal/linux/include -Ilib/eal/x86/include -I../lib/eal/x86/include -Ilib/eal/common -I../lib/eal/common -Ilib/eal -I../lib/eal -Ilib/kvargs -I../lib/kvargs -Ilib/log -I../lib/log -Ilib/telemetry/../metrics -I../lib/telemetry/../metrics -Ilib/telemetry -I../lib/telemetry -Ilib/net -I../lib/net -Ilib/mbuf -I../lib/mbuf -Ilib/mempool -I../lib/mempool -Ilib/ring -I../lib/ring -Ilib/meter -I../lib/meter -Idrivers/bus/pci -I../drivers/bus/pci -I../drivers/bus/pci/linux -Ilib/pci -I../lib/pci -Idrivers/bus/vdev -I../drivers/bus/vdev -Ilib/hash -I../lib/hash -Ilib/rcu -I../lib/rcu -Xclang -fcolor-diagnostics -pipe -D_FILE_OFFSET_BITS=64 -Wall -Winvalid-pch -Wextra -Werror -std=c11 -O3 -include rte_config.h -Wcast-qual -Wdeprecate
 d -Wformat -Wformat-nonliteral -Wformat-security -Wmissing-declarations -Wmissing-prototypes -Wnested-externs -Wold-style-definition -Wpointer-arith -Wsign-compare -Wstrict-prototypes -Wundef -Wwrite-strings -Wno-address-of-packed-member -Wno-missing-field-initializers -D_GNU_SOURCE -fPIC -march=native -mrtm -DALLOW_EXPERIMENTAL_API -DALLOW_INTERNAL_API -Wno-format-truncation -DRTE_LOG_DEFAULT_LOGTYPE=pmd.net.enic -MD -MQ 'drivers/a715181@@tmp_rte_net_enic@sta/net_enic_enic_sriov.c.o' -MF 'drivers/a715181@@tmp_rte_net_enic@sta/net_enic_enic_sriov.c.o.d' -o 'drivers/a715181@@tmp_rte_net_enic@sta/net_enic_enic_sriov.c.o' -c ../drivers/net/enic/enic_sriov.c
../drivers/net/enic/enic_sriov.c:65:11: error: variable 'va' set but not used [-Werror,-Wunused-but-set-variable]
65 |         uint64_t va;
|                  ^
1 error generated.
[1436/2946] Compiling C object 'drivers/a715181@@tmp_rte_net_enic@sta/net_enic_enic_vf_representor.c.o'.
[1437/2946] Compiling C object 'drivers/a715181@@tmp_rte_net_failsafe@sta/net_failsafe_failsafe.c.o'.
[1438/2946] Compiling C object 'drivers/a715181@@tmp_rte_net_failsafe@sta/net_failsafe_failsafe_args.c.o'.
ninja: build stopped: subcommand failed.
==== End log output ====

Windows Server 2019
	Kernel: 10.0.17763
	Compiler: clang 14.0 and gcc 8.1.0 (MinGW)

Windows Server 2022
	Kernel: 10.0.20348.2031
	Compiler: clang 15.0.7, gcc 8.1.0 (MinGW), and MSVC VS 17.9

CentOS Stream 9
	Kernel: 5.4.0-167-generic
	Compiler: gcc 11.4.1 20230605

Debian Bullseye
	Kernel: 5.4.0-167-generic
	Compiler: gcc 10.2.1-6

Debian 12
	Kernel: Container Host Kernel
	Compiler: gcc 12.2.0

Fedora 37
	Kernel: Depends on container host system
	Compiler: gcc 12.3.1

Fedora 38
	Kernel: Depends on container host
	Compiler: gcc 13.2.1

Fedora 38 (Clang)
	Kernel: Depends on container host
	Compiler: clang 16.0.6

Fedora 39
	Kernel: Depends on container host
	Compiler: gcc 13.2.1

Fedora 39 (Clang)
	Kernel: Depends on container host
	Compiler: clang 17.0.6

Fedora 40
	Kernel: Depends on container host
	Compiler: gcc 14.1.1

Fedora 40 (Clang)
	Kernel: Depends on container host
	Compiler: clang 18.1.6

openSUSE Leap 15
	Kernel: 5.4.0-167-generic
	Compiler: gcc 7.5.0

RHEL8
	Kernel: 5.4.0-167-generic
	Compiler: gcc 8.5.0 20210514 (Red Hat 8.5.0-20)

RHEL9
	Kernel: Depends on container host
	Compiler: gcc 11.4.1

Ubuntu 20.04
	Kernel: 5.4.0-167-generic
	Compiler: gcc 9.4.0-1ubuntu1~20.04.1

Ubuntu 22.04
	Kernel: 5.4.0-167-generic
	Compiler: gcc 11.4.0

Ubuntu 24.04
	Kernel: 5.4.0-167-generic
	Compiler: gcc 13.2.0

To view detailed results, visit:
https://lab.dpdk.org/results/dashboard/patchsets/30744/

UNH-IOL DPDK Community Lab

To manage your email subscriptions, visit: 
https://lab.dpdk.org/results/dashboard/preferences/subscriptions/