From mboxrd@z Thu Jan  1 00:00:00 1970
Return-Path: <test-report-bounces@dpdk.org>
Received: from mails.dpdk.org (mails.dpdk.org [217.70.189.124])
	by inbox.dpdk.org (Postfix) with ESMTP id 5203A4576B
	for <public@inbox.dpdk.org>; Thu,  8 Aug 2024 15:16:18 +0200 (CEST)
Received: from mails.dpdk.org (localhost [127.0.0.1])
	by mails.dpdk.org (Postfix) with ESMTP id 28DF442790;
	Thu,  8 Aug 2024 15:16:18 +0200 (CEST)
Received: from mail-il1-f227.google.com (mail-il1-f227.google.com
 [209.85.166.227])
 by mails.dpdk.org (Postfix) with ESMTP id 01C5A4066F
 for <test-report@dpdk.org>; Thu,  8 Aug 2024 15:16:16 +0200 (CEST)
Received: by mail-il1-f227.google.com with SMTP id
 e9e14a558f8ab-397ba4f7387so5091685ab.0
 for <test-report@dpdk.org>; Thu, 08 Aug 2024 06:16:16 -0700 (PDT)
DKIM-Signature: v=1; a=rsa-sha256; c=relaxed/relaxed;
 d=iol.unh.edu; s=unh-iol; t=1723122976; x=1723727776; darn=dpdk.org;
 h=references:in-reply-to:cc:to:from:subject:message-id:date:from:to
 :cc:subject:date:message-id:reply-to;
 bh=xGfL5/jsafvqlRmtiARzRZBoRprxK6Otfy1Elwpaxtc=;
 b=BrpP7+xrEUvyVo+YpP9+zlV0iy9RGNlVeHvV6M/KpLqrbp/0CGg2+GFQnk7fmo/yGg
 dAFGWDjE+AFJAHox8csu7keHsQK3jE7A73rQduI1uyzvuDASvG8V0eqZ8mSDRcoTjqfJ
 oTA82hYo++cRHPFQnJloL9b4Vsg3Bv5pO6dKA=
X-Google-DKIM-Signature: v=1; a=rsa-sha256; c=relaxed/relaxed;
 d=1e100.net; s=20230601; t=1723122976; x=1723727776;
 h=references:in-reply-to:cc:to:from:subject:message-id:date
 :x-gm-message-state:from:to:cc:subject:date:message-id:reply-to;
 bh=xGfL5/jsafvqlRmtiARzRZBoRprxK6Otfy1Elwpaxtc=;
 b=XCOiwQ/3IrvPLNQ0K9eccATBoKzixQZo9PSxeD8NfBE7YrVVJ3mHJqDe5BbFZHjj7Z
 ZTnRsSxymCvAxc8iyxl2s5Jrh7dRLsnCZ+j0l5KSQKOlBOwtj07Za52vC1eMm4p2alEi
 AeRM01xlFiLKUwAE7Wu8YT7//zMWgl3OGMIJlbHSgQ4AGmyWjfaSwPAoig2YlauIZFJq
 PGsQDouqip5Wa9sWTo0FJk//L+6O7QtUvuZ2M0fsto1jZ2yhC4OGnDeDAlYD7V/hb9mM
 hTDIO3B/09mj6aR84DHqqoYIMpQLiyWqGrVlP8ZH7CoP2flWXRGPpCgicRtQtFwSTqRL
 HKlA==
X-Gm-Message-State: AOJu0YwMjN7Ad1UDmkvB/4zgQIWSy9maad72Kjeb6bvnBvl/MinDoK0o
 0wj/DY4BL0jMG5FwuDsSsv1lIxJ9mPrC1jlW0q6/4Cv/g9T6cSe07wnQfkSobju+M+zgrXYSq1K
 huhknblyV10egZGlARRXfLVdpKBiLRqsBlrjIFMTj
X-Google-Smtp-Source: AGHT+IHAA5LIw6cMHr0Y/r1vVQglGc1EVC+iXU0huxE8nAT7Gaa0Kwx6trgGoJIzCz3T0pbtBesCa6ar8iK3
X-Received: by 2002:a05:6e02:194f:b0:374:ac3a:e32c with SMTP id
 e9e14a558f8ab-39b5eca98acmr20910105ab.16.1723122976184; 
 Thu, 08 Aug 2024 06:16:16 -0700 (PDT)
Received: from postal.iol.unh.edu (postal.iol.unh.edu. [132.177.123.84])
 by smtp-relay.gmail.com with ESMTPS id
 e9e14a558f8ab-39b20a8d9f4sm13659525ab.19.2024.08.08.06.16.16
 (version=TLS1_2 cipher=ECDHE-ECDSA-AES128-GCM-SHA256 bits=128/128);
 Thu, 08 Aug 2024 06:16:16 -0700 (PDT)
X-Relaying-Domain: iol.unh.edu
Date: Thu, 08 Aug 2024 06:16:16 -0700 (PDT)
Message-ID: <66b4c520.050a0220.ac3b5.03deSMTPIN_ADDED_MISSING@mx.google.com>
Received: from [172.21.0.6] (unknown [172.18.0.240])
 by postal.iol.unh.edu (Postfix) with ESMTP id A12BF60526E2;
 Thu,  8 Aug 2024 09:16:15 -0400 (EDT)
Subject: |WARNING| pw143017 [PATCH] version: 24.11-rc0
From: dpdklab@iol.unh.edu
To: Test Report <test-report@dpdk.org>
Cc: dpdk-test-reports@iol.unh.edu
In-Reply-To: <20240808080302.1597753-1-david.marchand@redhat.com>
References: <20240808080302.1597753-1-david.marchand@redhat.com>
Content-Type: text/plain
X-BeenThere: test-report@dpdk.org
X-Mailman-Version: 2.1.29
Precedence: list
List-Id: automatic DPDK test reports <test-report.dpdk.org>
List-Unsubscribe: <https://mails.dpdk.org/options/test-report>,
 <mailto:test-report-request@dpdk.org?subject=unsubscribe>
List-Archive: <http://mails.dpdk.org/archives/test-report/>
List-Post: <mailto:test-report@dpdk.org>
List-Help: <mailto:test-report-request@dpdk.org?subject=help>
List-Subscribe: <https://mails.dpdk.org/listinfo/test-report>,
 <mailto:test-report-request@dpdk.org?subject=subscribe>
Errors-To: test-report-bounces@dpdk.org

Test-Label: iol-abi-testing
Test-Status: WARNING
http://dpdk.org/patch/143017

_Testing issues_

Submitter: David Marchand <david.marchand@redhat.com>
Date: Thursday, August 08 2024 08:03:02 
DPDK git baseline: Repo:dpdk
  Branch: master
  CommitID:b3485f4293997d35b6daecc3437bb0c183a51fb3

143017 --> testing issues

Upstream job id: Generic-DPDK-Compile-ABI#102094

Test environment and result as below:

+-------------------+----------+
|    Environment    | abi_test |
+===================+==========+
| Debian Bullseye   | FAIL     |
+-------------------+----------+
| Fedora 38 (Clang) | FAIL     |
+-------------------+----------+
| CentOS Stream 9   | FAIL     |
+-------------------+----------+
| Debian 12         | FAIL     |
+-------------------+----------+
| Fedora 37         | FAIL     |
+-------------------+----------+
| Fedora 38         | FAIL     |
+-------------------+----------+
| RHEL9             | FAIL     |
+-------------------+----------+
| Ubuntu 24.04      | FAIL     |
+-------------------+----------+
| Fedora 39         | FAIL     |
+-------------------+----------+
| Fedora 39 (Clang) | FAIL     |
+-------------------+----------+
| RHEL8             | FAIL     |
+-------------------+----------+
| openSUSE Leap 15  | FAIL     |
+-------------------+----------+
| Fedora 40 (Clang) | FAIL     |
+-------------------+----------+
| Ubuntu 22.04      | PEND     |
+-------------------+----------+
| Fedora 40         | PEND     |
+-------------------+----------+

==== 20 line log output for Fedora 40 (Clang) (abi_test): ====
Error: cannot find librte_security.so.24.0 in build_install
Error: cannot find librte_eal.so.24.0 in build_install
Error: cannot find librte_gro.so.24.0 in build_install
Error: cannot find librte_efd.so.24.0 in build_install
Error: cannot find librte_pipeline.so.24.0 in build_install
Error: cannot find librte_bitratestats.so.24.0 in build_install
Error: cannot find librte_compressdev.so.24.0 in build_install
Error: cannot find librte_mempool.so.24.0 in build_install
Error: cannot find librte_net.so.24.0 in build_install
Error: cannot find librte_rawdev.so.24.0 in build_install
Error: cannot find librte_power.so.24.0 in build_install
Error: cannot find librte_pdcp.so.24.0 in build_install
Error: cannot find librte_port.so.24.0 in build_install
Error: cannot find librte_bpf.so.24.0 in build_install
Error: cannot find librte_vhost.so.24.0 in build_install
Error: cannot find librte_mbuf.so.24.0 in build_install
Error: cannot find librte_pcapng.so.24.0 in build_install
Error: cannot find librte_sched.so.24.0 in build_install
Error: cannot find librte_latencystats.so.24.0 in build_install
Error: cannot find librte_acl.so.24.0 in build_install
==== End log output ====

Debian Bullseye
	Kernel: 5.4.0-167-generic
	Compiler: gcc 10.2.1-6

Fedora 38 (Clang)
	Kernel: Depends on container host
	Compiler: clang 16.0.6

CentOS Stream 9
	Kernel: 5.4.0-167-generic
	Compiler: gcc 11.4.1 20230605

Debian 12
	Kernel: Container Host Kernel
	Compiler: gcc 12.2.0

Fedora 37
	Kernel: Depends on container host system
	Compiler: gcc 12.3.1

Fedora 38
	Kernel: Depends on container host
	Compiler: gcc 13.2.1

RHEL9
	Kernel: Depends on container host
	Compiler: gcc 11.4.1

Ubuntu 24.04
	Kernel: 5.4.0-167-generic
	Compiler: gcc 13.2.0

Fedora 39
	Kernel: Depends on container host
	Compiler: gcc 13.2.1

Fedora 39 (Clang)
	Kernel: Depends on container host
	Compiler: clang 17.0.6

RHEL8
	Kernel: 5.4.0-167-generic
	Compiler: gcc 8.5.0 20210514 (Red Hat 8.5.0-20)

openSUSE Leap 15
	Kernel: 5.4.0-167-generic
	Compiler: gcc 7.5.0

Fedora 40 (Clang)
	Kernel: Depends on container host
	Compiler: clang 18.1.6

Ubuntu 22.04
	Kernel: 5.4.0-167-generic
	Compiler: gcc 11.4.0

Fedora 40
	Kernel: Depends on container host
	Compiler: gcc 14.1.1

To view detailed results, visit:
https://lab.dpdk.org/results/dashboard/patchsets/30746/

UNH-IOL DPDK Community Lab

To manage your email subscriptions, visit: 
https://lab.dpdk.org/results/dashboard/preferences/subscriptions/