From mboxrd@z Thu Jan  1 00:00:00 1970
Return-Path: <test-report-bounces@dpdk.org>
Received: from mails.dpdk.org (mails.dpdk.org [217.70.189.124])
	by inbox.dpdk.org (Postfix) with ESMTP id EE5064576F
	for <public@inbox.dpdk.org>; Fri,  9 Aug 2024 00:53:29 +0200 (CEST)
Received: from mails.dpdk.org (localhost [127.0.0.1])
	by mails.dpdk.org (Postfix) with ESMTP id EA558402A5;
	Fri,  9 Aug 2024 00:53:29 +0200 (CEST)
Received: from mail-pf1-f225.google.com (mail-pf1-f225.google.com
 [209.85.210.225])
 by mails.dpdk.org (Postfix) with ESMTP id E4CEA40279
 for <test-report@dpdk.org>; Fri,  9 Aug 2024 00:53:28 +0200 (CEST)
Received: by mail-pf1-f225.google.com with SMTP id
 d2e1a72fcca58-710d1de6e79so605805b3a.0
 for <test-report@dpdk.org>; Thu, 08 Aug 2024 15:53:28 -0700 (PDT)
DKIM-Signature: v=1; a=rsa-sha256; c=relaxed/relaxed;
 d=iol.unh.edu; s=unh-iol; t=1723157608; x=1723762408; darn=dpdk.org;
 h=references:in-reply-to:cc:to:from:subject:message-id:date:from:to
 :cc:subject:date:message-id:reply-to;
 bh=Hz4f8mCYSdycyxRGtCr98Eip4I6/xqFM6fVnx7r9ydU=;
 b=UV4LCCVS/5Ap2TSSseQxyIAkcnAAV1kmgD1xVmHLNvu7te2Kx3CtN7vRHst06zabo5
 GvTVNk+ut28aPcMNVry624BSMkvK2GheLqJiHqHsT7ncxgeW+nj8QJAHiJbGFTwA28rc
 fplggEMkHtTE2YFI5jQNypHrDYAhQNOTj0RPU=
X-Google-DKIM-Signature: v=1; a=rsa-sha256; c=relaxed/relaxed;
 d=1e100.net; s=20230601; t=1723157608; x=1723762408;
 h=references:in-reply-to:cc:to:from:subject:message-id:date
 :x-gm-message-state:from:to:cc:subject:date:message-id:reply-to;
 bh=Hz4f8mCYSdycyxRGtCr98Eip4I6/xqFM6fVnx7r9ydU=;
 b=MRguKgGg3eZpFaA9HyB8VY6HNLvPFePkEeo2OnK9WjkrB1Jf/sSZYTgCzaJlui1aEI
 t+HQARTv5U2tKcMWHMj224wtODPpb9qU9oNmCdbpxZn2qZBMHlTgdXxpPadVrnqr0EJ3
 tBTVM6PUtdtg+7b6x1RtwWM/HrIhhXGTDjEldXRSLriyhGVNwYc8IWTyQvDbp0uEqejf
 f1mSiprpBwOx+81nJcl3U2yFIe10x1TM6oyCUzBv8lBQ5O1ucCqGFyArQuBWsV2nENmO
 Iz9KVTfB8pdQosGXZpTnTUd0cg/TY1U7KAoje176RtQor8PhOKNTYTUuCRvcfkygzB1r
 d8hQ==
X-Gm-Message-State: AOJu0YxUfOqpN6nrdQmbg5HdN8FtvYjrbc9AUwoEu4+wDWxSa4HaBFD8
 d5G511cdskyxxXTb4G0xEz2nD85Wc+qnzUt2saN2PO/KuxGNSRDvxEfmZ8F0gtCiCwO3A8vuOi5
 iWh/wcnm8P+vwtGSOT5NCBT02sMybnAKRzDgrrzk5
X-Google-Smtp-Source: AGHT+IEie0AwFrZOOpyaCcG43jARxG1RRIxOcLscV+Z9TdcO4dI27/b6yTue754ODxgmzsLsc6d1/Zhg4CPk
X-Received: by 2002:a05:6a00:1996:b0:70b:5394:8cae with SMTP id
 d2e1a72fcca58-710cae73628mr4566148b3a.28.1723157607818; 
 Thu, 08 Aug 2024 15:53:27 -0700 (PDT)
Received: from postal.iol.unh.edu (postal.iol.unh.edu. [132.177.123.84])
 by smtp-relay.gmail.com with ESMTPS id
 d2e1a72fcca58-710cb2f1784sm113034b3a.28.2024.08.08.15.53.27
 (version=TLS1_2 cipher=ECDHE-ECDSA-AES128-GCM-SHA256 bits=128/128);
 Thu, 08 Aug 2024 15:53:27 -0700 (PDT)
X-Relaying-Domain: iol.unh.edu
Date: Thu, 08 Aug 2024 15:53:27 -0700 (PDT)
Message-ID: <66b54c67.050a0220.397391.80b5SMTPIN_ADDED_MISSING@mx.google.com>
Received: from [172.21.0.6] (unknown [172.18.0.240])
 by postal.iol.unh.edu (Postfix) with ESMTP id F3F9B605C351;
 Thu,  8 Aug 2024 18:53:26 -0400 (EDT)
Subject: |WARNING| pw143018-143022 [PATCH] [v16,5/5] dts: add API doc generat
From: dpdklab@iol.unh.edu
To: Test Report <test-report@dpdk.org>
Cc: dpdk-test-reports@iol.unh.edu
In-Reply-To: <20240808085452.426702-6-juraj.linkes@pantheon.tech>
References: <20240808085452.426702-6-juraj.linkes@pantheon.tech>
Content-Type: text/plain
X-BeenThere: test-report@dpdk.org
X-Mailman-Version: 2.1.29
Precedence: list
List-Id: automatic DPDK test reports <test-report.dpdk.org>
List-Unsubscribe: <https://mails.dpdk.org/options/test-report>,
 <mailto:test-report-request@dpdk.org?subject=unsubscribe>
List-Archive: <http://mails.dpdk.org/archives/test-report/>
List-Post: <mailto:test-report@dpdk.org>
List-Help: <mailto:test-report-request@dpdk.org?subject=help>
List-Subscribe: <https://mails.dpdk.org/listinfo/test-report>,
 <mailto:test-report-request@dpdk.org?subject=subscribe>
Errors-To: test-report-bounces@dpdk.org

Test-Label: iol-abi-testing
Test-Status: WARNING
http://dpdk.org/patch/143022

_Testing issues_

Submitter: Juraj Linkes <juraj.linkes@pantheon.tech>
Date: Thursday, August 08 2024 08:54:52 
DPDK git baseline: Repo:dpdk
  Branch: master
  CommitID:cb9187bc5c2b4bab0ad80194ac3b60491de14e8c

143018-143022 --> testing issues

Upstream job id: Generic-DPDK-Compile-ABI#102141

Test environment and result as below:

+-------------------+----------+
|    Environment    | abi_test |
+===================+==========+
| CentOS Stream 9   | FAIL     |
+-------------------+----------+
| Debian 12         | FAIL     |
+-------------------+----------+
| Debian Bullseye   | FAIL     |
+-------------------+----------+
| Fedora 39 (Clang) | FAIL     |
+-------------------+----------+
| Fedora 38         | PEND     |
+-------------------+----------+
| Fedora 37         | PEND     |
+-------------------+----------+
| Fedora 38 (Clang) | PEND     |
+-------------------+----------+
| Fedora 39         | FAIL     |
+-------------------+----------+
| Ubuntu 22.04      | PEND     |
+-------------------+----------+
| Fedora 40 (Clang) | FAIL     |
+-------------------+----------+
| Fedora 40         | PEND     |
+-------------------+----------+
| RHEL8             | FAIL     |
+-------------------+----------+
| openSUSE Leap 15  | FAIL     |
+-------------------+----------+
| RHEL9             | PEND     |
+-------------------+----------+
| Ubuntu 24.04      | PEND     |
+-------------------+----------+

==== 20 line log output for openSUSE Leap 15 (abi_test): ====
Error: cannot find librte_net_memif.so.24.0 in build_install
Error: cannot find librte_crypto_caam_jr.so.24.0 in build_install
Error: cannot find librte_vdpa_mlx5.so.24.0 in build_install
Error: cannot find librte_baseband_turbo_sw.so.24.0 in build_install
Error: cannot find librte_net_cpfl.so.24.0 in build_install
Error: cannot find librte_net_vdev_netvsc.so.24.0 in build_install
Error: cannot find librte_common_cpt.so.24.0 in build_install
Error: cannot find librte_common_mlx5.so.24.0 in build_install
Error: cannot find librte_regex_cn9k.so.24.0 in build_install
Error: cannot find librte_crypto_dpaa_sec.so.24.0 in build_install
Error: cannot find librte_event_dpaa2.so.24.0 in build_install
Error: cannot find librte_net_pfe.so.24.0 in build_install
Error: cannot find librte_compress_zlib.so.24.0 in build_install
Error: cannot find librte_net_iavf.so.24.0 in build_install
Error: cannot find librte_net_tap.so.24.0 in build_install
Error: cannot find librte_baseband_la12xx.so.24.0 in build_install
Error: cannot find librte_gro.so.24.0 in build_install
Error: cannot find librte_member.so.24.0 in build_install
Error: cannot find librte_bitratestats.so.24.0 in build_install
Error: cannot find librte_cryptodev.so.24.0 in build_install
==== End log output ====

CentOS Stream 9
	Kernel: 5.4.0-167-generic
	Compiler: gcc 11.4.1 20230605

Debian 12
	Kernel: Container Host Kernel
	Compiler: gcc 12.2.0

Debian Bullseye
	Kernel: 5.4.0-167-generic
	Compiler: gcc 10.2.1-6

Fedora 39 (Clang)
	Kernel: Depends on container host
	Compiler: clang 17.0.6

Fedora 38
	Kernel: Depends on container host
	Compiler: gcc 13.2.1

Fedora 37
	Kernel: Depends on container host system
	Compiler: gcc 12.3.1

Fedora 38 (Clang)
	Kernel: Depends on container host
	Compiler: clang 16.0.6

Fedora 39
	Kernel: Depends on container host
	Compiler: gcc 13.2.1

Ubuntu 22.04
	Kernel: 5.4.0-167-generic
	Compiler: gcc 11.4.0

Fedora 40 (Clang)
	Kernel: Depends on container host
	Compiler: clang 18.1.6

Fedora 40
	Kernel: Depends on container host
	Compiler: gcc 14.1.1

RHEL8
	Kernel: 5.4.0-167-generic
	Compiler: gcc 8.5.0 20210514 (Red Hat 8.5.0-20)

openSUSE Leap 15
	Kernel: 5.4.0-167-generic
	Compiler: gcc 7.5.0

RHEL9
	Kernel: Depends on container host
	Compiler: gcc 11.4.1

Ubuntu 24.04
	Kernel: 5.4.0-167-generic
	Compiler: gcc 13.2.0

To view detailed results, visit:
https://lab.dpdk.org/results/dashboard/patchsets/30747/

UNH-IOL DPDK Community Lab

To manage your email subscriptions, visit: 
https://lab.dpdk.org/results/dashboard/preferences/subscriptions/