From mboxrd@z Thu Jan  1 00:00:00 1970
Return-Path: <test-report-bounces@dpdk.org>
Received: from mails.dpdk.org (mails.dpdk.org [217.70.189.124])
	by inbox.dpdk.org (Postfix) with ESMTP id E581845770
	for <public@inbox.dpdk.org>; Fri,  9 Aug 2024 03:44:33 +0200 (CEST)
Received: from mails.dpdk.org (localhost [127.0.0.1])
	by mails.dpdk.org (Postfix) with ESMTP id E2115402A5;
	Fri,  9 Aug 2024 03:44:33 +0200 (CEST)
Received: from mail-ua1-f100.google.com (mail-ua1-f100.google.com
 [209.85.222.100])
 by mails.dpdk.org (Postfix) with ESMTP id E939B40279
 for <test-report@dpdk.org>; Fri,  9 Aug 2024 03:44:31 +0200 (CEST)
Received: by mail-ua1-f100.google.com with SMTP id
 a1e0cc1a2514c-8231d67a168so506729241.0
 for <test-report@dpdk.org>; Thu, 08 Aug 2024 18:44:31 -0700 (PDT)
DKIM-Signature: v=1; a=rsa-sha256; c=relaxed/relaxed;
 d=iol.unh.edu; s=unh-iol; t=1723167871; x=1723772671; darn=dpdk.org;
 h=references:in-reply-to:cc:to:from:subject:message-id:date:from:to
 :cc:subject:date:message-id:reply-to;
 bh=xTkoOk72c9lIMrUOVDzFV3KHBzdT+CJzziZzSMrYI/U=;
 b=i9irvPLfaBg6+8obexDUeyKd1/k6n6z7sQvMS6r3t8+f6SNWxIarWExWNomCaEpCbv
 vSOetkHvoFLVNd6JuSPcZN8H2PEVndlZgVHIFz2RB+ePZDlzRjyrVaOuNCGc4mtWw2Wp
 9Cd5BtBTuG8Vl1DFTbFdAqQtEDo8YSyWaJo3Y=
X-Google-DKIM-Signature: v=1; a=rsa-sha256; c=relaxed/relaxed;
 d=1e100.net; s=20230601; t=1723167871; x=1723772671;
 h=references:in-reply-to:cc:to:from:subject:message-id:date
 :x-gm-message-state:from:to:cc:subject:date:message-id:reply-to;
 bh=xTkoOk72c9lIMrUOVDzFV3KHBzdT+CJzziZzSMrYI/U=;
 b=c/Lt0mzMPWekoW8gee43+XdJ36NuWn7uBqB8Nok7VwtKBpnH0jCdT5FU7SfUT3Y9Xn
 hvQKRYDu8FuLK3OxolBC5JNwKstW4AJzF3tS25jiY4oRvtF5vnBEWYeFD30Dz0Iv3wM/
 PivJBgha7thyiycWFnS7/GcXHJ5oCuGvRTrRNPKycevX9unfZIz1NLZ9ECAjpzE5rzKG
 wO42xLlgzaHj6/Q3O71uYsaycKV2wvce9n4yYMsmZppeEl8gWpYyzKMwNzMy2czTWclm
 kqOf1qtHJks2iT7Ss+I/lm5WliLqXnmyqXT0025Blzi0NGPs8avZnqv3bxQKT/KKGb8Y
 fS1g==
X-Gm-Message-State: AOJu0YzLWGCHGbvp+gHF+72mTSwxYKHnwBznlTR8jeEvmWog7/Gxp0CY
 hZG6FNd3ej0Zx23ihzA8J2K+vEdQjKgjCeigo/miuQAKuPkv6W5HVplMslUKPxsxWJRxu4LuwfP
 1C8qjJqd5XIpIQeeS/OLObgGBeD75FmXkiKwmncp/zq/2K5NdUvwuyS55
X-Google-Smtp-Source: AGHT+IHi/4Ql35mdWjeBzubeDJfxCot7PrzFLbG70g5owBGcPmQbHR6j/F1DQk5Qb4f+o4fo4+bKcXXzDhXi
X-Received: by 2002:a05:6102:dc8:b0:493:e585:6ce3 with SMTP id
 ada2fe7eead31-495d861f04dmr12308137.31.1723167871260; 
 Thu, 08 Aug 2024 18:44:31 -0700 (PDT)
Received: from postal.iol.unh.edu (postal.iol.unh.edu.
 [2606:4100:3880:1234::84]) by smtp-relay.gmail.com with ESMTPS id
 6a1803df08f44-6bbad78600esm7165276d6.59.2024.08.08.18.44.31
 (version=TLS1_2 cipher=ECDHE-ECDSA-AES128-GCM-SHA256 bits=128/128);
 Thu, 08 Aug 2024 18:44:31 -0700 (PDT)
X-Relaying-Domain: iol.unh.edu
Date: Thu, 08 Aug 2024 18:44:31 -0700 (PDT)
Message-ID: <66b5747f.050a0220.35615b.704dSMTPIN_ADDED_MISSING@mx.google.com>
Received: from [172.21.0.8] (unknown [172.18.0.240])
 by postal.iol.unh.edu (Postfix) with ESMTP id C3643605C351;
 Thu,  8 Aug 2024 21:44:30 -0400 (EDT)
Subject: |WARNING| pw143028-143032 [PATCH] [5/5] eal: simplify eal alarm canc
From: dpdklab@iol.unh.edu
To: Test Report <test-report@dpdk.org>
Cc: dpdk-test-reports@iol.unh.edu
In-Reply-To: <20240808194756.167664-6-stephen@networkplumber.org>
References: <20240808194756.167664-6-stephen@networkplumber.org>
Content-Type: text/plain
X-BeenThere: test-report@dpdk.org
X-Mailman-Version: 2.1.29
Precedence: list
List-Id: automatic DPDK test reports <test-report.dpdk.org>
List-Unsubscribe: <https://mails.dpdk.org/options/test-report>,
 <mailto:test-report-request@dpdk.org?subject=unsubscribe>
List-Archive: <http://mails.dpdk.org/archives/test-report/>
List-Post: <mailto:test-report@dpdk.org>
List-Help: <mailto:test-report-request@dpdk.org?subject=help>
List-Subscribe: <https://mails.dpdk.org/listinfo/test-report>,
 <mailto:test-report-request@dpdk.org?subject=subscribe>
Errors-To: test-report-bounces@dpdk.org

Test-Label: iol-abi-testing
Test-Status: WARNING
http://dpdk.org/patch/143032

_Testing issues_

Submitter: Stephen Hemminger <stephen@networkplumber.org>
Date: Thursday, August 08 2024 19:47:01 
DPDK git baseline: Repo:dpdk
  Branch: master
  CommitID:cb9187bc5c2b4bab0ad80194ac3b60491de14e8c

143028-143032 --> testing issues

Upstream job id: Generic-DPDK-Compile-ABI#102210

Test environment and result as below:

+-------------------+----------+
|    Environment    | abi_test |
+===================+==========+
| Debian 12         | FAIL     |
+-------------------+----------+
| Debian Bullseye   | FAIL     |
+-------------------+----------+
| CentOS Stream 9   | PEND     |
+-------------------+----------+
| Fedora 37         | FAIL     |
+-------------------+----------+
| Fedora 39 (Clang) | PEND     |
+-------------------+----------+
| Fedora 38 (Clang) | PEND     |
+-------------------+----------+
| Fedora 39         | PEND     |
+-------------------+----------+
| Fedora 40 (Clang) | PEND     |
+-------------------+----------+
| Fedora 38         | PEND     |
+-------------------+----------+
| Fedora 40         | PEND     |
+-------------------+----------+
| openSUSE Leap 15  | PEND     |
+-------------------+----------+
| RHEL9             | PEND     |
+-------------------+----------+
| RHEL8             | PEND     |
+-------------------+----------+
| Ubuntu 22.04      | PEND     |
+-------------------+----------+
| Ubuntu 24.04      | PEND     |
+-------------------+----------+

==== 20 line log output for Fedora 37 (abi_test): ====
Error: cannot find librte_net_atlantic.so.24.0 in build_install
Error: cannot find librte_bus_dpaa.so.24.0 in build_install
Error: cannot find librte_common_mlx5.so.24.0 in build_install
Error: cannot find librte_baseband_turbo_sw.so.24.0 in build_install
Error: cannot find librte_crypto_caam_jr.so.24.0 in build_install
Error: cannot find librte_net_cpfl.so.24.0 in build_install
Error: cannot find librte_crypto_dpaa_sec.so.24.0 in build_install
Error: cannot find librte_net_vdev_netvsc.so.24.0 in build_install
Error: cannot find librte_regex_cn9k.so.24.0 in build_install
Error: cannot find librte_compress_zlib.so.24.0 in build_install
Error: cannot find librte_net_pfe.so.24.0 in build_install
Error: cannot find librte_event_dpaa2.so.24.0 in build_install
Error: cannot find librte_common_cpt.so.24.0 in build_install
Error: cannot find librte_baseband_la12xx.so.24.0 in build_install
Error: cannot find librte_net_iavf.so.24.0 in build_install
Error: cannot find librte_member.so.24.0 in build_install
Error: cannot find librte_bitratestats.so.24.0 in build_install
Error: cannot find librte_net_tap.so.24.0 in build_install
Error: cannot find librte_gro.so.24.0 in build_install
Error: cannot find librte_cryptodev.so.24.0 in build_install
==== End log output ====

Debian 12
	Kernel: Container Host Kernel
	Compiler: gcc 12.2.0

Debian Bullseye
	Kernel: 5.4.0-167-generic
	Compiler: gcc 10.2.1-6

CentOS Stream 9
	Kernel: 5.4.0-167-generic
	Compiler: gcc 11.4.1 20230605

Fedora 37
	Kernel: Depends on container host system
	Compiler: gcc 12.3.1

Fedora 39 (Clang)
	Kernel: Depends on container host
	Compiler: clang 17.0.6

Fedora 38 (Clang)
	Kernel: Depends on container host
	Compiler: clang 16.0.6

Fedora 39
	Kernel: Depends on container host
	Compiler: gcc 13.2.1

Fedora 40 (Clang)
	Kernel: Depends on container host
	Compiler: clang 18.1.6

Fedora 38
	Kernel: Depends on container host
	Compiler: gcc 13.2.1

Fedora 40
	Kernel: Depends on container host
	Compiler: gcc 14.1.1

openSUSE Leap 15
	Kernel: 5.4.0-167-generic
	Compiler: gcc 7.5.0

RHEL9
	Kernel: Depends on container host
	Compiler: gcc 11.4.1

RHEL8
	Kernel: 5.4.0-167-generic
	Compiler: gcc 8.5.0 20210514 (Red Hat 8.5.0-20)

Ubuntu 22.04
	Kernel: 5.4.0-167-generic
	Compiler: gcc 11.4.0

Ubuntu 24.04
	Kernel: 5.4.0-167-generic
	Compiler: gcc 13.2.0

To view detailed results, visit:
https://lab.dpdk.org/results/dashboard/patchsets/30750/

UNH-IOL DPDK Community Lab

To manage your email subscriptions, visit: 
https://lab.dpdk.org/results/dashboard/preferences/subscriptions/