From mboxrd@z Thu Jan  1 00:00:00 1970
Return-Path: <test-report-bounces@dpdk.org>
Received: from mails.dpdk.org (mails.dpdk.org [217.70.189.124])
	by inbox.dpdk.org (Postfix) with ESMTP id 6462D45778
	for <public@inbox.dpdk.org>; Fri,  9 Aug 2024 13:05:48 +0200 (CEST)
Received: from mails.dpdk.org (localhost [127.0.0.1])
	by mails.dpdk.org (Postfix) with ESMTP id 5E11242F63;
	Fri,  9 Aug 2024 13:05:48 +0200 (CEST)
Received: from mail-oi1-f226.google.com (mail-oi1-f226.google.com
 [209.85.167.226])
 by mails.dpdk.org (Postfix) with ESMTP id D330B42F63
 for <test-report@dpdk.org>; Fri,  9 Aug 2024 13:05:42 +0200 (CEST)
Received: by mail-oi1-f226.google.com with SMTP id
 5614622812f47-3db1d0fca58so1282127b6e.3
 for <test-report@dpdk.org>; Fri, 09 Aug 2024 04:05:42 -0700 (PDT)
DKIM-Signature: v=1; a=rsa-sha256; c=relaxed/relaxed;
 d=iol.unh.edu; s=unh-iol; t=1723201542; x=1723806342; darn=dpdk.org;
 h=references:in-reply-to:cc:to:from:subject:message-id:date:from:to
 :cc:subject:date:message-id:reply-to;
 bh=QtRVHzgiIP6yVqIzs7rSz/jf//dalk4l8BzWp7EbQu8=;
 b=M9WF4PtDAkBFkazlxFns7bdV/Rg2wzA7QiRbacYzofzseO8oMnH7LJ35Bu8T7IxyOc
 zIKDJ8OAzPhA2YrNwYnoxF8KzqhZAkDI4nkJ8tT/unR8joR5p34Fq8FBhCFaRk93o5ig
 wTFVVKZ7JV425zkSLLXhIyS2X5sjiNqFy5ORk=
X-Google-DKIM-Signature: v=1; a=rsa-sha256; c=relaxed/relaxed;
 d=1e100.net; s=20230601; t=1723201542; x=1723806342;
 h=references:in-reply-to:cc:to:from:subject:message-id:date
 :x-gm-message-state:from:to:cc:subject:date:message-id:reply-to;
 bh=QtRVHzgiIP6yVqIzs7rSz/jf//dalk4l8BzWp7EbQu8=;
 b=J5rYzy8XsWUPcOelPaW9tWS70pXeoGT5MH4cj2vPW6/IzysBE8IrhmnzcgW1X89EtO
 ENZXpil3MsMg46qzhTr01S+7bk33yk10V/YuoPSPWdWGv6WjZ7P5MJRdqCGdVKIwRdcJ
 jMWchz6PRJM795ZIdO+iN2BeuJgnuSB5LN9vTcTg3L7RoErkHYwPcAbtGevXNjugd+a3
 2oZQ04sHoGgqNSb/u/kpjDNvceF06p2F4G/DR2iVXoI6pvQ4D3TBQfHH3sxNF/Pko80H
 5JBcqOXQSOxq1JvY5D3DF6ZPEDHYfbPRutdmCccRiyP1pep6Di6jRZwIaojH/Xs88ZEU
 35bg==
X-Gm-Message-State: AOJu0YxHbBa1iqTYnjuBjCBTWguNBtQ7utCH3vyTwjhoBq2CUptNxf3r
 Bv+9ElSeAo86wwqLhVwY+fuDDjzNAvzdMO2Ei/Iz2htBO5QJv1yIliuxY4rMBBtWpNekl+XQBG/
 zm3sSiVD6oF70kW28LxtQeGXkK0KKbWYsJMtFIsvQ
X-Google-Smtp-Source: AGHT+IHG5Z7pJ3swqDTlPwDGxf1IjTIwzXl/CNMilcSI7x4CzNOWWluoJ3khRqq0CWS+BRM22+GaVMySC2TW
X-Received: by 2002:a05:6358:60cb:b0:1ac:1492:8d5a with SMTP id
 e5c5f4694b2df-1b176f7e30amr130186255d.14.1723201541805; 
 Fri, 09 Aug 2024 04:05:41 -0700 (PDT)
Received: from postal.iol.unh.edu (postal.iol.unh.edu. [132.177.123.84])
 by smtp-relay.gmail.com with ESMTPS id
 a1e0cc1a2514c-8411b3243c6sm139159241.10.2024.08.09.04.05.41
 (version=TLS1_2 cipher=ECDHE-ECDSA-AES128-GCM-SHA256 bits=128/128);
 Fri, 09 Aug 2024 04:05:41 -0700 (PDT)
X-Relaying-Domain: iol.unh.edu
Date: Fri, 09 Aug 2024 04:05:41 -0700 (PDT)
Message-ID: <66b5f805.050a0220.52d1c.9b3bSMTPIN_ADDED_MISSING@mx.google.com>
Received: from [172.21.0.6] (unknown [172.18.0.240])
 by postal.iol.unh.edu (Postfix) with ESMTP id 7166760526E2;
 Fri,  9 Aug 2024 07:05:41 -0400 (EDT)
Subject: |WARNING| pw143034-143036 [PATCH] [v3,3/3] net/enic: allow multicast
From: dpdklab@iol.unh.edu
To: Test Report <test-report@dpdk.org>
Cc: dpdk-test-reports@iol.unh.edu
In-Reply-To: <20240809070754.26128-4-hyonkim@cisco.com>
References: <20240809070754.26128-4-hyonkim@cisco.com>
Content-Type: text/plain
X-BeenThere: test-report@dpdk.org
X-Mailman-Version: 2.1.29
Precedence: list
List-Id: automatic DPDK test reports <test-report.dpdk.org>
List-Unsubscribe: <https://mails.dpdk.org/options/test-report>,
 <mailto:test-report-request@dpdk.org?subject=unsubscribe>
List-Archive: <http://mails.dpdk.org/archives/test-report/>
List-Post: <mailto:test-report@dpdk.org>
List-Help: <mailto:test-report-request@dpdk.org?subject=help>
List-Subscribe: <https://mails.dpdk.org/listinfo/test-report>,
 <mailto:test-report-request@dpdk.org?subject=subscribe>
Errors-To: test-report-bounces@dpdk.org

Test-Label: iol-abi-testing
Test-Status: WARNING
http://dpdk.org/patch/143036

_Testing issues_

Submitter: Hyong Youb Kim <hyonkim@cisco.com>
Date: Friday, August 09 2024 07:07:54 
DPDK git baseline: Repo:dpdk
  Branch: master
  CommitID:e0f7ebe88ab4588dd352e9ec14270ce4e3b1470b

143034-143036 --> testing issues

Upstream job id: Generic-DPDK-Compile-ABI#102246

Test environment and result as below:

+-------------------+----------+
|    Environment    | abi_test |
+===================+==========+
| CentOS Stream 9   | PEND     |
+-------------------+----------+
| Debian Bullseye   | PEND     |
+-------------------+----------+
| Debian 12         | PEND     |
+-------------------+----------+
| Fedora 38 (Clang) | FAIL     |
+-------------------+----------+
| Fedora 37         | PEND     |
+-------------------+----------+
| Fedora 40         | FAIL     |
+-------------------+----------+
| Fedora 38         | PEND     |
+-------------------+----------+
| Fedora 39         | PEND     |
+-------------------+----------+
| Fedora 40 (Clang) | PEND     |
+-------------------+----------+
| Fedora 39 (Clang) | FAIL     |
+-------------------+----------+
| openSUSE Leap 15  | FAIL     |
+-------------------+----------+
| RHEL9             | PEND     |
+-------------------+----------+
| Ubuntu 22.04      | PEND     |
+-------------------+----------+
| Ubuntu 24.04      | PEND     |
+-------------------+----------+

==== 20 line log output for openSUSE Leap 15 (abi_test): ====
Error: cannot find librte_crypto_dpaa_sec.so.24.0 in build_install
Error: cannot find librte_net_af_packet.so.24.0 in build_install
Error: cannot find librte_net_atlantic.so.24.0 in build_install
Error: cannot find librte_crypto_caam_jr.so.24.0 in build_install
Error: cannot find librte_net_cpfl.so.24.0 in build_install
Error: cannot find librte_net_memif.so.24.0 in build_install
Error: cannot find librte_baseband_turbo_sw.so.24.0 in build_install
Error: cannot find librte_net_vdev_netvsc.so.24.0 in build_install
Error: cannot find librte_common_cpt.so.24.0 in build_install
Error: cannot find librte_event_dpaa2.so.24.0 in build_install
Error: cannot find librte_regex_cn9k.so.24.0 in build_install
Error: cannot find librte_compress_zlib.so.24.0 in build_install
Error: cannot find librte_net_pfe.so.24.0 in build_install
Error: cannot find librte_net_iavf.so.24.0 in build_install
Error: cannot find librte_net_tap.so.24.0 in build_install
Error: cannot find librte_baseband_la12xx.so.24.0 in build_install
Error: cannot find librte_bitratestats.so.24.0 in build_install
Error: cannot find librte_gro.so.24.0 in build_install
Error: cannot find librte_cryptodev.so.24.0 in build_install
Error: cannot find librte_member.so.24.0 in build_install
==== End log output ====

CentOS Stream 9
	Kernel: 5.4.0-167-generic
	Compiler: gcc 11.4.1 20230605

Debian Bullseye
	Kernel: 5.4.0-167-generic
	Compiler: gcc 10.2.1-6

Debian 12
	Kernel: Container Host Kernel
	Compiler: gcc 12.2.0

Fedora 38 (Clang)
	Kernel: Depends on container host
	Compiler: clang 16.0.6

Fedora 37
	Kernel: Depends on container host system
	Compiler: gcc 12.3.1

Fedora 40
	Kernel: Depends on container host
	Compiler: gcc 14.1.1

Fedora 38
	Kernel: Depends on container host
	Compiler: gcc 13.2.1

Fedora 39
	Kernel: Depends on container host
	Compiler: gcc 13.2.1

Fedora 40 (Clang)
	Kernel: Depends on container host
	Compiler: clang 18.1.6

Fedora 39 (Clang)
	Kernel: Depends on container host
	Compiler: clang 17.0.6

openSUSE Leap 15
	Kernel: 5.4.0-167-generic
	Compiler: gcc 7.5.0

RHEL9
	Kernel: Depends on container host
	Compiler: gcc 11.4.1

Ubuntu 22.04
	Kernel: 5.4.0-167-generic
	Compiler: gcc 11.4.0

Ubuntu 24.04
	Kernel: 5.4.0-167-generic
	Compiler: gcc 13.2.0

To view detailed results, visit:
https://lab.dpdk.org/results/dashboard/patchsets/30752/

UNH-IOL DPDK Community Lab

To manage your email subscriptions, visit: 
https://lab.dpdk.org/results/dashboard/preferences/subscriptions/