From mboxrd@z Thu Jan  1 00:00:00 1970
Return-Path: <test-report-bounces@dpdk.org>
Received: from mails.dpdk.org (mails.dpdk.org [217.70.189.124])
	by inbox.dpdk.org (Postfix) with ESMTP id C043745778
	for <public@inbox.dpdk.org>; Fri,  9 Aug 2024 13:10:39 +0200 (CEST)
Received: from mails.dpdk.org (localhost [127.0.0.1])
	by mails.dpdk.org (Postfix) with ESMTP id B8D2E42DC9;
	Fri,  9 Aug 2024 13:10:39 +0200 (CEST)
Received: from mail-oa1-f98.google.com (mail-oa1-f98.google.com
 [209.85.160.98]) by mails.dpdk.org (Postfix) with ESMTP id 3B29942D78
 for <test-report@dpdk.org>; Fri,  9 Aug 2024 13:10:38 +0200 (CEST)
Received: by mail-oa1-f98.google.com with SMTP id
 586e51a60fabf-260f81f7fb5so1152431fac.0
 for <test-report@dpdk.org>; Fri, 09 Aug 2024 04:10:38 -0700 (PDT)
DKIM-Signature: v=1; a=rsa-sha256; c=relaxed/relaxed;
 d=iol.unh.edu; s=unh-iol; t=1723201837; x=1723806637; darn=dpdk.org;
 h=references:in-reply-to:cc:to:from:subject:message-id:date:from:to
 :cc:subject:date:message-id:reply-to;
 bh=xHgred9UK43eLRc546E9Ul5VcZs6M/hDVrqQH7wvoYo=;
 b=UNtqQaLZxL5dEDaeh8KFKp8bIiSPoNGAZSZ///JFdgi+MGXiLTtg/LUv54NjnxtFkE
 CtpoJTAA5OF7IoDD+TTmcmo/xDlW/3keXchPWphndm/wVjBf/qR15SKIzvL1R/SKz4g1
 81THNk4CT2icgMMul5jpqLT39QDeeuwf1vNSs=
X-Google-DKIM-Signature: v=1; a=rsa-sha256; c=relaxed/relaxed;
 d=1e100.net; s=20230601; t=1723201837; x=1723806637;
 h=references:in-reply-to:cc:to:from:subject:message-id:date
 :x-gm-message-state:from:to:cc:subject:date:message-id:reply-to;
 bh=xHgred9UK43eLRc546E9Ul5VcZs6M/hDVrqQH7wvoYo=;
 b=YGhQcFbOQ34nG0AiTxAtb9oX73F+WhzzmiWTWzGAYWgXIYpgmP9EJNVCJHis/lqaK/
 3KcSZbA+wARQLRIuleGjRXEziAYs65exVlU0hz+uYwy7uG7AARcowo0//ElI/O05UDNf
 bbvDZxFcc3Ugnc2r9njdDwCvs9FHIrjFv+nluBTbA+IkzoEh/yL0GtNwy4btDMURXJI7
 DdOj3v8uRaeuDgyLQD7+2soHk+g77T6CYZeaoPWZQKAng0i+0KZOOUmJ0J6k7crB+HL2
 A8GbArOccm28YnRxQjWk8DU/qj4vX7P48Aik4NtIWiaG+RGrop9tlaTLIj/Xsaa0VScJ
 WysQ==
X-Gm-Message-State: AOJu0Yz3jFuf/YHe0YrH3064J0cOZQ7TRWmX3a0Fla4TIw+k1yB8W9h/
 utmRE7osX/9qHLye4WngjmJFQPVJSlryiufDe08OfhUBJVK9AoUl+AjYlZ2xPPMijbC9A8t2t/1
 UxvMGtSsEEdi61e3CbXtE/JWNYFqNS3HAmLBXu2z+Eo8YNwb68k7xDxYz
X-Google-Smtp-Source: AGHT+IHFxqYin+YPsoxgmpQsvMFW8M2mKaEfSbbRoe77N1jBPoGjFEWzqkxCqjlNTFlokM/F6BcylzcnslST
X-Received: by 2002:a05:6870:a982:b0:25d:f8fa:b53e with SMTP id
 586e51a60fabf-26c62f8b6eamr1498826fac.34.1723201837339; 
 Fri, 09 Aug 2024 04:10:37 -0700 (PDT)
Received: from postal.iol.unh.edu (postal.iol.unh.edu.
 [2606:4100:3880:1234::84]) by smtp-relay.gmail.com with ESMTPS id
 d2e1a72fcca58-710cb22360esm162677b3a.1.2024.08.09.04.10.37
 (version=TLS1_2 cipher=ECDHE-ECDSA-AES128-GCM-SHA256 bits=128/128);
 Fri, 09 Aug 2024 04:10:37 -0700 (PDT)
X-Relaying-Domain: iol.unh.edu
Date: Fri, 09 Aug 2024 04:10:37 -0700 (PDT)
Message-ID: <66b5f92d.050a0220.150485.bd49SMTPIN_ADDED_MISSING@mx.google.com>
Received: from [172.21.0.6] (unknown [172.18.0.240])
 by postal.iol.unh.edu (Postfix) with ESMTP id 79E6960526E2;
 Fri,  9 Aug 2024 07:10:36 -0400 (EDT)
Subject: |WARNING| pw143034-143036 [PATCH] [v3,3/3] net/enic: allow multicast
From: dpdklab@iol.unh.edu
To: Test Report <test-report@dpdk.org>
Cc: dpdk-test-reports@iol.unh.edu
In-Reply-To: <20240809070754.26128-4-hyonkim@cisco.com>
References: <20240809070754.26128-4-hyonkim@cisco.com>
Content-Type: text/plain
X-BeenThere: test-report@dpdk.org
X-Mailman-Version: 2.1.29
Precedence: list
List-Id: automatic DPDK test reports <test-report.dpdk.org>
List-Unsubscribe: <https://mails.dpdk.org/options/test-report>,
 <mailto:test-report-request@dpdk.org?subject=unsubscribe>
List-Archive: <http://mails.dpdk.org/archives/test-report/>
List-Post: <mailto:test-report@dpdk.org>
List-Help: <mailto:test-report-request@dpdk.org?subject=help>
List-Subscribe: <https://mails.dpdk.org/listinfo/test-report>,
 <mailto:test-report-request@dpdk.org?subject=subscribe>
Errors-To: test-report-bounces@dpdk.org

Test-Label: iol-abi-testing
Test-Status: WARNING
http://dpdk.org/patch/143036

_Testing issues_

Submitter: Hyong Youb Kim <hyonkim@cisco.com>
Date: Friday, August 09 2024 07:07:54 
DPDK git baseline: Repo:dpdk
  Branch: master
  CommitID:e0f7ebe88ab4588dd352e9ec14270ce4e3b1470b

143034-143036 --> testing issues

Upstream job id: Generic-DPDK-Compile-ABI#102248

Test environment and result as below:

+-------------------+----------+
|    Environment    | abi_test |
+===================+==========+
| CentOS Stream 9   | PEND     |
+-------------------+----------+
| Debian Bullseye   | FAIL     |
+-------------------+----------+
| Debian 12         | PEND     |
+-------------------+----------+
| Fedora 38 (Clang) | FAIL     |
+-------------------+----------+
| Fedora 37         | FAIL     |
+-------------------+----------+
| Fedora 40         | FAIL     |
+-------------------+----------+
| Fedora 38         | PEND     |
+-------------------+----------+
| Fedora 39         | FAIL     |
+-------------------+----------+
| Fedora 40 (Clang) | FAIL     |
+-------------------+----------+
| Fedora 39 (Clang) | FAIL     |
+-------------------+----------+
| openSUSE Leap 15  | FAIL     |
+-------------------+----------+
| RHEL9             | FAIL     |
+-------------------+----------+
| Ubuntu 22.04      | PEND     |
+-------------------+----------+
| Ubuntu 24.04      | PEND     |
+-------------------+----------+

==== 20 line log output for RHEL9 (abi_test): ====
Error: cannot find librte_bus_platform.so.24.0 in build_install
Error: cannot find librte_net_memif.so.24.0 in build_install
Error: cannot find librte_crypto_caam_jr.so.24.0 in build_install
Error: cannot find librte_common_mlx5.so.24.0 in build_install
Error: cannot find librte_crypto_dpaa_sec.so.24.0 in build_install
Error: cannot find librte_regex_cn9k.so.24.0 in build_install
Error: cannot find librte_net_cpfl.so.24.0 in build_install
Error: cannot find librte_baseband_turbo_sw.so.24.0 in build_install
Error: cannot find librte_common_cpt.so.24.0 in build_install
Error: cannot find librte_net_iavf.so.24.0 in build_install
Error: cannot find librte_event_dpaa2.so.24.0 in build_install
Error: cannot find librte_net_vdev_netvsc.so.24.0 in build_install
Error: cannot find librte_compress_zlib.so.24.0 in build_install
Error: cannot find librte_baseband_la12xx.so.24.0 in build_install
Error: cannot find librte_net_pfe.so.24.0 in build_install
Error: cannot find librte_net_tap.so.24.0 in build_install
Error: cannot find librte_cryptodev.so.24.0 in build_install
Error: cannot find librte_member.so.24.0 in build_install
Error: cannot find librte_gro.so.24.0 in build_install
Error: cannot find librte_bitratestats.so.24.0 in build_install
==== End log output ====

CentOS Stream 9
	Kernel: 5.4.0-167-generic
	Compiler: gcc 11.4.1 20230605

Debian Bullseye
	Kernel: 5.4.0-167-generic
	Compiler: gcc 10.2.1-6

Debian 12
	Kernel: Container Host Kernel
	Compiler: gcc 12.2.0

Fedora 38 (Clang)
	Kernel: Depends on container host
	Compiler: clang 16.0.6

Fedora 37
	Kernel: Depends on container host system
	Compiler: gcc 12.3.1

Fedora 40
	Kernel: Depends on container host
	Compiler: gcc 14.1.1

Fedora 38
	Kernel: Depends on container host
	Compiler: gcc 13.2.1

Fedora 39
	Kernel: Depends on container host
	Compiler: gcc 13.2.1

Fedora 40 (Clang)
	Kernel: Depends on container host
	Compiler: clang 18.1.6

Fedora 39 (Clang)
	Kernel: Depends on container host
	Compiler: clang 17.0.6

openSUSE Leap 15
	Kernel: 5.4.0-167-generic
	Compiler: gcc 7.5.0

RHEL9
	Kernel: Depends on container host
	Compiler: gcc 11.4.1

Ubuntu 22.04
	Kernel: 5.4.0-167-generic
	Compiler: gcc 11.4.0

Ubuntu 24.04
	Kernel: 5.4.0-167-generic
	Compiler: gcc 13.2.0

To view detailed results, visit:
https://lab.dpdk.org/results/dashboard/patchsets/30752/

UNH-IOL DPDK Community Lab

To manage your email subscriptions, visit: 
https://lab.dpdk.org/results/dashboard/preferences/subscriptions/