From mboxrd@z Thu Jan  1 00:00:00 1970
Return-Path: <test-report-bounces@dpdk.org>
Received: from mails.dpdk.org (mails.dpdk.org [217.70.189.124])
	by inbox.dpdk.org (Postfix) with ESMTP id 811C94577A
	for <public@inbox.dpdk.org>; Fri,  9 Aug 2024 17:50:25 +0200 (CEST)
Received: from mails.dpdk.org (localhost [127.0.0.1])
	by mails.dpdk.org (Postfix) with ESMTP id 7D6FD4325C;
	Fri,  9 Aug 2024 17:50:25 +0200 (CEST)
Received: from mail-pf1-f225.google.com (mail-pf1-f225.google.com
 [209.85.210.225])
 by mails.dpdk.org (Postfix) with ESMTP id 75CA44325B
 for <test-report@dpdk.org>; Fri,  9 Aug 2024 17:50:24 +0200 (CEST)
Received: by mail-pf1-f225.google.com with SMTP id
 d2e1a72fcca58-70eae5896bcso2018692b3a.2
 for <test-report@dpdk.org>; Fri, 09 Aug 2024 08:50:24 -0700 (PDT)
DKIM-Signature: v=1; a=rsa-sha256; c=relaxed/relaxed;
 d=iol.unh.edu; s=unh-iol; t=1723218623; x=1723823423; darn=dpdk.org;
 h=references:in-reply-to:cc:to:from:subject:message-id:date:from:to
 :cc:subject:date:message-id:reply-to;
 bh=AfVktdTy0lbB0d/fB2mMW5o9oXVDNNzSyU+kYLfEtqI=;
 b=heShdN7lC9Q5KpOE5M2HYHxWJHCIqxjbkQzL23pO6bGCLUjRjoRv2bLxF7kUPWUIvG
 MS+azQklZAumzl2OsRtPKceDYl2O2WtLS+nA9FvX5mRxxJR950MWdP89k7raIQIzi/44
 iJcED+GKcT+04/BNaybaNSAKN6LUGVyUTLYDQ=
X-Google-DKIM-Signature: v=1; a=rsa-sha256; c=relaxed/relaxed;
 d=1e100.net; s=20230601; t=1723218623; x=1723823423;
 h=references:in-reply-to:cc:to:from:subject:message-id:date
 :x-gm-message-state:from:to:cc:subject:date:message-id:reply-to;
 bh=AfVktdTy0lbB0d/fB2mMW5o9oXVDNNzSyU+kYLfEtqI=;
 b=fJiqwX2BwK+SLQdOMGuFs7Tz6xvr3UAENvDoYxcQe33k9JTtWGl8612MeeY9IZn1uP
 f/TdAqnLd9QEtlkSXtMB18Oll0bYdb0MVQ3chOZsPBcZSJ7G6t6VgY2kTkHVx1RdsS1W
 lpi5aE09pTmUpm/QPzPoSCU2mU4jOQxIpmgK4xav+hPfO4daouSFOq4A5geyUuNR8lnT
 /QMZu4CzZbAkB7MD0m1KIKbko2UpmBNhy8dNU/eAeWYxsgdsf2mprJKhcZoxoi9RT7UI
 NuKoXNBfryoagI/RfKr6o1jbOgOz+3ipKGZxAojzMrzLXk+niU8bS4AmreBvB4Qfnve4
 1Vbg==
X-Gm-Message-State: AOJu0YyvbR/kFmWJX3D30DEOy9TQ3/I9TSUFqU8conktb2KHFLswr0KB
 o2ZTvs/UzLC4zx/Ctm49N2yBPSBqnVZ2zwaX/Mjd3zwvVlRJtOBX0GZQLXjzq6ZHgC1upPobgfV
 qNpx2EeCFLwlI4AbpKmmQJrYKJBMlPyjlsjJaSgDd1HInLbPW1gVq9G65
X-Google-Smtp-Source: AGHT+IGUfgz0tu5IJo6IdqMSuqwyrEH0rOonX1uFbRaUhZvcpODKNVOH0GzQQGYzfD1vrLy/g3r7D3+SuC0f
X-Received: by 2002:a05:6a21:3a85:b0:1c6:fb8b:df5a with SMTP id
 adf61e73a8af0-1c8a00e1c53mr2616843637.41.1723218623517; 
 Fri, 09 Aug 2024 08:50:23 -0700 (PDT)
Received: from postal.iol.unh.edu (postal.iol.unh.edu.
 [2606:4100:3880:1234::84]) by smtp-relay.gmail.com with ESMTPS id
 41be03b00d2f7-7b76394507bsm1135759a12.16.2024.08.09.08.50.23
 (version=TLS1_2 cipher=ECDHE-ECDSA-AES128-GCM-SHA256 bits=128/128);
 Fri, 09 Aug 2024 08:50:23 -0700 (PDT)
X-Relaying-Domain: iol.unh.edu
Date: Fri, 09 Aug 2024 08:50:23 -0700 (PDT)
Message-ID: <66b63abf.630a0220.5436b.0928SMTPIN_ADDED_MISSING@mx.google.com>
Received: from [172.21.0.8] (unknown [172.18.0.240])
 by postal.iol.unh.edu (Postfix) with ESMTP id 8B9D16050A6B;
 Fri,  9 Aug 2024 11:50:22 -0400 (EDT)
Subject: |WARNING| pw143046-143048 [PATCH] [v2,5/5] eal: extend bitops to han
From: dpdklab@iol.unh.edu
To: Test Report <test-report@dpdk.org>
Cc: dpdk-test-reports@iol.unh.edu
In-Reply-To: <20240809095829.589396-6-mattias.ronnblom@ericsson.com>
References: <20240809095829.589396-6-mattias.ronnblom@ericsson.com>
Content-Type: text/plain
X-BeenThere: test-report@dpdk.org
X-Mailman-Version: 2.1.29
Precedence: list
List-Id: automatic DPDK test reports <test-report.dpdk.org>
List-Unsubscribe: <https://mails.dpdk.org/options/test-report>,
 <mailto:test-report-request@dpdk.org?subject=unsubscribe>
List-Archive: <http://mails.dpdk.org/archives/test-report/>
List-Post: <mailto:test-report@dpdk.org>
List-Help: <mailto:test-report-request@dpdk.org?subject=help>
List-Subscribe: <https://mails.dpdk.org/listinfo/test-report>,
 <mailto:test-report-request@dpdk.org?subject=subscribe>
Errors-To: test-report-bounces@dpdk.org

Test-Label: iol-abi-testing
Test-Status: WARNING
http://dpdk.org/patch/143048

_Testing issues_

Submitter: Mattias Ronnblom <mattias.ronnblom@ericsson.com>
Date: Friday, August 09 2024 09:58:29 
DPDK git baseline: Repo:dpdk
  Branch: master
  CommitID:cb9187bc5c2b4bab0ad80194ac3b60491de14e8c

143046-143048 --> testing issues

Upstream job id: Generic-DPDK-Compile-ABI#102299

Test environment and result as below:

+-------------------+----------+
|    Environment    | abi_test |
+===================+==========+
| Debian Bullseye   | FAIL     |
+-------------------+----------+
| CentOS Stream 9   | FAIL     |
+-------------------+----------+
| Fedora 38         | FAIL     |
+-------------------+----------+
| Debian 12         | FAIL     |
+-------------------+----------+
| Fedora 37         | FAIL     |
+-------------------+----------+
| Fedora 38 (Clang) | FAIL     |
+-------------------+----------+
| Fedora 39 (Clang) | FAIL     |
+-------------------+----------+
| Fedora 39         | FAIL     |
+-------------------+----------+
| Fedora 40 (Clang) | FAIL     |
+-------------------+----------+
| Fedora 40         | FAIL     |
+-------------------+----------+
| RHEL9             | FAIL     |
+-------------------+----------+
| openSUSE Leap 15  | FAIL     |
+-------------------+----------+
| RHEL8             | FAIL     |
+-------------------+----------+
| Ubuntu 22.04      | FAIL     |
+-------------------+----------+
| Ubuntu 24.04      | FAIL     |
+-------------------+----------+

==== 20 line log output for Ubuntu 24.04 (abi_test): ====
Error: cannot find librte_mempool.so.24.0 in build_install
Error: cannot find librte_pdump.so.24.0 in build_install
Error: cannot find librte_eal.so.24.0 in build_install
Error: cannot find librte_gro.so.24.0 in build_install
Error: cannot find librte_efd.so.24.0 in build_install
Error: cannot find librte_pdcp.so.24.0 in build_install
Error: cannot find librte_compressdev.so.24.0 in build_install
Error: cannot find librte_net.so.24.0 in build_install
Error: cannot find librte_bitratestats.so.24.0 in build_install
Error: cannot find librte_sched.so.24.0 in build_install
Error: cannot find librte_pcapng.so.24.0 in build_install
Error: cannot find librte_power.so.24.0 in build_install
Error: cannot find librte_rawdev.so.24.0 in build_install
Error: cannot find librte_pipeline.so.24.0 in build_install
Error: cannot find librte_mbuf.so.24.0 in build_install
Error: cannot find librte_bpf.so.24.0 in build_install
Error: cannot find librte_vhost.so.24.0 in build_install
Error: cannot find librte_port.so.24.0 in build_install
Error: cannot find librte_acl.so.24.0 in build_install
Error: cannot find librte_latencystats.so.24.0 in build_install
==== End log output ====

Debian Bullseye
	Kernel: 5.4.0-167-generic
	Compiler: gcc 10.2.1-6

CentOS Stream 9
	Kernel: 5.4.0-167-generic
	Compiler: gcc 11.4.1 20230605

Fedora 38
	Kernel: Depends on container host
	Compiler: gcc 13.2.1

Debian 12
	Kernel: Container Host Kernel
	Compiler: gcc 12.2.0

Fedora 37
	Kernel: Depends on container host system
	Compiler: gcc 12.3.1

Fedora 38 (Clang)
	Kernel: Depends on container host
	Compiler: clang 16.0.6

Fedora 39 (Clang)
	Kernel: Depends on container host
	Compiler: clang 17.0.6

Fedora 39
	Kernel: Depends on container host
	Compiler: gcc 13.2.1

Fedora 40 (Clang)
	Kernel: Depends on container host
	Compiler: clang 18.1.6

Fedora 40
	Kernel: Depends on container host
	Compiler: gcc 14.1.1

RHEL9
	Kernel: Depends on container host
	Compiler: gcc 11.4.1

openSUSE Leap 15
	Kernel: 5.4.0-167-generic
	Compiler: gcc 7.5.0

RHEL8
	Kernel: 5.4.0-167-generic
	Compiler: gcc 8.5.0 20210514 (Red Hat 8.5.0-20)

Ubuntu 22.04
	Kernel: 5.4.0-167-generic
	Compiler: gcc 11.4.0

Ubuntu 24.04
	Kernel: 5.4.0-167-generic
	Compiler: gcc 13.2.0

To view detailed results, visit:
https://lab.dpdk.org/results/dashboard/patchsets/30755/

UNH-IOL DPDK Community Lab

To manage your email subscriptions, visit: 
https://lab.dpdk.org/results/dashboard/preferences/subscriptions/