From mboxrd@z Thu Jan  1 00:00:00 1970
Return-Path: <test-report-bounces@dpdk.org>
Received: from mails.dpdk.org (mails.dpdk.org [217.70.189.124])
	by inbox.dpdk.org (Postfix) with ESMTP id 50BD5457A1
	for <public@inbox.dpdk.org>; Mon, 12 Aug 2024 16:32:18 +0200 (CEST)
Received: from mails.dpdk.org (localhost [127.0.0.1])
	by mails.dpdk.org (Postfix) with ESMTP id 4D2D7402BB;
	Mon, 12 Aug 2024 16:32:18 +0200 (CEST)
Received: from mail-il1-f226.google.com (mail-il1-f226.google.com
 [209.85.166.226])
 by mails.dpdk.org (Postfix) with ESMTP id 2C6BD4014F
 for <test-report@dpdk.org>; Mon, 12 Aug 2024 16:32:17 +0200 (CEST)
Received: by mail-il1-f226.google.com with SMTP id
 e9e14a558f8ab-39b2da8537dso16146025ab.0
 for <test-report@dpdk.org>; Mon, 12 Aug 2024 07:32:17 -0700 (PDT)
DKIM-Signature: v=1; a=rsa-sha256; c=relaxed/relaxed;
 d=iol.unh.edu; s=unh-iol; t=1723473136; x=1724077936; darn=dpdk.org;
 h=references:in-reply-to:cc:to:from:subject:message-id:date:from:to
 :cc:subject:date:message-id:reply-to;
 bh=o6uDEu76zXo9ROeLHW7IVdxKmHVW/qgF3viiFT5uqHM=;
 b=RcStOY1lZzZ5AfEebG+jxv8NWu5RWyGFG2inO280yWijOk8ekZQr//dH+HhKtREOQb
 vMdZQCqdrbSoN0pUge4k+4sdtSsNd5EtrFtyqHKJfB9b/TKYS9p13McAMMMA9Lytiben
 3CL6LUXlsxrE4s0OfXEugGP3bfvp0XmQCwBdM=
X-Google-DKIM-Signature: v=1; a=rsa-sha256; c=relaxed/relaxed;
 d=1e100.net; s=20230601; t=1723473136; x=1724077936;
 h=references:in-reply-to:cc:to:from:subject:message-id:date
 :x-gm-message-state:from:to:cc:subject:date:message-id:reply-to;
 bh=o6uDEu76zXo9ROeLHW7IVdxKmHVW/qgF3viiFT5uqHM=;
 b=kbiujcOlTvmIEG/M5QnD6HMlsnA8wWqOMh8+h3yg2/BZ0m6WgsAfO61Z44fXIBjyZl
 TRDS18OOooSvRjrkSCKsW+CyEmSrVKcrKb8PKTZ138mVDuFPkhNUEzeMeaZ+6r1BDar/
 Vu3tFrw9UY6bGsiNrrL/c2Okl0BOme0D/jSxSBF8r9zrZ3LpyXX88s70ZsUzzFqvcs9T
 mA6CEpdXDD9kl74Hj2n8MbP9x09J+i2+5OS2rpwWB4HUrGCav3Yp2efZa6Ju4mF4HtxO
 8D6p0WjQk4tCUxfcr/F0X1iGPW4FMlqdP6KHUOz+qe32dZUKQb7TLpzdo1CTRHmD7nnY
 8pZw==
X-Gm-Message-State: AOJu0YyG6ZSxPQ3oGGFgXsknE810smrKkdC0mpgyjvq7/MzgYS53McJY
 RHx9zOLV7hQOee6YwfYbLdsUC0GCiVHq6p+smPsa9g/4Tf1n4Wi7nw6MCEYbjy1pBFG57Qbpj/v
 eInPXbuwJva2wqHPnE/Ok/ronNoRmk/zjjWJfww+u
X-Google-Smtp-Source: AGHT+IFfnXqo2GfEJ+GA00yRcduKnwZgppguKeGtgH5uze0ezv9unQu2RQHWFyb77afhle5i111zUU8zMhMI
X-Received: by 2002:a92:c54c:0:b0:39b:3244:a355 with SMTP id
 e9e14a558f8ab-39c47b8b067mr2089045ab.11.1723473136195; 
 Mon, 12 Aug 2024 07:32:16 -0700 (PDT)
Received: from postal.iol.unh.edu (postal.iol.unh.edu. [132.177.123.84])
 by smtp-relay.gmail.com with ESMTPS id
 e9e14a558f8ab-39c30a9e60esm2572885ab.26.2024.08.12.07.32.16
 (version=TLS1_2 cipher=ECDHE-ECDSA-AES128-GCM-SHA256 bits=128/128);
 Mon, 12 Aug 2024 07:32:16 -0700 (PDT)
X-Relaying-Domain: iol.unh.edu
Date: Mon, 12 Aug 2024 07:32:16 -0700 (PDT)
Message-ID: <66ba1cf0.920a0220.2a9dac.ee18SMTPIN_ADDED_MISSING@mx.google.com>
Received: from [172.17.0.3] (unknown [172.18.0.217])
 by postal.iol.unh.edu (Postfix) with ESMTP id A98DA605C380;
 Mon, 12 Aug 2024 10:32:15 -0400 (EDT)
Subject: |FAILURE| pw143071-143072 [PATCH] [v3,5/5] eal: extend bitops to han
From: dpdklab@iol.unh.edu
To: Test Report <test-report@dpdk.org>
Cc: dpdk-test-reports@iol.unh.edu,
 Mattias Ronnblom <mattias.ronnblom@ericsson.com>
In-Reply-To: <20240812124930.604796-6-mattias.ronnblom@ericsson.com>
References: <20240812124930.604796-6-mattias.ronnblom@ericsson.com>
Content-Type: text/plain
X-BeenThere: test-report@dpdk.org
X-Mailman-Version: 2.1.29
Precedence: list
List-Id: automatic DPDK test reports <test-report.dpdk.org>
List-Unsubscribe: <https://mails.dpdk.org/options/test-report>,
 <mailto:test-report-request@dpdk.org?subject=unsubscribe>
List-Archive: <http://mails.dpdk.org/archives/test-report/>
List-Post: <mailto:test-report@dpdk.org>
List-Help: <mailto:test-report-request@dpdk.org?subject=help>
List-Subscribe: <https://mails.dpdk.org/listinfo/test-report>,
 <mailto:test-report-request@dpdk.org?subject=subscribe>
Errors-To: test-report-bounces@dpdk.org

Test-Label: iol-unit-amd64-testing
Test-Status: FAILURE
http://dpdk.org/patch/143072

_Testing issues_

Submitter: Mattias Ronnblom <mattias.ronnblom@ericsson.com>
Date: Monday, August 12 2024 12:49:30 
DPDK git baseline: Repo:dpdk
  Branch: master
  CommitID:cb9187bc5c2b4bab0ad80194ac3b60491de14e8c

143071-143072 --> testing issues

Upstream job id: Generic-Unit-Test-DPDK#251200

Test environment and result as below:

+---------------------+----------------+
|     Environment     | dpdk_unit_test |
+=====================+================+
| Windows Server 2019 | PASS           |
+---------------------+----------------+
| Windows Server 2022 | PASS           |
+---------------------+----------------+
| CentOS Stream 9     | PASS           |
+---------------------+----------------+
| Debian Bullseye     | PASS           |
+---------------------+----------------+
| Debian 12           | FAIL           |
+---------------------+----------------+
| Fedora 37           | FAIL           |
+---------------------+----------------+
| Fedora 38           | PASS           |
+---------------------+----------------+
| Fedora 38 (Clang)   | PASS           |
+---------------------+----------------+
| Fedora 39           | PASS           |
+---------------------+----------------+
| Fedora 39 (Clang)   | PASS           |
+---------------------+----------------+
| Fedora 40           | PASS           |
+---------------------+----------------+
| Fedora 40 (Clang)   | PEND           |
+---------------------+----------------+
| openSUSE Leap 15    | PEND           |
+---------------------+----------------+
| RHEL8               | PEND           |
+---------------------+----------------+
| RHEL9               | PEND           |
+---------------------+----------------+
| Ubuntu 20.04        | PEND           |
+---------------------+----------------+
| Ubuntu 22.04        | PEND           |
+---------------------+----------------+
| Ubuntu 24.04        | PEND           |
+---------------------+----------------+

==== Unit test summary for Fedora 37 (dpdk_unit_test): ====
ninja: Entering directory `/home-local/jenkins-local/jenkins-agent/workspace/Generic-Unit-Test-DPDK/dpdk/build'
ninja: no work to do.
  1/112 DPDK:fast-tests / acl_autotest          OK       3.69 s 
  2/112 DPDK:fast-tests / argparse_autotest     OK       0.23 s 
  3/112 DPDK:fast-tests / atomic_autotest       OK       0.41 s 
  4/112 DPDK:fast-tests / bitcount_autotest     OK       0.28 s 
  5/112 DPDK:fast-tests / bitmap_autotest       OK       0.22 s 
  6/112 DPDK:fast-tests / bitops_autotest       FAIL     1.95 s (exit status 255 or signal 127 SIGinvalid)
  7/112 DPDK:fast-tests / bitratestats_autotest  OK       0.22 s 
  8/112 DPDK:fast-tests / bpf_autotest          OK       0.22 s 
  9/112 DPDK:fast-tests / bpf_convert_autotest  OK       0.26 s 
 10/112 DPDK:fast-tests / byteorder_autotest    OK       0.24 s 
 11/112 DPDK:fast-tests / cksum_autotest        OK       0.22 s 
 12/112 DPDK:fast-tests / cmdline_autotest      OK       0.22 s 
 13/112 DPDK:fast-tests / common_autotest       OK       0.52 s 
 14/112 DPDK:fast-tests / compressdev_autotest  SKIP     0.17 s 
 15/112 DPDK:fast-tests / cpuflags_autotest     OK       0.22 s 
 16/112 DPDK:fast-tests / crc_autotest          OK       0.22 s 
 17/112 DPDK:fast-tests / user_delay_us         OK       0.22 s 
 18/112 DPDK:fast-tests / debug_autotest        OK       0.62 s 
 19/112 DPDK:fast-tests / devargs_autotest      OK       0.27 s 
 20/112 DPDK:fast-tests / dispatcher_autotest   SKIP     0.17 s 
 21/112 DPDK:fast-tests / distributor_autotest  OK       1.12 s 
 22/112 DPDK:fast-tests / eal_flags_c_opt_autotest  OK       0.90 s 
 23/112 DPDK:fast-tests / eal_flags_main_opt_autotest  OK       0.32 s 
 24/112 DPDK:fast-tests / eal_flags_n_opt_autotest  OK       0.54 s 
 25/112 DPDK:fast-tests / eal_flags_hpet_autotest  OK       0.22 s 
 26/112 DPDK:fast-tests / eal_flags_no_huge_autotest  OK       0.52 s 
 27/112 DPDK:fast-tests / eal_flags_a_opt_autotest  OK       0.37 s 
 28/112 DPDK:fast-tests / eal_flags_b_opt_autotest  OK       0.42 s 
 29/112 DPDK:fast-tests / eal_flags_vdev_opt_autotest  OK       0.58 s 
 30/112 DPDK:fast-tests / eal_flags_r_opt_autotest  OK       0.27 s 
 31/112 DPDK:fast-tests / eal_flags_mem_autotest  OK       0.76 s 
 32/112 DPDK:fast-tests / eal_flags_file_prefix_autotest  OK      10.69 s 
 33/112 DPDK:fast-tests / eal_flags_misc_autotest  OK       1.94 s 
 34/112 DPDK:fast-tests / eal_fs_autotest       OK       0.22 s 
 35/112 DPDK:fast-tests / errno_autotest        OK       0.22 s 
 36/112 DPDK:fast-tests / ethdev_link_status    OK       0.22 s 
 37/112 DPDK:fast-tests / event_eth_tx_adapter_autotest  OK       0.47 s 
 38/112 DPDK:fast-tests / event_ring_autotest   OK       0.23 s 
 39/112 DPDK:fast-tests / eventdev_common_autotest  OK       0.22 s 
 40/112 DPDK:fast-tests / eventdev_selftest_sw  OK       0.27 s 
 41/112 DPDK:fast-tests / fbarray_autotest      OK       0.22 s 
 42/112 DPDK:fast-tests / fib_autotest          OK       0.99 s 
 43/112 DPDK:fast-tests / fib6_autotest         OK       1.01 s 
 44/112 DPDK:fast-tests / func_reentrancy_autotest  OK       0.67 s 
 45/112 DPDK:fast-tests / graph_autotest        OK       0.22 s 
 46/112 DPDK:fast-tests / node_list_dump        OK       0.24 s 
 47/112 DPDK:fast-tests / hash_autotest         OK       0.49 s 
 48/112 DPDK:fast-tests / hash_readwrite_func_autotest  SKIP     0.17 s 
 49/112 DPDK:fast-tests / interrupt_autotest    OK       1.28 s 
 50/112 DPDK:fast-tests / ipfrag_autotest       OK       0.17 s 
 51/112 DPDK:fast-tests / ipsec_autotest        SKIP     0.22 s 
 52/112 DPDK:fast-tests / kvargs_autotest       OK       0.22 s 
 53/112 DPDK:fast-tests / latencystats_autotest  OK       0.22 s 
 54/112 DPDK:fast-tests / lcores_autotest       OK      28.35 s 
 55/112 DPDK:fast-tests / logs_autotest         OK       0.22 s 
 56/112 DPDK:fast-tests / lpm_autotest          OK       3.13 s 
 57/112 DPDK:fast-tests / lpm6_autotest         OK       4.84 s 
 58/112 DPDK:fast-tests / malloc_autotest       OK       0.72 s 
 59/112 DPDK:fast-tests / mbuf_autotest         OK       0.18 s 
 60/112 DPDK:fast-tests / mcslock_autotest      OK       0.59 s 
 61/112 DPDK:fast-tests / member_autotest       OK       1.04 s 
 62/112 DPDK:fast-tests / memcpy_autotest       OK       2.24 s 
 63/112 DPDK:fast-tests / memory_autotest       OK       0.17 s 
 64/112 DPDK:fast-tests / mempool_autotest      OK       0.44 s 
 65/112 DPDK:fast-tests / memzone_autotest      OK       0.18 s 
 66/112 DPDK:fast-tests / meter_autotest        OK       0.26 s 
 67/112 DPDK:fast-tests / metrics_autotest      OK       0.22 s 
 68/112 DPDK:fast-tests / multiprocess_autotest  OK       0.27 s 
 69/112 DPDK:fast-tests / net_ether_autotest    OK       0.52 s 
 70/112 DPDK:fast-tests / pdcp_autotest         SKIP     0.17 s 
 71/112 DPDK:fast-tests / pdump_autotest        OK       0.37 s 
 72/112 DPDK:fast-tests / per_lcore_autotest    OK       0.32 s 
 73/112 DPDK:fast-tests / pflock_autotest       OK       0.41 s 
 74/112 DPDK:fast-tests / pie_autotest          OK       0.22 s 
 75/112 DPDK:fast-tests / ring_pmd_autotest     OK       0.22 s 
 76/112 DPDK:fast-tests / power_autotest        OK       0.22 s 
 77/112 DPDK:fast-tests / power_cpufreq_autotest  SKIP     0.17 s 
 78/112 DPDK:fast-tests / power_intel_uncore_autotest  SKIP     0.22 s 
 79/112 DPDK:fast-tests / power_kvm_vm_autotest  SKIP     0.17 s 
 80/112 DPDK:fast-tests / prefetch_autotest     OK       0.22 s 
 81/112 DPDK:fast-tests / ptr_compress_autotest  OK       0.22 s 
 82/112 DPDK:fast-tests / rawdev_autotest       OK       0.22 s 
 83/112 DPDK:fast-tests / rcu_qsbr_autotest     OK       0.32 s 
 84/112 DPDK:fast-tests / reorder_autotest      OK       0.40 s 
 85/112 DPDK:fast-tests / rib_autotest          OK       6.70 s 
 86/112 DPDK:fast-tests / rib6_autotest         OK       6.83 s 
 87/112 DPDK:fast-tests / ring_autotest         OK       0.22 s 
 88/112 DPDK:fast-tests / rwlock_test1_autotest  OK       0.39 s 
 89/112 DPDK:fast-tests / rwlock_rda_autotest   OK       5.27 s 
 90/112 DPDK:fast-tests / rwlock_rds_wrm_autotest  OK       5.25 s 
 91/112 DPDK:fast-tests / rwlock_rde_wro_autotest  OK       5.26 s 
 92/112 DPDK:fast-tests / sched_autotest        OK       0.22 s 
 93/112 DPDK:fast-tests / security_autotest     OK       0.17 s 
 94/112 DPDK:fast-tests / seqlock_autotest      SKIP     0.22 s 
 95/112 DPDK:fast-tests / service_autotest      OK       0.32 s 
 96/112 DPDK:fast-tests / spinlock_autotest     OK       0.32 s 
 97/112 DPDK:fast-tests / stack_autotest        OK       0.24 s 
 98/112 DPDK:fast-tests / stack_lf_autotest     OK       0.27 s 
 99/112 DPDK:fast-tests / string_autotest       OK       0.22 s 
100/112 DPDK:fast-tests / table_autotest        OK       7.25 s 
101/112 DPDK:fast-tests / tailq_autotest        OK       0.22 s 
102/112 DPDK:fast-tests / telemetry_data_autotest  OK       0.22 s 
103/112 DPDK:fast-tests / telemetry_json_autotest  OK       0.24 s 
104/112 DPDK:fast-tests / thash_autotest        OK       0.28 s 
105/112 DPDK:fast-tests / threads_autotest      OK       0.60 s 
106/112 DPDK:fast-tests / ticketlock_autotest   OK       0.22 s 
107/112 DPDK:fast-tests / timer_autotest        OK       2.63 s 
108/112 DPDK:fast-tests / trace_autotest        OK       0.23 s 
109/112 DPDK:fast-tests / trace_autotest_with_traces  OK       0.22 s 
110/112 DPDK:fast-tests / vdev_autotest         OK       0.22 s 
111/112 DPDK:fast-tests / version_autotest      OK       0.22 s 
112/112 DPDK:fast-tests / telemetry_all         SKIP     0.01 s 

Ok:                  101
Expected Fail:         0
Fail:                  1
Unexpected Pass:       0
Skipped:              10
Timeout:               0

Full log written to /home-local/jenkins-local/jenkins-agent/workspace/Generic-Unit-Test-DPDK/dpdk/build/meson-logs/testlog.txt



Test log output from the failed test bitops_autotest:

Sorry, we were not able to find the logs for this test.
Download the log output from the CI site for this test run.
==== End log output ====

Windows Server 2019
	Kernel: 10.0.17763
	Compiler: clang 14.0 and gcc 8.1.0 (MinGW)

Windows Server 2022
	Kernel: 10.0.20348.2031
	Compiler: clang 15.0.7, gcc 8.1.0 (MinGW), and MSVC VS 17.9

CentOS Stream 9
	Kernel: 5.4.0-167-generic
	Compiler: gcc 11.4.1 20230605

Debian Bullseye
	Kernel: 5.4.0-167-generic
	Compiler: gcc 10.2.1-6

Debian 12
	Kernel: Container Host Kernel
	Compiler: gcc 12.2.0

Fedora 37
	Kernel: Depends on container host system
	Compiler: gcc 12.3.1

Fedora 38
	Kernel: Depends on container host
	Compiler: gcc 13.2.1

Fedora 38 (Clang)
	Kernel: Depends on container host
	Compiler: clang 16.0.6

Fedora 39
	Kernel: Depends on container host
	Compiler: gcc 13.2.1

Fedora 39 (Clang)
	Kernel: Depends on container host
	Compiler: clang 17.0.6

Fedora 40
	Kernel: Depends on container host
	Compiler: gcc 14.1.1

Fedora 40 (Clang)
	Kernel: Depends on container host
	Compiler: clang 18.1.6

openSUSE Leap 15
	Kernel: 5.4.0-167-generic
	Compiler: gcc 7.5.0

RHEL8
	Kernel: 5.4.0-167-generic
	Compiler: gcc 8.5.0 20210514 (Red Hat 8.5.0-20)

RHEL9
	Kernel: Depends on container host
	Compiler: gcc 11.4.1

Ubuntu 20.04
	Kernel: 5.4.0-167-generic
	Compiler: gcc 9.4.0-1ubuntu1~20.04.1

Ubuntu 22.04
	Kernel: 5.4.0-167-generic
	Compiler: gcc 11.4.0

Ubuntu 24.04
	Kernel: 5.4.0-167-generic
	Compiler: gcc 13.2.0

To view detailed results, visit:
https://lab.dpdk.org/results/dashboard/patchsets/30766/

UNH-IOL DPDK Community Lab

To manage your email subscriptions, visit: 
https://lab.dpdk.org/results/dashboard/preferences/subscriptions/