From mboxrd@z Thu Jan  1 00:00:00 1970
Return-Path: <test-report-bounces@dpdk.org>
Received: from mails.dpdk.org (mails.dpdk.org [217.70.189.124])
	by inbox.dpdk.org (Postfix) with ESMTP id 41C754586A
	for <public@inbox.dpdk.org>; Mon, 26 Aug 2024 11:29:06 +0200 (CEST)
Received: from mails.dpdk.org (localhost [127.0.0.1])
	by mails.dpdk.org (Postfix) with ESMTP id 3CD10402A7;
	Mon, 26 Aug 2024 11:29:06 +0200 (CEST)
Received: from mail-io1-f97.google.com (mail-io1-f97.google.com
 [209.85.166.97]) by mails.dpdk.org (Postfix) with ESMTP id D04F740272
 for <test-report@dpdk.org>; Mon, 26 Aug 2024 11:29:03 +0200 (CEST)
Received: by mail-io1-f97.google.com with SMTP id
 ca18e2360f4ac-828fb89785cso22486339f.0
 for <test-report@dpdk.org>; Mon, 26 Aug 2024 02:29:03 -0700 (PDT)
DKIM-Signature: v=1; a=rsa-sha256; c=relaxed/relaxed;
 d=iol.unh.edu; s=unh-iol; t=1724664543; x=1725269343; darn=dpdk.org;
 h=cc:to:from:subject:message-id:date:from:to:cc:subject:date
 :message-id:reply-to;
 bh=WwwCzhsM0yLqw+VSAomI5LM4T2Lhfl2R0Gozgk5dNbY=;
 b=H7hEWCqPCbaOQB1FbH87/qKtDNPb8pkfTqpjXULgNQcurUNnS5COgKNyhumi9/uCrm
 6R5gT7ghZ7rEsF6WTYDxxHCTopphlyLFvYM9QYPhp0Kx92E+0u+rJfxgTYlLpkfstiAn
 GD87w0p+AsklTO7B1TVY+bOU6kX0MW+tkDZ88=
X-Google-DKIM-Signature: v=1; a=rsa-sha256; c=relaxed/relaxed;
 d=1e100.net; s=20230601; t=1724664543; x=1725269343;
 h=cc:to:from:subject:message-id:date:x-gm-message-state:from:to:cc
 :subject:date:message-id:reply-to;
 bh=WwwCzhsM0yLqw+VSAomI5LM4T2Lhfl2R0Gozgk5dNbY=;
 b=kHoAdK+kdhw/f5JS97Si84AGyk4GROcd/QaGB+h5FI5yp6rJNPozYHu0TyvtjRsfmw
 hJMb7ejAl0jgzA4HZaOkEx1rP15Oi4gi5vuYIM2T5nnKqytztxfWAfe+G0Aav6XzEe/7
 OQx1D4kcIS0YIMQmhpVupB/0EmbpOnD0o1lmOkyDka8CFoRl1FJmRXUEobSwir3FASBX
 2o8SsLDcOqaj8IWbHjdhuISGxEl1YlNPOFW7C5GvymeGMBN5svuVFe3ujkz7gTUdgCMR
 vxdknficttPFXvVZa06hdO1NK9bCOYfN9865H3EDvZha3QUjZ/XlRZ4RFQIF52SRAEJ2
 +qow==
X-Gm-Message-State: AOJu0YxcXV+EMWHTfewVGITSoL+IgjUNKsBqROvAyL09OZ/yDVP64ngq
 9uYXQO6lGB89i3ZpPT+4wg25/8qb2fS1Hy1pdDLeu+zPL+nIeDKsrZ12826xNLljgTIC98jT6wX
 5qZZ3J5EOE0cn9/PqFLwD5bQcWDBcAHJI
X-Google-Smtp-Source: AGHT+IE99zWAE1J4ContgoKklXYKc8KBH+Lh5yqx5fVAdWY+rq1/3+mpBEm3xWVIyAIEOs/+6uQ8fmDl5iah
X-Received: by 2002:a05:6e02:1d12:b0:39d:2f50:ee34 with SMTP id
 e9e14a558f8ab-39e3c98499emr115336575ab.7.1724664543198; 
 Mon, 26 Aug 2024 02:29:03 -0700 (PDT)
Received: from postal.iol.unh.edu (postal.iol.unh.edu. [132.177.123.84])
 by smtp-relay.gmail.com with ESMTPS id
 8926c6da1cb9f-4ce70f12f42sm350348173.14.2024.08.26.02.29.03
 (version=TLS1_2 cipher=ECDHE-ECDSA-AES128-GCM-SHA256 bits=128/128);
 Mon, 26 Aug 2024 02:29:03 -0700 (PDT)
X-Relaying-Domain: iol.unh.edu
Date: Mon, 26 Aug 2024 02:29:03 -0700 (PDT)
Message-ID: <66cc4adf.050a0220.285bd0.f5b0SMTPIN_ADDED_MISSING@mx.google.com>
Received: from [172.17.0.5] (unknown [172.18.0.215])
 by postal.iol.unh.edu (Postfix) with ESMTP id AB3A96050A6B;
 Mon, 26 Aug 2024 05:29:02 -0400 (EDT)
Subject: |WARNING| [GIT MASTER] ff4d4839f9c2a6d05dca0a25ed6b1549402e1682
From: dpdklab@iol.unh.edu
To: Test Report <test-report@dpdk.org>
Cc: dpdk-test-reports@iol.unh.edu, Xueming Li <xuemingl@nvidia.com>,
 Christian Ehrhardt <christian.ehrhardt@canonical.com>,
 Kevin Traynor <ktraynor@redhat.com>, Luca Boccassi <bluca@debian.org>
Content-Type: text/plain
X-BeenThere: test-report@dpdk.org
X-Mailman-Version: 2.1.29
Precedence: list
List-Id: automatic DPDK test reports <test-report.dpdk.org>
List-Unsubscribe: <https://mails.dpdk.org/options/test-report>,
 <mailto:test-report-request@dpdk.org?subject=unsubscribe>
List-Archive: <http://mails.dpdk.org/archives/test-report/>
List-Post: <mailto:test-report@dpdk.org>
List-Help: <mailto:test-report-request@dpdk.org?subject=help>
List-Subscribe: <https://mails.dpdk.org/listinfo/test-report>,
 <mailto:test-report-request@dpdk.org?subject=subscribe>
Errors-To: test-report-bounces@dpdk.org

_Testing issues_

Branch: tags/v22.11

ff4d4839f9c2a6d05dca0a25ed6b1549402e1682 --> testing issues

Upstream job id: Generic-Unit-Test-DPDK#255464

Test environment and result as below:

+---------------------+----------------+
|     Environment     | dpdk_unit_test |
+=====================+================+
| CentOS Stream 9     | PASS           |
+---------------------+----------------+
| Debian Bullseye     | PASS           |
+---------------------+----------------+
| Debian 12           | PASS           |
+---------------------+----------------+
| Fedora 37           | PASS           |
+---------------------+----------------+
| Fedora 38 (Clang)   | PASS           |
+---------------------+----------------+
| Fedora 38           | PASS           |
+---------------------+----------------+
| Fedora 39           | PASS           |
+---------------------+----------------+
| Fedora 39 (Clang)   | PASS           |
+---------------------+----------------+
| Fedora 40           | PASS           |
+---------------------+----------------+
| RHEL 7              | WARN           |
+---------------------+----------------+
| Fedora 40 (Clang)   | PASS           |
+---------------------+----------------+
| RHEL8               | PASS           |
+---------------------+----------------+
| RHEL9               | PASS           |
+---------------------+----------------+
| Ubuntu 22.04        | PASS           |
+---------------------+----------------+
| Ubuntu 24.04        | PASS           |
+---------------------+----------------+
| Ubuntu 20.04        | PASS           |
+---------------------+----------------+
| Windows Server 2022 | PASS           |
+---------------------+----------------+

==== 20 line log output for RHEL 7 (dpdk_unit_test): ====
*lctx = EVP_MD_CTX_new();
^
../drivers/crypto/openssl/rte_openssl_pmd.c: At top level:
../drivers/crypto/openssl/rte_openssl_pmd.c:34:13: error: 'HMAC_CTX_free' defined but not used [-Werror=unused-function]
static void HMAC_CTX_free(HMAC_CTX *ctx)
^
cc1: all warnings being treated as errors
[2476/3479] Compiling C object 'drivers/a715181@@tmp_rte_crypto_openssl@sta/crypto_openssl_rte_openssl_pmd_ops.c.o'.
FAILED: drivers/a715181@@tmp_rte_crypto_openssl@sta/crypto_openssl_rte_openssl_pmd_ops.c.o
ccache cc -Idrivers/a715181@@tmp_rte_crypto_openssl@sta -Idrivers -I../drivers -Idrivers/crypto/openssl -I../drivers/crypto/openssl -Ilib/cryptodev -I../lib/cryptodev -I. -I../ -Iconfig -I../config -Ilib/eal/include -I../lib/eal/include -Ilib/eal/linux/include -I../lib/eal/linux/include -Ilib/eal/x86/include -I../lib/eal/x86/include -Ilib/eal/common -I../lib/eal/common -Ilib/eal -I../lib/eal -Ilib/kvargs -I../lib/kvargs -Ilib/telemetry/../metrics -I../lib/telemetry/../metrics -Ilib/telemetry -I../lib/telemetry -Ilib/mbuf -I../lib/mbuf -Ilib/mempool -I../lib/mempool -Ilib/ring -I../lib/ring -Ilib/rcu -I../lib/rcu -Idrivers/bus/vdev -I../drivers/bus/vdev -pipe -D_FILE_OFFSET_BITS=64 -Wall -Winvalid-pch -Wextra -Werror -O3 -include rte_config.h -Wcast-qual -Wdeprecated -Wformat -Wformat-nonliteral -Wformat-security -Wmissing-declarations -Wmissing-prototypes -Wnested-externs -Wold-style-definition -Wpointer-arith -Wsign-compare -Wstrict-prototypes -Wundef -Wwrite-strings -Wno-missing-fi
 eld-initializers -D_GNU_SOURCE -fPIC -march=native -DALLOW_EXPERIMENTAL_API -DALLOW_INTERNAL_API -DRTE_LOG_DEFAULT_LOGTYPE=pmd.crypto.openssl -MD -MQ 'drivers/a715181@@tmp_rte_crypto_openssl@sta/crypto_openssl_rte_openssl_pmd_ops.c.o' -MF 'drivers/a715181@@tmp_rte_crypto_openssl@sta/crypto_openssl_rte_openssl_pmd_ops.c.o.d' -o 'drivers/a715181@@tmp_rte_crypto_openssl@sta/crypto_openssl_rte_openssl_pmd_ops.c.o' -c ../drivers/crypto/openssl/rte_openssl_pmd_ops.c
In file included from ../drivers/crypto/openssl/rte_openssl_pmd_ops.c:12:0:
../drivers/crypto/openssl/compat.h: In function 'free_hmac_ctx':
../drivers/crypto/openssl/compat.h:24:2: error: implicit declaration of function 'HMAC_CTX_free' [-Werror=implicit-function-declaration]
HMAC_CTX_free(ctx);
^
../drivers/crypto/openssl/compat.h:24:2: error: nested extern declaration of 'HMAC_CTX_free' [-Werror=nested-externs]
cc1: all warnings being treated as errors
[2477/3479] Generating rte_crypto_octeontx.sym_chk with a meson_exe.py custom command.
[2478/3479] Generating symbol file 'drivers/a715181@@rte_crypto_cnxk@sha/librte_crypto_cnxk.so.23.0.symbols'.
ninja: build stopped: subcommand failed.
==== End log output ====

CentOS Stream 9
	Kernel: Depends on container host
	Compiler: gcc 11.4.1 20231218 (Red Hat 11.4.1-3)

Debian Bullseye
	Kernel: Depends on container host
	Compiler: gcc (Debian 10.2.1-6) 10.2.1 20210110

Debian 12
	Kernel: Depends on container host
	Compiler: gcc (Debian 12.2.0-14) 12.2.0

Fedora 37
	Kernel: Depends on container host system
	Compiler: gcc 12.3.1 20230508 (Red Hat 12.3.1-1)

Fedora 38 (Clang)
	Kernel: Depends on container host
	Compiler: clang 16.0.6 (Fedora 16.0.6-4.fc38)

Fedora 38
	Kernel: Depends on container host
	Compiler: gcc 13.2.1 20240316 (Red Hat 13.2.1-7)

Fedora 39
	Kernel: Depends on container host
	Compiler: gcc 13.3.1 20240522 (Red Hat 13.3.1-1)

Fedora 39 (Clang)
	Kernel: Depends on container host
	Compiler: clang 17.0.6 (Fedora 17.0.6-2.fc39)

Fedora 40
	Kernel: Depends on container host
	Compiler: gcc 14.2.1 20240801 (Red Hat 14.2.1-1)

RHEL 7
	Kernel: Depends on container host
	Compiler: gcc 4.8.5 20150623 (Red Hat 4.8.5-44)

Fedora 40 (Clang)
	Kernel: Depends on container host
	Compiler: clang 18.1.6 (Fedora 18.1.6-3.fc40)

RHEL8
	Kernel: Depends on container host
	Compiler: gcc 8.5.0 20210514 (Red Hat 8.5.0-22)

RHEL9
	Kernel: Depends on container host
	Compiler: gcc 11.4.1 20231218 (Red Hat 11.4.1-3)

Ubuntu 22.04
	Kernel: Depends on container host
	Compiler: gcc (Ubuntu 11.4.0-1ubuntu1~22.04) 11.4.0

Ubuntu 24.04
	Kernel: Depends on container host
	Compiler: gcc (Ubuntu 13.2.0-23ubuntu4) 13.2.0

Ubuntu 20.04
	Kernel: Depends on container host
	Compiler: gcc (Ubuntu 9.4.0-1ubuntu1~20.04.2) 9.4.0

Windows Server 2022
	Kernel: 10.0.20348.2031
	Compiler: clang 15.0.7, gcc 14.1.0 (MinGW), and MSVC VS 19.39.33521

To view detailed results, visit:
https://lab.dpdk.org/results/dashboard/tarballs/30357/

UNH-IOL DPDK Community Lab

To manage your email subscriptions, visit: 
https://lab.dpdk.org/results/dashboard/preferences/subscriptions/