From mboxrd@z Thu Jan  1 00:00:00 1970
Return-Path: <test-report-bounces@dpdk.org>
Received: from mails.dpdk.org (mails.dpdk.org [217.70.189.124])
	by inbox.dpdk.org (Postfix) with ESMTP id 821D845880
	for <public@inbox.dpdk.org>; Wed, 28 Aug 2024 04:42:17 +0200 (CEST)
Received: from mails.dpdk.org (localhost [127.0.0.1])
	by mails.dpdk.org (Postfix) with ESMTP id 5C1CA40285;
	Wed, 28 Aug 2024 04:42:17 +0200 (CEST)
Received: from mail-yb1-f225.google.com (mail-yb1-f225.google.com
 [209.85.219.225])
 by mails.dpdk.org (Postfix) with ESMTP id A69124026F
 for <test-report@dpdk.org>; Wed, 28 Aug 2024 04:42:16 +0200 (CEST)
Received: by mail-yb1-f225.google.com with SMTP id
 3f1490d57ef6-e1633202008so6110497276.2
 for <test-report@dpdk.org>; Tue, 27 Aug 2024 19:42:16 -0700 (PDT)
DKIM-Signature: v=1; a=rsa-sha256; c=relaxed/relaxed;
 d=iol.unh.edu; s=unh-iol; t=1724812936; x=1725417736; darn=dpdk.org;
 h=references:in-reply-to:cc:to:from:subject:message-id:date:from:to
 :cc:subject:date:message-id:reply-to;
 bh=NuvgzuuqyJytXb1s21tFgB/8SM90Dx4uUD6m21pRYYo=;
 b=HmLevhZ7FuJN+GsX2rv+8639hsAZ3LdZDPHceISI1XfAYtXeI+KSbt+6qs7+pH+AQw
 3cEH1xRgNB0SkuN5zEUl6R0twRX716cc5ZD5cesD72YL87/1+w/NRXv/vRuoKHR1WKXY
 rq3gl02qIiQcJb5Dyw5wwhKOP0cv68oRIveYA=
X-Google-DKIM-Signature: v=1; a=rsa-sha256; c=relaxed/relaxed;
 d=1e100.net; s=20230601; t=1724812936; x=1725417736;
 h=references:in-reply-to:cc:to:from:subject:message-id:date
 :x-gm-message-state:from:to:cc:subject:date:message-id:reply-to;
 bh=NuvgzuuqyJytXb1s21tFgB/8SM90Dx4uUD6m21pRYYo=;
 b=PZguUx7KXxzl9V0+FRAkJijUk1IAD+yAGANTd+k++r1CBUq8GPzp9WJX/RhiieOsOh
 2rF2hJWl1PVDfwFgfSbpTY9oJa9eXMhd3iS2NAYfHWzI7m++lCsaPZYtRMEM34K6JRyg
 DUady8uLeBcKU3JV1Ij5gznUl//kjmmHQHhhQKR3+/OMb4jrBRLrFPPB1KCWmL3f8vva
 NDjyRyY2pyNuRRMoNw5E69ym9dXhKcqaEeOyUB8Rme/qtQ0cuFG/dDdAirEuQC96Fsu6
 sYa3NR6/HmBJ2YTpv/ZsEcsaMASKP/9wyJv7z45N3Bd2rblQKWwV0tmqFR7GIIP6d5KP
 RcYw==
X-Gm-Message-State: AOJu0Yy1Tl869a4ZZ818NxHWAnkz9JIHZ6N5HVtNng0U76g8/3Fbxh4J
 F6k06exri5EoDPpvlg3Nu+MhpGIeMLykX+0CGBJ/eg4j9HzPXPGq67Zr+cXjRS1ky34bxLXvGeg
 o2K61QiLd7m7TGC/Gr4JlY2dnCxCN1n1Vuw+A+BO8
X-Google-Smtp-Source: AGHT+IG24hB3nC8/E9XvBeAnfh55ClpGZLyqocCxPn6NJN8w5vnRribzpODnFBS2/ZzB4ALJmmb29Z5mKF99
X-Received: by 2002:a05:6902:2383:b0:e11:5ff3:2327 with SMTP id
 3f1490d57ef6-e1a456b92d6mr555184276.31.1724812935545; 
 Tue, 27 Aug 2024 19:42:15 -0700 (PDT)
Received: from postal.iol.unh.edu (postal.iol.unh.edu. [132.177.123.84])
 by smtp-relay.gmail.com with ESMTPS id
 3f1490d57ef6-e178e56b7b5sm764207276.26.2024.08.27.19.42.15
 (version=TLS1_2 cipher=ECDHE-ECDSA-AES128-GCM-SHA256 bits=128/128);
 Tue, 27 Aug 2024 19:42:15 -0700 (PDT)
X-Relaying-Domain: iol.unh.edu
Date: Tue, 27 Aug 2024 19:42:15 -0700 (PDT)
Message-ID: <66ce8e87.250a0220.132f70.7e9eSMTPIN_ADDED_MISSING@mx.google.com>
Received: from [172.17.0.2] (unknown [172.18.0.215])
 by postal.iol.unh.edu (Postfix) with ESMTP id 24972605C351;
 Tue, 27 Aug 2024 22:42:15 -0400 (EDT)
Subject: |FAILURE| pw143417 [PATCH] net/ice: support for more flexible loadin
From: dpdklab@iol.unh.edu
To: Test Report <test-report@dpdk.org>
Cc: dpdk-test-reports@iol.unh.edu, Zhichao Zeng <zhichaox.zeng@intel.com>
In-Reply-To: <20240828015758.1047979-1-zhichaox.zeng@intel.com>
References: <20240828015758.1047979-1-zhichaox.zeng@intel.com>
Content-Type: text/plain
X-BeenThere: test-report@dpdk.org
X-Mailman-Version: 2.1.29
Precedence: list
List-Id: automatic DPDK test reports <test-report.dpdk.org>
List-Unsubscribe: <https://mails.dpdk.org/options/test-report>,
 <mailto:test-report-request@dpdk.org?subject=unsubscribe>
List-Archive: <http://mails.dpdk.org/archives/test-report/>
List-Post: <mailto:test-report@dpdk.org>
List-Help: <mailto:test-report-request@dpdk.org?subject=help>
List-Subscribe: <https://mails.dpdk.org/listinfo/test-report>,
 <mailto:test-report-request@dpdk.org?subject=subscribe>
Errors-To: test-report-bounces@dpdk.org

Test-Label: iol-unit-amd64-testing
Test-Status: FAILURE
http://dpdk.org/patch/143417

_Testing issues_

Submitter: Zhichao Zeng <zhichaox.zeng@intel.com>
Date: Wednesday, August 28 2024 01:57:58 
DPDK git baseline: Repo:dpdk
  Branch: master
  CommitID:0992e39b584cf3f0a7f08c5d72c363ee4018985a

143417 --> testing issues

Upstream job id: Generic-Unit-Test-DPDK#255979

Test environment and result as below:

+---------------------+----------------+
|     Environment     | dpdk_unit_test |
+=====================+================+
| CentOS Stream 9     | PASS           |
+---------------------+----------------+
| Debian Bullseye     | PASS           |
+---------------------+----------------+
| Debian 12           | PASS           |
+---------------------+----------------+
| Fedora 37           | PASS           |
+---------------------+----------------+
| Windows Server 2022 | PASS           |
+---------------------+----------------+
| Fedora 38           | PASS           |
+---------------------+----------------+
| Fedora 38 (Clang)   | PASS           |
+---------------------+----------------+
| Fedora 39 (Clang)   | PEND           |
+---------------------+----------------+
| Fedora 40           | PASS           |
+---------------------+----------------+
| Fedora 40 (Clang)   | PEND           |
+---------------------+----------------+
| RHEL8               | PASS           |
+---------------------+----------------+
| RHEL9               | PASS           |
+---------------------+----------------+
| Ubuntu 20.04        | PEND           |
+---------------------+----------------+
| Ubuntu 22.04        | WARN           |
+---------------------+----------------+
| Ubuntu 24.04        | PEND           |
+---------------------+----------------+

==== 20 line log output for Ubuntu 22.04 (dpdk_unit_test): ====
[1608/2940] Compiling C object 'drivers/net/ice/6ab06a9@@ice_avx2_lib@sta/ice_rxtx_vec_avx2.c.o'.
[1609/2940] Linking static target drivers/net/ice/libice_avx2_lib.a.
[1610/2940] Compiling C object 'drivers/a715181@@tmp_rte_net_ice@sta/net_ice_ice_acl_filter.c.o'.
[1611/2940] Compiling C object 'drivers/net/ice/6ab06a9@@ice_avx512_lib@sta/ice_rxtx_vec_avx512.c.o'.
[1612/2940] Linking static target drivers/net/ice/libice_avx512_lib.a.
[1613/2940] Compiling C object 'drivers/a715181@@tmp_rte_net_ice@sta/net_ice_ice_diagnose.c.o'.
[1614/2940] Compiling C object 'drivers/a715181@@tmp_rte_net_ice@sta/net_ice_ice_generic_flow.c.o'.
[1615/2940] Compiling C object 'drivers/a715181@@tmp_rte_net_ice@sta/net_ice_ice_fdir_filter.c.o'.
[1616/2940] Compiling C object 'drivers/a715181@@tmp_rte_net_ice@sta/net_ice_ice_ethdev.c.o'.
FAILED: drivers/a715181@@tmp_rte_net_ice@sta/net_ice_ice_ethdev.c.o
ccache cc -Idrivers/a715181@@tmp_rte_net_ice@sta -Idrivers -I../drivers -Idrivers/net/ice -I../drivers/net/ice -Idrivers/net/ice/base -I../drivers/net/ice/base -Idrivers/net/ice/../../common/iavf -I../drivers/net/ice/../../common/iavf -Ilib/ethdev -I../lib/ethdev -I. -I../ -Iconfig -I../config -Ilib/eal/include -I../lib/eal/include -Ilib/eal/linux/include -I../lib/eal/linux/include -Ilib/eal/x86/include -I../lib/eal/x86/include -Ilib/eal/common -I../lib/eal/common -Ilib/eal -I../lib/eal -Ilib/kvargs -I../lib/kvargs -Ilib/log -I../lib/log -Ilib/telemetry/../metrics -I../lib/telemetry/../metrics -Ilib/telemetry -I../lib/telemetry -Ilib/net -I../lib/net -Ilib/mbuf -I../lib/mbuf -Ilib/mempool -I../lib/mempool -Ilib/ring -I../lib/ring -Ilib/meter -I../lib/meter -Idrivers/bus/pci -I../drivers/bus/pci -I../drivers/bus/pci/linux -Ilib/pci -I../lib/pci -Idrivers/bus/vdev -I../drivers/bus/vdev -Ilib/hash -I../lib/hash -Ilib/rcu -I../lib/rcu -Idrivers/common/iavf -I../drivers/common/iavf -fdiag
 nostics-color=always -pipe -D_FILE_OFFSET_BITS=64 -Wall -Winvalid-pch -Wextra -Werror -std=c11 -O3 -include rte_config.h -Wcast-qual -Wdeprecated -Wformat -Wformat-nonliteral -Wformat-security -Wmissing-declarations -Wmissing-prototypes -Wnested-externs -Wold-style-definition -Wpointer-arith -Wsign-compare -Wstrict-prototypes -Wundef -Wwrite-strings -Wno-address-of-packed-member -Wno-packed-not-aligned -Wno-missing-field-initializers -Wno-zero-length-bounds -D_GNU_SOURCE -fPIC -march=native -mrtm -DALLOW_EXPERIMENTAL_API -DALLOW_INTERNAL_API -Wno-format-truncation -DCC_AVX512_SUPPORT -DRTE_LOG_DEFAULT_LOGTYPE=pmd.net.ice -MD -MQ 'drivers/a715181@@tmp_rte_net_ice@sta/net_ice_ice_ethdev.c.o' -MF 'drivers/a715181@@tmp_rte_net_ice@sta/net_ice_ice_ethdev.c.o.d' -o 'drivers/a715181@@tmp_rte_net_ice@sta/net_ice_ice_ethdev.c.o' -c ../drivers/net/ice/ice_ethdev.c
../drivers/net/ice/ice_ethdev.c: In function 'ice_read_customized_path':
../drivers/net/ice/ice_ethdev.c:1898:9: error: ignoring return value of 'fscanf' declared with attribute 'warn_unused_result' [-Werror=unused-result]
1898 |         fscanf(fp, "%s\n", buf);
|         ^~~~~~~~~~~~~~~~~~~~~~~
cc1: all warnings being treated as errors
[1617/2940] Compiling C object 'drivers/a715181@@tmp_rte_net_ice@sta/net_ice_ice_hash.c.o'.
[1618/2940] Generating rte_common_cnxk.sym_chk with a meson_exe.py custom command.
[1619/2940] Compiling C object 'drivers/a715181@@tmp_rte_net_ice@sta/net_ice_ice_rxtx.c.o'.
ninja: build stopped: subcommand failed.
==== End log output ====

CentOS Stream 9
	Kernel: Depends on container host
	Compiler: gcc 11.4.1 20231218 (Red Hat 11.4.1-3)

Debian Bullseye
	Kernel: Depends on container host
	Compiler: gcc (Debian 10.2.1-6) 10.2.1 20210110

Debian 12
	Kernel: Depends on container host
	Compiler: gcc (Debian 12.2.0-14) 12.2.0

Fedora 37
	Kernel: Depends on container host system
	Compiler: gcc 12.3.1 20230508 (Red Hat 12.3.1-1)

Windows Server 2022
	Kernel: 10.0.20348.2031
	Compiler: clang 15.0.7, gcc 14.1.0 (MinGW), and MSVC VS 19.39.33521

Fedora 38
	Kernel: Depends on container host
	Compiler: gcc 13.2.1 20240316 (Red Hat 13.2.1-7)

Fedora 38 (Clang)
	Kernel: Depends on container host
	Compiler: clang 16.0.6 (Fedora 16.0.6-4.fc38)

Fedora 39 (Clang)
	Kernel: Depends on container host
	Compiler: clang 17.0.6 (Fedora 17.0.6-2.fc39)

Fedora 40
	Kernel: Depends on container host
	Compiler: gcc 14.2.1 20240801 (Red Hat 14.2.1-1)

Fedora 40 (Clang)
	Kernel: Depends on container host
	Compiler: clang 18.1.6 (Fedora 18.1.6-3.fc40)

RHEL8
	Kernel: Depends on container host
	Compiler: gcc 8.5.0 20210514 (Red Hat 8.5.0-22)

RHEL9
	Kernel: Depends on container host
	Compiler: gcc 11.4.1 20231218 (Red Hat 11.4.1-3)

Ubuntu 20.04
	Kernel: Depends on container host
	Compiler: gcc (Ubuntu 9.4.0-1ubuntu1~20.04.2) 9.4.0

Ubuntu 22.04
	Kernel: Depends on container host
	Compiler: gcc (Ubuntu 11.4.0-1ubuntu1~22.04) 11.4.0

Ubuntu 24.04
	Kernel: Depends on container host
	Compiler: gcc (Ubuntu 13.2.0-23ubuntu4) 13.2.0

To view detailed results, visit:
https://lab.dpdk.org/results/dashboard/patchsets/30868/

UNH-IOL DPDK Community Lab

To manage your email subscriptions, visit: 
https://lab.dpdk.org/results/dashboard/preferences/subscriptions/