From mboxrd@z Thu Jan  1 00:00:00 1970
Return-Path: <test-report-bounces@dpdk.org>
Received: from mails.dpdk.org (mails.dpdk.org [217.70.189.124])
	by inbox.dpdk.org (Postfix) with ESMTP id D2ED845888
	for <public@inbox.dpdk.org>; Wed, 28 Aug 2024 14:49:37 +0200 (CEST)
Received: from mails.dpdk.org (localhost [127.0.0.1])
	by mails.dpdk.org (Postfix) with ESMTP id CA974402CA;
	Wed, 28 Aug 2024 14:49:37 +0200 (CEST)
Received: from mail-il1-f228.google.com (mail-il1-f228.google.com
 [209.85.166.228])
 by mails.dpdk.org (Postfix) with ESMTP id E7F0140150
 for <test-report@dpdk.org>; Wed, 28 Aug 2024 14:49:36 +0200 (CEST)
Received: by mail-il1-f228.google.com with SMTP id
 e9e14a558f8ab-37636c3872bso24155605ab.3
 for <test-report@dpdk.org>; Wed, 28 Aug 2024 05:49:36 -0700 (PDT)
DKIM-Signature: v=1; a=rsa-sha256; c=relaxed/relaxed;
 d=iol.unh.edu; s=unh-iol; t=1724849376; x=1725454176; darn=dpdk.org;
 h=references:in-reply-to:cc:to:from:subject:message-id:date:from:to
 :cc:subject:date:message-id:reply-to;
 bh=8yQPismx50mm58sGODXb8A2yRn12hLvpR5JdvnrqO+8=;
 b=TZ6x9q3YloNT1qlu/BGv4Urk4g4m4Tbhy5Shrl6D9x2jfFkWLjNdhv6jaiOpEUszGc
 R70mADrx5L+WQA1c1zg3RHuOMnXx7HW+P2WnLjWTHJeJR5zB1ZE55G8LDzV2EbI5t3Pl
 byYjrJDc0Zb3QbM7dfMC+vnVUGKKyALee2Tts=
X-Google-DKIM-Signature: v=1; a=rsa-sha256; c=relaxed/relaxed;
 d=1e100.net; s=20230601; t=1724849376; x=1725454176;
 h=references:in-reply-to:cc:to:from:subject:message-id:date
 :x-gm-message-state:from:to:cc:subject:date:message-id:reply-to;
 bh=8yQPismx50mm58sGODXb8A2yRn12hLvpR5JdvnrqO+8=;
 b=N8I171uFFqWfvO8ufoGiv95d6Kljt8ElXJ8un/bWVb9ets4JfwrvxWteWGScw/PE5d
 ICvNivQirQ3uZxxRrNoKXypX6JAedb9pBbdkn09U9j/tPyukWn/QrBM9EQzBiiwEn+Xn
 FZgCN3pe9kS+5XVoknLLcGNLg4kEvCuxuTLDm5551QlDN+yRSekeH6Slia58LVzBwsHH
 yoEBReH4EkgphvEtxNNtdd2CYq3f2VI7p0h+fBiMgA0oyTmb7qQ6aLiQvRpwxyOy3K0N
 ypbbSi3YVSZ9F5NjUgF24/vDiqJdy26TiGYHJCzkMPQCB93n+CBzQy34T3pLkay+Z5Va
 KVTw==
X-Gm-Message-State: AOJu0YwsnKui8rS6JrZ3uUuKTx1fa4xW8cRFrhBMrx5ESJVbyOPE7m8G
 TpmqBTrOoRF0++00/b89QPk1vmV+sYyj1+KZjy6BgbEUr6UjxppRUpT9cne/KwYhnb+7FBu000k
 aJw23LkFLLVt/aaghTID26wvJd/tbdvdwXMjMXqE4Yt8oDywY7nQojOkf
X-Google-Smtp-Source: AGHT+IFH8UqheKCGd++ExJMe8C3y8SHtow13Mptyn6tuIsmEAgaXM16BPHKfZ4CY/2VP0A481u80b3FWBMrp
X-Received: by 2002:a05:6e02:1562:b0:39d:2a84:869f with SMTP id
 e9e14a558f8ab-39e3c9756e4mr182725605ab.6.1724849376200; 
 Wed, 28 Aug 2024 05:49:36 -0700 (PDT)
Received: from postal.iol.unh.edu (postal.iol.unh.edu.
 [2606:4100:3880:1234::84]) by smtp-relay.gmail.com with ESMTPS id
 e9e14a558f8ab-39d73ee76easm7584555ab.68.2024.08.28.05.49.36
 (version=TLS1_2 cipher=ECDHE-ECDSA-AES128-GCM-SHA256 bits=128/128);
 Wed, 28 Aug 2024 05:49:36 -0700 (PDT)
X-Relaying-Domain: iol.unh.edu
Date: Wed, 28 Aug 2024 05:49:36 -0700 (PDT)
Message-ID: <66cf1ce0.050a0220.3917e5.3273SMTPIN_ADDED_MISSING@mx.google.com>
Received: from [172.17.0.2] (unknown [172.18.0.215])
 by postal.iol.unh.edu (Postfix) with ESMTP id BD9086050A6B;
 Wed, 28 Aug 2024 08:49:35 -0400 (EDT)
Subject: |FAILURE| pw143421 [PATCH] bus/pci: don't open uio device in seconda
From: dpdklab@iol.unh.edu
To: Test Report <test-report@dpdk.org>
Cc: dpdk-test-reports@iol.unh.edu, Konrad Sztyber <konrad.sztyber@intel.com>
In-Reply-To: <20240828104002.226704-1-konrad.sztyber@intel.com>
References: <20240828104002.226704-1-konrad.sztyber@intel.com>
Content-Type: text/plain
X-BeenThere: test-report@dpdk.org
X-Mailman-Version: 2.1.29
Precedence: list
List-Id: automatic DPDK test reports <test-report.dpdk.org>
List-Unsubscribe: <https://mails.dpdk.org/options/test-report>,
 <mailto:test-report-request@dpdk.org?subject=unsubscribe>
List-Archive: <http://mails.dpdk.org/archives/test-report/>
List-Post: <mailto:test-report@dpdk.org>
List-Help: <mailto:test-report-request@dpdk.org?subject=help>
List-Subscribe: <https://mails.dpdk.org/listinfo/test-report>,
 <mailto:test-report-request@dpdk.org?subject=subscribe>
Errors-To: test-report-bounces@dpdk.org

Test-Label: iol-unit-amd64-testing
Test-Status: FAILURE
http://dpdk.org/patch/143421

_Testing issues_

Submitter: Konrad Sztyber <konrad.sztyber@intel.com>
Date: Wednesday, August 28 2024 10:40:02 
DPDK git baseline: Repo:dpdk
  Branch: master
  CommitID:cb9187bc5c2b4bab0ad80194ac3b60491de14e8c

143421 --> testing issues

Upstream job id: Generic-Unit-Test-DPDK#256180

Test environment and result as below:

+---------------------+----------------+
|     Environment     | dpdk_unit_test |
+=====================+================+
| CentOS Stream 9     | PASS           |
+---------------------+----------------+
| Debian Bullseye     | PASS           |
+---------------------+----------------+
| Debian 12           | PASS           |
+---------------------+----------------+
| Fedora 37           | PASS           |
+---------------------+----------------+
| Fedora 38 (Clang)   | PASS           |
+---------------------+----------------+
| Fedora 39           | PASS           |
+---------------------+----------------+
| Fedora 39 (Clang)   | PASS           |
+---------------------+----------------+
| Fedora 40           | PASS           |
+---------------------+----------------+
| Fedora 40 (Clang)   | PASS           |
+---------------------+----------------+
| RHEL8               | PASS           |
+---------------------+----------------+
| Ubuntu 20.04        | PASS           |
+---------------------+----------------+
| RHEL9               | PASS           |
+---------------------+----------------+
| Ubuntu 22.04        | PASS           |
+---------------------+----------------+
| Windows Server 2022 | FAIL           |
+---------------------+----------------+
| Ubuntu 24.04        | PEND           |
+---------------------+----------------+

==== Unit test summary for Windows Server 2022 (dpdk_unit_test): ====
Failed to get the unit test results.
Displaying the unit test results is not supported for some environments,
such as our aarch32 testing, where meson is not used to run the tests.
Download the logs available on our CI site.
==== End log output ====

CentOS Stream 9
	Kernel: Depends on container host
	Compiler: gcc 11.4.1 20231218 (Red Hat 11.4.1-3)

Debian Bullseye
	Kernel: Depends on container host
	Compiler: gcc (Debian 10.2.1-6) 10.2.1 20210110

Debian 12
	Kernel: Depends on container host
	Compiler: gcc (Debian 12.2.0-14) 12.2.0

Fedora 37
	Kernel: Depends on container host system
	Compiler: gcc 12.3.1 20230508 (Red Hat 12.3.1-1)

Fedora 38 (Clang)
	Kernel: Depends on container host
	Compiler: clang 16.0.6 (Fedora 16.0.6-4.fc38)

Fedora 39
	Kernel: Depends on container host
	Compiler: gcc 13.3.1 20240522 (Red Hat 13.3.1-1)

Fedora 39 (Clang)
	Kernel: Depends on container host
	Compiler: clang 17.0.6 (Fedora 17.0.6-2.fc39)

Fedora 40
	Kernel: Depends on container host
	Compiler: gcc 14.2.1 20240801 (Red Hat 14.2.1-1)

Fedora 40 (Clang)
	Kernel: Depends on container host
	Compiler: clang 18.1.6 (Fedora 18.1.6-3.fc40)

RHEL8
	Kernel: Depends on container host
	Compiler: gcc 8.5.0 20210514 (Red Hat 8.5.0-22)

Ubuntu 20.04
	Kernel: Depends on container host
	Compiler: gcc (Ubuntu 9.4.0-1ubuntu1~20.04.2) 9.4.0

RHEL9
	Kernel: Depends on container host
	Compiler: gcc 11.4.1 20231218 (Red Hat 11.4.1-3)

Ubuntu 22.04
	Kernel: Depends on container host
	Compiler: gcc (Ubuntu 11.4.0-1ubuntu1~22.04) 11.4.0

Windows Server 2022
	Kernel: 10.0.20348.2031
	Compiler: clang 15.0.7, gcc 14.1.0 (MinGW), and MSVC VS 19.39.33521

Ubuntu 24.04
	Kernel: Depends on container host
	Compiler: gcc (Ubuntu 13.2.0-23ubuntu4) 13.2.0

To view detailed results, visit:
https://lab.dpdk.org/results/dashboard/patchsets/30871/

UNH-IOL DPDK Community Lab

To manage your email subscriptions, visit: 
https://lab.dpdk.org/results/dashboard/preferences/subscriptions/