From mboxrd@z Thu Jan 1 00:00:00 1970
Return-Path: <test-report-bounces@dpdk.org>
Received: from mails.dpdk.org (mails.dpdk.org [217.70.189.124])
by inbox.dpdk.org (Postfix) with ESMTP id 3DFE3458A2
for <public@inbox.dpdk.org>; Fri, 30 Aug 2024 08:42:20 +0200 (CEST)
Received: from mails.dpdk.org (localhost [127.0.0.1])
by mails.dpdk.org (Postfix) with ESMTP id 9204542E8D;
Fri, 30 Aug 2024 08:42:19 +0200 (CEST)
Received: from mail-ot1-f98.google.com (mail-ot1-f98.google.com
[209.85.210.98]) by mails.dpdk.org (Postfix) with ESMTP id EC1F642E4C
for <test-report@dpdk.org>; Fri, 30 Aug 2024 08:40:51 +0200 (CEST)
Received: by mail-ot1-f98.google.com with SMTP id
46e09a7af769-70f6732a16dso410377a34.3
for <test-report@dpdk.org>; Thu, 29 Aug 2024 23:40:51 -0700 (PDT)
DKIM-Signature: v=1; a=rsa-sha256; c=relaxed/relaxed;
d=iol.unh.edu; s=unh-iol; t=1725000051; x=1725604851; darn=dpdk.org;
h=cc:to:from:subject:message-id:date:from:to:cc:subject:date
:message-id:reply-to;
bh=bDMHZ2WuHSHdpH60PLbM52/RDunRI8iHZg3ZUZ2hiMM=;
b=U1q004kGDVs4Oh9H6Vb26HUfcz2PKyQqB60MNHBLWAd+fbSW+FmhjjcnutK5OKbFGR
vQnB8raQZprZI3jcSCQGPY0DXi1goYrhklF59aiXgKOauNHVSCbonqA0qi/eixbTksrP
1Jxmhc1S6yRrgs7cV1/w7ozrn1sc74yNlBgwI=
X-Google-DKIM-Signature: v=1; a=rsa-sha256; c=relaxed/relaxed;
d=1e100.net; s=20230601; t=1725000051; x=1725604851;
h=cc:to:from:subject:message-id:date:x-gm-message-state:from:to:cc
:subject:date:message-id:reply-to;
bh=bDMHZ2WuHSHdpH60PLbM52/RDunRI8iHZg3ZUZ2hiMM=;
b=hnzfQNB/VnSNmYDvRHYaoVkcXme/m8T79XF6BmL4dBru2Jp12eNhSGfvIwXkBcrcfU
dhIv759kGvB5nMBBKfFz4vdAuvJUQI9W0WgltmTMu4aHwfJ2BjtJjSJ90EQCU8Nc0uRj
ePULgmk67uBwwHV4IioLdKyyqup21O5NXgF/+snYolgLNoCWrA+0EgIsTGEISriAIlzS
uJwHE9HRJhx9jvv9pjC352GjVgBdOR1d5IBmQdmJRIYCdHrVE0MdKCQRX4X5BJOSJtP9
EvoZadenZ74F1rWsVU3KOMwRsmIHE30a0enECUG7iq3BLIuYnfpzV9L/KCQUPImIdKO+
1QCA==
X-Gm-Message-State: AOJu0YwMalLlIBFPTt01Nal04wcAHU99c3O0fSuxI3Ch8cehjklesone
1QJKsEYR3WYgujxEsDQ6PWijTQDQuWBSeaC12neF6M6SP1el5VlGQm438rFP2gjhuyKGJk23AcD
OIkuaDIEqtvxde+Bmt310bNgopi/bAlCE
X-Google-Smtp-Source: AGHT+IFk5qeu18Cv0tRK5h4gL0mS2p28186/6rIcUPoB19MOogFj+QMxJp6pR4fQi63SCDZqS/9LBHU4JVj+
X-Received: by 2002:a05:6830:6783:b0:708:b3c0:1442 with SMTP id
46e09a7af769-70f5c343f46mr7465941a34.1.1725000051163;
Thu, 29 Aug 2024 23:40:51 -0700 (PDT)
Received: from postal.iol.unh.edu (postal.iol.unh.edu. [132.177.123.84])
by smtp-relay.gmail.com with ESMTPS id
46e09a7af769-70f6715f4dfsm35611a34.8.2024.08.29.23.40.51
(version=TLS1_2 cipher=ECDHE-ECDSA-AES128-GCM-SHA256 bits=128/128);
Thu, 29 Aug 2024 23:40:51 -0700 (PDT)
X-Relaying-Domain: iol.unh.edu
Date: Thu, 29 Aug 2024 23:40:51 -0700 (PDT)
Message-ID: <66d16973.050a0220.30bbb4.3202SMTPIN_ADDED_MISSING@mx.google.com>
Received: from [172.17.0.4] (unknown [172.18.0.213])
by postal.iol.unh.edu (Postfix) with ESMTP id 93B3D605C351;
Fri, 30 Aug 2024 02:40:50 -0400 (EDT)
Subject: |WARNING| [GIT MASTER] ff4d4839f9c2a6d05dca0a25ed6b1549402e1682
From: dpdklab@iol.unh.edu
To: Test Report <test-report@dpdk.org>
Cc: dpdk-test-reports@iol.unh.edu, Xueming Li <xuemingl@nvidia.com>,
Christian Ehrhardt <christian.ehrhardt@canonical.com>,
Kevin Traynor <ktraynor@redhat.com>, Luca Boccassi <bluca@debian.org>
Content-Type: text/plain
X-BeenThere: test-report@dpdk.org
X-Mailman-Version: 2.1.29
Precedence: list
List-Id: automatic DPDK test reports <test-report.dpdk.org>
List-Unsubscribe: <https://mails.dpdk.org/options/test-report>,
<mailto:test-report-request@dpdk.org?subject=unsubscribe>
List-Archive: <http://mails.dpdk.org/archives/test-report/>
List-Post: <mailto:test-report@dpdk.org>
List-Help: <mailto:test-report-request@dpdk.org?subject=help>
List-Subscribe: <https://mails.dpdk.org/listinfo/test-report>,
<mailto:test-report-request@dpdk.org?subject=subscribe>
Errors-To: test-report-bounces@dpdk.org
_Testing issues_
Branch: tags/v22.11
ff4d4839f9c2a6d05dca0a25ed6b1549402e1682 --> testing issues
Upstream job id: Generic-DPDK-Compile-ABI#103489
Test environment and result as below:
+-------------------+----------+
| Environment | abi_test |
+===================+==========+
| CentOS Stream 9 | PASS |
+-------------------+----------+
| Debian Bullseye | PASS |
+-------------------+----------+
| Fedora 38 (Clang) | PASS |
+-------------------+----------+
| Debian 12 | PASS |
+-------------------+----------+
| Fedora 37 | PASS |
+-------------------+----------+
| Fedora 39 | PASS |
+-------------------+----------+
| Fedora 38 | PASS |
+-------------------+----------+
| Fedora 40 (Clang) | PASS |
+-------------------+----------+
| Fedora 39 (Clang) | PASS |
+-------------------+----------+
| Fedora 40 | PASS |
+-------------------+----------+
| openSUSE Leap 15 | PASS |
+-------------------+----------+
| RHEL8 | PASS |
+-------------------+----------+
| Ubuntu 24.04 | PASS |
+-------------------+----------+
| RHEL 7 | FAIL |
+-------------------+----------+
| Ubuntu 22.04 | PASS |
+-------------------+----------+
| RHEL9 | PASS |
+-------------------+----------+
==== 20 line log output for RHEL 7 (abi_test): ====
HMAC_CTX_free(ctx);
^
../drivers/crypto/openssl/rte_openssl_pmd.c: In function 'openssl_reset_session':
../drivers/crypto/openssl/rte_openssl_pmd.c:897:2: error: 'for' loop initial declarations are only allowed in C99 mode
for (uint16_t i = 0; i < sess->ctx_copies_len; i++) {
^
../drivers/crypto/openssl/rte_openssl_pmd.c:897:2: note: use option -std=c99 or -std=gnu99 to compile your code
../drivers/crypto/openssl/rte_openssl_pmd.c: In function 'get_local_auth_ctx':
../drivers/crypto/openssl/rte_openssl_pmd.c:1667:3: warning: implicit declaration of function 'EVP_MD_CTX_new' [-Wimplicit-function-declaration]
*lctx = EVP_MD_CTX_new();
^
../drivers/crypto/openssl/rte_openssl_pmd.c:1667:3: warning: nested extern declaration of 'EVP_MD_CTX_new' [-Wnested-externs]
../drivers/crypto/openssl/rte_openssl_pmd.c:1667:9: warning: assignment makes pointer from integer without a cast [enabled by default]
*lctx = EVP_MD_CTX_new();
^
../drivers/crypto/openssl/rte_openssl_pmd.c: At top level:
../drivers/crypto/openssl/rte_openssl_pmd.c:34:13: warning: 'HMAC_CTX_free' defined but not used [-Wunused-function]
static void HMAC_CTX_free(HMAC_CTX *ctx)
^
ninja: build stopped: subcommand failed.
==== End log output ====
CentOS Stream 9
Kernel: Depends on container host
Compiler: gcc 11.4.1 20231218 (Red Hat 11.4.1-3)
Debian Bullseye
Kernel: Depends on container host
Compiler: gcc (Debian 10.2.1-6) 10.2.1 20210110
Fedora 38 (Clang)
Kernel: Depends on container host
Compiler: clang 16.0.6 (Fedora 16.0.6-4.fc38)
Debian 12
Kernel: Depends on container host
Compiler: gcc (Debian 12.2.0-14) 12.2.0
Fedora 37
Kernel: Depends on container host system
Compiler: gcc 12.3.1 20230508 (Red Hat 12.3.1-1)
Fedora 39
Kernel: Depends on container host
Compiler: gcc 13.3.1 20240522 (Red Hat 13.3.1-1)
Fedora 38
Kernel: Depends on container host
Compiler: gcc 13.2.1 20240316 (Red Hat 13.2.1-7)
Fedora 40 (Clang)
Kernel: Depends on container host
Compiler: clang 18.1.6 (Fedora 18.1.6-3.fc40)
Fedora 39 (Clang)
Kernel: Depends on container host
Compiler: clang 17.0.6 (Fedora 17.0.6-2.fc39)
Fedora 40
Kernel: Depends on container host
Compiler: gcc 14.2.1 20240801 (Red Hat 14.2.1-1)
openSUSE Leap 15
Kernel: Depends on container host
Compiler: gcc (SUSE Linux) 7.5.0
RHEL8
Kernel: Depends on container host
Compiler: gcc 8.5.0 20210514 (Red Hat 8.5.0-22)
Ubuntu 24.04
Kernel: Depends on container host
Compiler: gcc (Ubuntu 13.2.0-23ubuntu4) 13.2.0
RHEL 7
Kernel: Depends on container host
Compiler: gcc 4.8.5 20150623 (Red Hat 4.8.5-44)
Ubuntu 22.04
Kernel: Depends on container host
Compiler: gcc (Ubuntu 11.4.0-1ubuntu1~22.04) 11.4.0
RHEL9
Kernel: Depends on container host
Compiler: gcc 11.4.1 20231218 (Red Hat 11.4.1-3)
To view detailed results, visit:
https://lab.dpdk.org/results/dashboard/tarballs/30398/
UNH-IOL DPDK Community Lab
To manage your email subscriptions, visit:
https://lab.dpdk.org/results/dashboard/preferences/subscriptions/