From mboxrd@z Thu Jan  1 00:00:00 1970
Return-Path: <test-report-bounces@dpdk.org>
Received: from mails.dpdk.org (mails.dpdk.org [217.70.189.124])
	by inbox.dpdk.org (Postfix) with ESMTP id 45BAC4590C
	for <public@inbox.dpdk.org>; Thu,  5 Sep 2024 11:19:36 +0200 (CEST)
Received: from mails.dpdk.org (localhost [127.0.0.1])
	by mails.dpdk.org (Postfix) with ESMTP id 3FA8840264;
	Thu,  5 Sep 2024 11:19:36 +0200 (CEST)
Received: from mail-pl1-f225.google.com (mail-pl1-f225.google.com
 [209.85.214.225])
 by mails.dpdk.org (Postfix) with ESMTP id A55394025C
 for <test-report@dpdk.org>; Thu,  5 Sep 2024 11:19:34 +0200 (CEST)
Received: by mail-pl1-f225.google.com with SMTP id
 d9443c01a7336-206bd1c6ccdso5228945ad.3
 for <test-report@dpdk.org>; Thu, 05 Sep 2024 02:19:34 -0700 (PDT)
DKIM-Signature: v=1; a=rsa-sha256; c=relaxed/relaxed;
 d=iol.unh.edu; s=unh-iol; t=1725527974; x=1726132774; darn=dpdk.org;
 h=references:in-reply-to:cc:to:from:subject:message-id:date:from:to
 :cc:subject:date:message-id:reply-to;
 bh=Z6CwWTIxUEdr6Cj6QAuVtfbPDHsLpA/vQLkI92EGwMU=;
 b=YKAIkdftXUvtadkmxAr52y+uemgu8GuXdM84PxxUsUptQ8n+ELgtRfD29n53Cz36D0
 zNGnEL7GUypXoSQ5C3dE33VD+g9NznYozfgEx8NWp30q/8UXUglsBPLHv4JS1C5mdVBd
 k1A9rHiwEopS7ih2h64Qf79wFfpqEk8slldhM=
X-Google-DKIM-Signature: v=1; a=rsa-sha256; c=relaxed/relaxed;
 d=1e100.net; s=20230601; t=1725527974; x=1726132774;
 h=references:in-reply-to:cc:to:from:subject:message-id:date
 :x-gm-message-state:from:to:cc:subject:date:message-id:reply-to;
 bh=Z6CwWTIxUEdr6Cj6QAuVtfbPDHsLpA/vQLkI92EGwMU=;
 b=AG+yltT8CbU5RALErD7q7JPTdMlD1H2Mg2PD0OQ6j7rvzh7nLF+lUTWwzj2SUlxKzs
 Ru7eRSemRLQ6MQWI+WIaJaUOq5vFjUZ8Rx44fPlOW0J4Tns3S4ho7iy0rWTyFmfNeBzF
 oUYW84PQz/Ck9+W3mspOiQ49AVD+BQNbt5r2+ypjxAthsh5Axfz4vT/why58I4wD1bqD
 R0/G7E0iUXE8CKndmaL8qke7m0h77oEf7/C4qajfi5gYV9dpSeTgQZkAOLpUdhrRZxVL
 smE5E3eOyhm23ZhQsbuvRY+nZthDDzUX5HMeYdr3DgGLurNA40JIcDwkxtV8fBFbF4QC
 RMFg==
X-Gm-Message-State: AOJu0YxEkEJavvO30iufXXLPANtYBc1ckgvZS2eXJ/NiXa0DoKXrmmz4
 Ui+co0fEf9ZCKljqYje76a44jj8Q396C76HxUCSq/jzq1mF2e2XjRwlyNwybAvBJn5Br4rewfYc
 aTSDfvatQCmzwwOwiXdU5FkfX0QJC7tVwu2m2IDCt
X-Google-Smtp-Source: AGHT+IHxMwQuVxKhPLA5niE1ljWj7BDWENU/NSay3dGu3ZJ6oA3/NlMpCIKe+Bglw1YMhB6KhCHPiCYv41Kq
X-Received: by 2002:a17:902:e848:b0:206:c43f:7896 with SMTP id
 d9443c01a7336-206c43f8dd5mr40041635ad.21.1725527973810; 
 Thu, 05 Sep 2024 02:19:33 -0700 (PDT)
Received: from postal.iol.unh.edu (postal.iol.unh.edu. [132.177.123.84])
 by smtp-relay.gmail.com with ESMTPS id
 d9443c01a7336-206ae8d02d4sm1825635ad.34.2024.09.05.02.19.33
 (version=TLS1_2 cipher=ECDHE-ECDSA-AES128-GCM-SHA256 bits=128/128);
 Thu, 05 Sep 2024 02:19:33 -0700 (PDT)
X-Relaying-Domain: iol.unh.edu
Date: Thu, 05 Sep 2024 02:19:33 -0700 (PDT)
Message-ID: <66d977a5.170a0220.3486e4.dcdbSMTPIN_ADDED_MISSING@mx.google.com>
Received: from [172.17.0.2] (unknown [172.18.0.215])
 by postal.iol.unh.edu (Postfix) with ESMTP id 4D6F06050A6B;
 Thu,  5 Sep 2024 05:19:33 -0400 (EDT)
Subject: |FAILURE| pw143603-143605 [PATCH] [3/3] examples/ptpclient: add freq
From: dpdklab@iol.unh.edu
To: Test Report <test-report@dpdk.org>
Cc: dpdk-test-reports@iol.unh.edu, Mingjin Ye <mingjinx.ye@intel.com>
In-Reply-To: <20240905013144.844499-4-mingjinx.ye@intel.com>
References: <20240905013144.844499-4-mingjinx.ye@intel.com>
Content-Type: text/plain
X-BeenThere: test-report@dpdk.org
X-Mailman-Version: 2.1.29
Precedence: list
List-Id: automatic DPDK test reports <test-report.dpdk.org>
List-Unsubscribe: <https://mails.dpdk.org/options/test-report>,
 <mailto:test-report-request@dpdk.org?subject=unsubscribe>
List-Archive: <http://mails.dpdk.org/archives/test-report/>
List-Post: <mailto:test-report@dpdk.org>
List-Help: <mailto:test-report-request@dpdk.org?subject=help>
List-Subscribe: <https://mails.dpdk.org/listinfo/test-report>,
 <mailto:test-report-request@dpdk.org?subject=subscribe>
Errors-To: test-report-bounces@dpdk.org

Test-Label: iol-compile-arm64-testing
Test-Status: FAILURE
http://dpdk.org/patch/143605

_Testing issues_

Submitter: Mingjin Ye <mingjinx.ye@intel.com>
Date: Thursday, September 05 2024 01:31:44 
DPDK git baseline: Repo:dpdk
  Branch: master
  CommitID:5cce3d463a99dbb5e7797faaed6c68df6c2b549a

143603-143605 --> testing issues

Upstream job id: Generic-DPDK-Compile-Meson#295663

Test environment and result as below:

+----------------------------------------+--------------------+
|              Environment               | dpdk_meson_compile |
+========================================+====================+
| Ubuntu 20.04 ARM GCC Cross Compile     | FAIL               |
+----------------------------------------+--------------------+
| RHEL9 (ARM)                            | PASS               |
+----------------------------------------+--------------------+
| Debian 12 with MUSDK                   | PASS               |
+----------------------------------------+--------------------+
| Ubuntu 20.04 ARM SVE                   | PASS               |
+----------------------------------------+--------------------+
| Fedora 37 (ARM)                        | PASS               |
+----------------------------------------+--------------------+
| Fedora 38 (ARM Clang)                  | PASS               |
+----------------------------------------+--------------------+
| Fedora 38 (ARM)                        | PASS               |
+----------------------------------------+--------------------+
| Fedora 39 (ARM Clang)                  | PASS               |
+----------------------------------------+--------------------+
| Fedora 40 (ARM Clang)                  | PASS               |
+----------------------------------------+--------------------+
| Fedora 40 (ARM)                        | PASS               |
+----------------------------------------+--------------------+
| Ubuntu 20.04 (ARM)                     | PASS               |
+----------------------------------------+--------------------+
| Ubuntu 22.04 (ARM)                     | PASS               |
+----------------------------------------+--------------------+
| Ubuntu 24.04 (ARM)                     | PASS               |
+----------------------------------------+--------------------+
| CentOS Stream 9 (ARM)                  | PASS               |
+----------------------------------------+--------------------+
| Debian 11 (Buster) (ARM)               | PASS               |
+----------------------------------------+--------------------+
| Debian 12 (arm)                        | PASS               |
+----------------------------------------+--------------------+
| Ubuntu 20.04 ARM Clang Cross Compile   | FAIL               |
+----------------------------------------+--------------------+
| Ubuntu 20.04 aarch32 GCC Cross Compile | FAIL               |
+----------------------------------------+--------------------+
| Fedora 39 (ARM)                        | PASS               |
+----------------------------------------+--------------------+

==== 20 line log output for Ubuntu 20.04 aarch32 GCC Cross Compile (dpdk_meson_compile): ====
[2236/2289] Generating commands_hdr with a meson_exe.py custom command.
[2237/2289] Compiling C object 'examples/c590b3c@@dpdk-ntb@exe/ntb_ntb_fwd.c.o'.
[2238/2289] Linking target examples/dpdk-ntb.
[2239/2289] Compiling C object 'examples/c590b3c@@dpdk-packet_ordering@exe/packet_ordering_main.c.o'.
[2240/2289] Linking target examples/dpdk-packet_ordering.
[2241/2289] Compiling C object 'examples/c590b3c@@dpdk-pipeline@exe/pipeline_cli.c.o'.
[2242/2289] Compiling C object 'examples/c590b3c@@dpdk-pipeline@exe/pipeline_conn.c.o'.
[2243/2289] Compiling C object 'examples/c590b3c@@dpdk-pipeline@exe/pipeline_main.c.o'.
[2244/2289] Compiling C object 'examples/c590b3c@@dpdk-pipeline@exe/pipeline_obj.c.o'.
[2245/2289] Compiling C object 'examples/c590b3c@@dpdk-pipeline@exe/pipeline_thread.c.o'.
[2246/2289] Linking target examples/dpdk-pipeline.
[2247/2289] Compiling C object 'examples/c590b3c@@dpdk-ptpclient@exe/ptpclient_ptpclient.c.o'.
[2248/2289] Linking target examples/dpdk-ptpclient.
FAILED: examples/dpdk-ptpclient
arm-linux-gnueabihf-gcc  -o examples/dpdk-ptpclient 'examples/c590b3c@@dpdk-ptpclient@exe/ptpclient_ptpclient.c.o' -Wl,--as-needed -Wl,--no-undefined -Wl,-O1 -Wl,--no-as-needed -pthread -Wl,--start-group -lm -ldl lib/librte_eal.so.25.0 lib/librte_kvargs.so.25.0 lib/librte_log.so.25.0 lib/librte_telemetry.so.25.0 lib/librte_mempool.so.25.0 lib/librte_ring.so.25.0 lib/librte_net.so.25.0 lib/librte_mbuf.so.25.0 lib/librte_ethdev.so.25.0 lib/librte_meter.so.25.0 lib/librte_cmdline.so.25.0 -Wl,--end-group '-Wl,-rpath,$ORIGIN/../lib' -Wl,-rpath-link,/home-local/jenkins-local/jenkins-agent/workspace/Generic-DPDK-Compile-Meson@2/dpdk/build/lib
/usr/lib/gcc-cross/arm-linux-gnueabihf/9/../../../../arm-linux-gnueabihf/bin/ld: examples/c590b3c@@dpdk-ptpclient@exe/ptpclient_ptpclient.c.o: in function `main':
ptpclient.c:(.text.startup+0xf96): undefined reference to `rte_eth_timesync_adjust_freq'
/usr/lib/gcc-cross/arm-linux-gnueabihf/9/../../../../arm-linux-gnueabihf/bin/ld: ptpclient.c:(.text.startup+0xfc0): undefined reference to `rte_eth_timesync_adjust_freq'
collect2: error: ld returned 1 exit status
ninja: build stopped: subcommand failed.
==== End log output ====

Ubuntu 20.04 ARM GCC Cross Compile
	Kernel: Depends on container host
	Compiler: aarch64-linux-gnu-gcc (Ubuntu 9.4.0-1ubuntu1~20.04.2) 9.4.0

RHEL9 (ARM)
	Kernel: Depends on container host
	Compiler: gcc 11.4.1 20231218 (Red Hat 11.4.1-3)

Debian 12 with MUSDK
	Kernel: Depends on container host
	Compiler: gcc (Debian 12.2.0-14) 12.2.0

Ubuntu 20.04 ARM SVE
	Kernel: Depends on container host
	Compiler: gcc (Ubuntu 10.5.0-1ubuntu1~20.04) 10.5.0

Fedora 37 (ARM)
	Kernel: Depends on container host
	Compiler: gcc 12.3.1 20230508 (Red Hat 12.3.1-1)

Fedora 38 (ARM Clang)
	Kernel: Depends on container host
	Compiler: clang 16.0.6 (Fedora 16.0.6-4.fc38)

Fedora 38 (ARM)
	Kernel: Depends on container host
	Compiler: gcc 13.2.1 20240316 (Red Hat 13.2.1-7)

Fedora 39 (ARM Clang)
	Kernel: Depends on container host
	Compiler: clang 17.0.6 (Fedora 17.0.6-2.fc39)

Fedora 40 (ARM Clang)
	Kernel: Depends on container host
	Compiler: clang 18.1.6 (Fedora 18.1.6-3.fc40)

Fedora 40 (ARM)
	Kernel: Depends on container host
	Compiler: gcc 14.2.1 20240801 (Red Hat 14.2.1-1)

Ubuntu 20.04 (ARM)
	Kernel: Depends on container host
	Compiler: gcc (Ubuntu 9.4.0-1ubuntu1~20.04.2) 9.4.0

Ubuntu 22.04 (ARM)
	Kernel: Depends on container host
	Compiler: gcc (Ubuntu 11.4.0-1ubuntu1~22.04) 11.4.0

Ubuntu 24.04 (ARM)
	Kernel: Depends on container host
	Compiler: gcc (Ubuntu 13.2.0-23ubuntu4) 13.2.0

CentOS Stream 9 (ARM)
	Kernel: Depends on container host
	Compiler: gcc 11.4.1 20231218 (Red Hat 11.4.1-3)

Debian 11 (Buster) (ARM)
	Kernel: Depends on container host
	Compiler: gcc (Debian 10.2.1-6) 10.2.1 20210110

Debian 12 (arm)
	Kernel: Depends on container host
	Compiler: gcc (Debian 12.2.0-14) 12.2.0

Ubuntu 20.04 ARM Clang Cross Compile
	Kernel: Depends on container host
	Compiler: clang 10.0.0-4ubuntu1

Ubuntu 20.04 aarch32 GCC Cross Compile
	Kernel: Depends on container host
	Compiler: gcc 9.4.0

Fedora 39 (ARM)
	Kernel: Depends on container host
	Compiler: gcc 13.3.1 20240522 (Red Hat 13.3.1-1)

To view detailed results, visit:
https://lab.dpdk.org/results/dashboard/patchsets/30909/

UNH-IOL DPDK Community Lab

To manage your email subscriptions, visit: 
https://lab.dpdk.org/results/dashboard/preferences/subscriptions/