From mboxrd@z Thu Jan  1 00:00:00 1970
Return-Path: <test-report-bounces@dpdk.org>
Received: from mails.dpdk.org (mails.dpdk.org [217.70.189.124])
	by inbox.dpdk.org (Postfix) with ESMTP id E08D94591A
	for <public@inbox.dpdk.org>; Fri,  6 Sep 2024 08:33:45 +0200 (CEST)
Received: from mails.dpdk.org (localhost [127.0.0.1])
	by mails.dpdk.org (Postfix) with ESMTP id D4B6C4025D;
	Fri,  6 Sep 2024 08:33:45 +0200 (CEST)
Received: from mail-qt1-f227.google.com (mail-qt1-f227.google.com
 [209.85.160.227])
 by mails.dpdk.org (Postfix) with ESMTP id 2FB584025C
 for <test-report@dpdk.org>; Fri,  6 Sep 2024 08:33:44 +0200 (CEST)
Received: by mail-qt1-f227.google.com with SMTP id
 d75a77b69052e-4568fe680a3so10010571cf.0
 for <test-report@dpdk.org>; Thu, 05 Sep 2024 23:33:44 -0700 (PDT)
DKIM-Signature: v=1; a=rsa-sha256; c=relaxed/relaxed;
 d=iol.unh.edu; s=unh-iol; t=1725604423; x=1726209223; darn=dpdk.org;
 h=references:in-reply-to:cc:to:from:subject:message-id:date:from:to
 :cc:subject:date:message-id:reply-to;
 bh=rziKFMM3kMaCRg0McesrlMqxoioBnwvxP50rwlkgLiM=;
 b=Q9Y9ynSWCFKydPiB6V90PpzHUEH25PN7TsdvJwRYDhw60K5pmP97U751XHZiY9Wvw1
 2vJ+EDcF1JVXJf6sEHamrexg1n+FDx8xO7NGzDoVY3uVKkthksFnTlBoXiWb8XaUs1IJ
 NCxA/wxQqCO1J28Fon/ErFp9ZQ4SUTQZ9V5Sk=
X-Google-DKIM-Signature: v=1; a=rsa-sha256; c=relaxed/relaxed;
 d=1e100.net; s=20230601; t=1725604423; x=1726209223;
 h=references:in-reply-to:cc:to:from:subject:message-id:date
 :x-gm-message-state:from:to:cc:subject:date:message-id:reply-to;
 bh=rziKFMM3kMaCRg0McesrlMqxoioBnwvxP50rwlkgLiM=;
 b=YI2WWvvpYlZhbNlQcwCE22Uh6IM6bMvrbKGEOe1FllCWZ7b+aBOtdXRNw4FwDrvB5q
 WF76YiOYozrHhEDd+EbjEROzPTHimWnYjbzklCv49YcLha2oNJWRbZjebp0KuySJFcMr
 9NCW3pqqkxWz+9WX9IOTR+NKtFsCmdWKMaqkHdksIMO/H97Rg2GODJQUJISURy65q2eS
 PbTrOpUSqIbKqN9EBVPIudKB65aIG/B0XFkuBolqIXqOuNTCd6iuTNNhWjva/Ib04EMl
 fWE4AHncfpX7/J1tPHvKIstkgwqG2HXe0R3r1XP1t32882LMOYPIFa+TbaEL1+lJl1TV
 uEkQ==
X-Gm-Message-State: AOJu0Yw0AFnT5/xnaZFoN/+QKDbjG4rZtgyOAMyZHvLt4t5dkSUnBdk8
 zYpTYOdsTFW19YxW5srUb7zjeQ+21JbkpbX/02KEMKQPwsN8bUHHjZVRlLqFa3Sk2YW+jJ5EyHi
 npReGrja5k//QRzkjd+bY0IU/PbNMSsHh4Kd5GKc3
X-Google-Smtp-Source: AGHT+IEiWs/Zzt/FUBdWDeRmPKrz9toN6KMlJoPL5bNXviAXG+PVco4oWf0ZlGNg2QYs3xcSOVUYBTfJZ/I/
X-Received: by 2002:a05:622a:1826:b0:44f:e108:2854 with SMTP id
 d75a77b69052e-4580c6d8925mr18210291cf.26.1725604423433; 
 Thu, 05 Sep 2024 23:33:43 -0700 (PDT)
Received: from postal.iol.unh.edu (postal.iol.unh.edu. [132.177.123.84])
 by smtp-relay.gmail.com with ESMTPS id
 d75a77b69052e-45801cacf36sm1550571cf.18.2024.09.05.23.33.43
 (version=TLS1_2 cipher=ECDHE-ECDSA-AES128-GCM-SHA256 bits=128/128);
 Thu, 05 Sep 2024 23:33:43 -0700 (PDT)
X-Relaying-Domain: iol.unh.edu
Date: Thu, 05 Sep 2024 23:33:43 -0700 (PDT)
Message-ID: <66daa247.050a0220.59b40.b712SMTPIN_ADDED_MISSING@mx.google.com>
Received: from [172.17.0.3] (unknown [172.18.0.213])
 by postal.iol.unh.edu (Postfix) with ESMTP id 236CC6050A6D;
 Fri,  6 Sep 2024 02:33:43 -0400 (EDT)
Subject: |FAILURE| pw143678 [PATCH] cryptodev: add asymmetric operational cap
From: dpdklab@iol.unh.edu
To: Test Report <test-report@dpdk.org>
Cc: dpdk-test-reports@iol.unh.edu,
 Gowrishankar Muthukrishnan <gmuthukrishn@marvell.com>
In-Reply-To: <20240905181725.2040-1-gmuthukrishn@marvell.com>
References: <20240905181725.2040-1-gmuthukrishn@marvell.com>
Content-Type: text/plain
X-BeenThere: test-report@dpdk.org
X-Mailman-Version: 2.1.29
Precedence: list
List-Id: automatic DPDK test reports <test-report.dpdk.org>
List-Unsubscribe: <https://mails.dpdk.org/options/test-report>,
 <mailto:test-report-request@dpdk.org?subject=unsubscribe>
List-Archive: <http://mails.dpdk.org/archives/test-report/>
List-Post: <mailto:test-report@dpdk.org>
List-Help: <mailto:test-report-request@dpdk.org?subject=help>
List-Subscribe: <https://mails.dpdk.org/listinfo/test-report>,
 <mailto:test-report-request@dpdk.org?subject=subscribe>
Errors-To: test-report-bounces@dpdk.org

Test-Label: iol-compile-amd64-testing
Test-Status: FAILURE
http://dpdk.org/patch/143678

_Testing issues_

Submitter: Gowrishankar Muthukrishnan <gmuthukrishn@marvell.com>
Date: Thursday, September 05 2024 18:17:23 
DPDK git baseline: Repo:dpdk
  Branch: master
  CommitID:b3485f4293997d35b6daecc3437bb0c183a51fb3

143678 --> testing issues

Upstream job id: Generic-DPDK-Compile-Meson#296270

Test environment and result as below:

+---------------------+--------------------+-------------------+------------------+-------------------+
|     Environment     | dpdk_meson_compile | dpdk_msvc_compile | dpdk_compile_ovs | dpdk_compile_spdk |
+=====================+====================+===================+==================+===================+
| FreeBSD 13.3        | PASS               | SKIPPED           | SKIPPED          | SKIPPED           |
+---------------------+--------------------+-------------------+------------------+-------------------+
| FreeBSD 14.1        | PASS               | SKIPPED           | SKIPPED          | SKIPPED           |
+---------------------+--------------------+-------------------+------------------+-------------------+
| CentOS Stream 9     | FAIL               | SKIPPED           | WARN             | WARN              |
+---------------------+--------------------+-------------------+------------------+-------------------+
| Debian Bullseye     | FAIL               | SKIPPED           | WARN             | WARN              |
+---------------------+--------------------+-------------------+------------------+-------------------+
| Fedora 37           | FAIL               | SKIPPED           | WARN             | WARN              |
+---------------------+--------------------+-------------------+------------------+-------------------+
| Debian 12           | FAIL               | SKIPPED           | WARN             | WARN              |
+---------------------+--------------------+-------------------+------------------+-------------------+
| Fedora 38 (Clang)   | FAIL               | SKIPPED           | WARN             | WARN              |
+---------------------+--------------------+-------------------+------------------+-------------------+
| Fedora 38           | FAIL               | SKIPPED           | WARN             | WARN              |
+---------------------+--------------------+-------------------+------------------+-------------------+
| Fedora 39 (Clang)   | FAIL               | SKIPPED           | WARN             | WARN              |
+---------------------+--------------------+-------------------+------------------+-------------------+
| Fedora 39           | FAIL               | SKIPPED           | WARN             | WARN              |
+---------------------+--------------------+-------------------+------------------+-------------------+
| Fedora 40           | FAIL               | SKIPPED           | WARN             | WARN              |
+---------------------+--------------------+-------------------+------------------+-------------------+
| Fedora 40 (Clang)   | FAIL               | SKIPPED           | WARN             | WARN              |
+---------------------+--------------------+-------------------+------------------+-------------------+
| openSUSE Leap 15    | FAIL               | SKIPPED           | WARN             | SKIPPED           |
+---------------------+--------------------+-------------------+------------------+-------------------+
| RHEL8               | FAIL               | SKIPPED           | WARN             | SKIPPED           |
+---------------------+--------------------+-------------------+------------------+-------------------+
| Ubuntu 20.04        | FAIL               | SKIPPED           | WARN             | SKIPPED           |
+---------------------+--------------------+-------------------+------------------+-------------------+
| RHEL9               | FAIL               | SKIPPED           | WARN             | SKIPPED           |
+---------------------+--------------------+-------------------+------------------+-------------------+
| Ubuntu 22.04        | FAIL               | SKIPPED           | WARN             | WARN              |
+---------------------+--------------------+-------------------+------------------+-------------------+
| Ubuntu 24.04        | FAIL               | SKIPPED           | WARN             | WARN              |
+---------------------+--------------------+-------------------+------------------+-------------------+
| Alpine              | FAIL               | SKIPPED           | WARN             | SKIPPED           |
+---------------------+--------------------+-------------------+------------------+-------------------+
| Windows Server 2022 | SKIPPED            | PASS              | SKIPPED          | SKIPPED           |
+---------------------+--------------------+-------------------+------------------+-------------------+

==== 20 line log output for Alpine (dpdk_compile_ovs): ====
 --- Failed to get log output --- 
==== End log output ====

FreeBSD 13.3
	Kernel: 13.3-RELEASE-p5
	Compiler: clang 17.0.6

FreeBSD 14.1
	Kernel: 14.1-RELEASE-p3
	Compiler: clang 18.1.5

CentOS Stream 9
	Kernel: Depends on container host
	Compiler: gcc 11.4.1 20231218 (Red Hat 11.4.1-3)

Debian Bullseye
	Kernel: Depends on container host
	Compiler: gcc (Debian 10.2.1-6) 10.2.1 20210110

Fedora 37
	Kernel: Depends on container host system
	Compiler: gcc 12.3.1 20230508 (Red Hat 12.3.1-1)

Debian 12
	Kernel: Depends on container host
	Compiler: gcc (Debian 12.2.0-14) 12.2.0

Fedora 38 (Clang)
	Kernel: Depends on container host
	Compiler: clang 16.0.6 (Fedora 16.0.6-4.fc38)

Fedora 38
	Kernel: Depends on container host
	Compiler: gcc 13.2.1 20240316 (Red Hat 13.2.1-7)

Fedora 39 (Clang)
	Kernel: Depends on container host
	Compiler: clang 17.0.6 (Fedora 17.0.6-2.fc39)

Fedora 39
	Kernel: Depends on container host
	Compiler: gcc 13.3.1 20240522 (Red Hat 13.3.1-1)

Fedora 40
	Kernel: Depends on container host
	Compiler: gcc 14.2.1 20240801 (Red Hat 14.2.1-1)

Fedora 40 (Clang)
	Kernel: Depends on container host
	Compiler: clang 18.1.6 (Fedora 18.1.6-3.fc40)

openSUSE Leap 15
	Kernel: Depends on container host
	Compiler: gcc (SUSE Linux) 7.5.0

RHEL8
	Kernel: Depends on container host
	Compiler: gcc 8.5.0 20210514 (Red Hat 8.5.0-22)

Ubuntu 20.04
	Kernel: Depends on container host
	Compiler: gcc (Ubuntu 9.4.0-1ubuntu1~20.04.2) 9.4.0

RHEL9
	Kernel: Depends on container host
	Compiler: gcc 11.4.1 20231218 (Red Hat 11.4.1-3)

Ubuntu 22.04
	Kernel: Depends on container host
	Compiler: gcc (Ubuntu 11.4.0-1ubuntu1~22.04) 11.4.0

Ubuntu 24.04
	Kernel: Depends on container host
	Compiler: gcc (Ubuntu 13.2.0-23ubuntu4) 13.2.0

Alpine
	Kernel: Depends on container host
	Compiler: gcc (Alpine 13.2.1_git20240309) 13.2.1 20240309

Windows Server 2022
	Kernel: 10.0.20348.2031
	Compiler: clang 15.0.7, gcc 14.1.0 (MinGW), and MSVC VS 19.39.33521

To view detailed results, visit:
https://lab.dpdk.org/results/dashboard/patchsets/30929/

UNH-IOL DPDK Community Lab

To manage your email subscriptions, visit: 
https://lab.dpdk.org/results/dashboard/preferences/subscriptions/