From mboxrd@z Thu Jan  1 00:00:00 1970
Return-Path: <test-report-bounces@dpdk.org>
Received: from mails.dpdk.org (mails.dpdk.org [217.70.189.124])
	by inbox.dpdk.org (Postfix) with ESMTP id B6DF54591A
	for <public@inbox.dpdk.org>; Fri,  6 Sep 2024 08:42:29 +0200 (CEST)
Received: from mails.dpdk.org (localhost [127.0.0.1])
	by mails.dpdk.org (Postfix) with ESMTP id B27894025D;
	Fri,  6 Sep 2024 08:42:29 +0200 (CEST)
Received: from mail-ot1-f99.google.com (mail-ot1-f99.google.com
 [209.85.210.99]) by mails.dpdk.org (Postfix) with ESMTP id 584A44025C
 for <test-report@dpdk.org>; Fri,  6 Sep 2024 08:42:28 +0200 (CEST)
Received: by mail-ot1-f99.google.com with SMTP id
 46e09a7af769-70f6e65d605so994665a34.3
 for <test-report@dpdk.org>; Thu, 05 Sep 2024 23:42:28 -0700 (PDT)
DKIM-Signature: v=1; a=rsa-sha256; c=relaxed/relaxed;
 d=iol.unh.edu; s=unh-iol; t=1725604947; x=1726209747; darn=dpdk.org;
 h=references:in-reply-to:cc:to:from:subject:message-id:date:from:to
 :cc:subject:date:message-id:reply-to;
 bh=H0oO+AFwIwU4dbGD5y/vU1f9jN/vDqPt2Ze4b+wwNL8=;
 b=FLalkkqS2+IhG2HO+OuKK1jNU01uvuT+bnRc08xzMx4zhDkqbUUUlZv5p5Z8Ax/MRU
 o7Y3Inkh+CsWcqAs2QDIE10oumgMYx35IbPAB4SkbdRlTD9+N9QA7MVJ3OkN6TzGXRmN
 Gksp9pp7h0eKxKGZ4+7c+AyRf/HWUYTCyWm+Q=
X-Google-DKIM-Signature: v=1; a=rsa-sha256; c=relaxed/relaxed;
 d=1e100.net; s=20230601; t=1725604947; x=1726209747;
 h=references:in-reply-to:cc:to:from:subject:message-id:date
 :x-gm-message-state:from:to:cc:subject:date:message-id:reply-to;
 bh=H0oO+AFwIwU4dbGD5y/vU1f9jN/vDqPt2Ze4b+wwNL8=;
 b=DFE971umdxi1e7oByKZ+kcqNd8b9Uq//+R1hMlU/waQ7WQA8r5cvxMG0VFZ1j+tTAB
 0OkjlKdHXaKqRxACBqYK1VoOIBCoQvMh6sJW0PgF9saQc+A969y+zvPtjPMvCO5Wcjnm
 LAMMEyGsrU7GiPvBAwN/iW2IOwiHwa85Z/APA8kWzgbgM0Kcyz/wAzQSykojV2C4T+78
 421boygvP9N7YsLqkfnNMb+c+zBh8bybBP28sdDJ/MYz8iqOlUk8HQO415Lrq4OuaY+G
 Bm6qJHl23P2GImHEuwG6wuTXtLQKijPsCXOP/EDTElBPZ/1v497lIDANxpvo3Ydcn/7l
 FP0w==
X-Gm-Message-State: AOJu0Yz1x0s4d7F+iyOdkpvOa4g+UM85MOFptyH3DK9yUcjg+sQ0YajZ
 RE/QQK+vDc+Y4tLP5NvrHOlHEI+JdaKAvI+K6P9sJiLTxt0go5uBWVqhmU5VCJpxG/NSAoHbvSn
 2egzx5zH0LKrM1TUXcnjdxE8sU9F3FTbgbpF+PKppE9yzNMtWRRTNlCFo
X-Google-Smtp-Source: AGHT+IFC18GDw4UxdFMx0huDqMsrvD39R3JXsgW55YUwmcO9vQfRrluA3WZewbrlAiKibuspJsga/aqYF9Kc
X-Received: by 2002:a05:6358:432a:b0:1b1:a845:34d4 with SMTP id
 e5c5f4694b2df-1b838812083mr193006455d.27.1725604947235; 
 Thu, 05 Sep 2024 23:42:27 -0700 (PDT)
Received: from postal.iol.unh.edu (postal.iol.unh.edu.
 [2606:4100:3880:1234::84]) by smtp-relay.gmail.com with ESMTPS id
 41be03b00d2f7-7d4fbdab06bsm258462a12.29.2024.09.05.23.42.25
 (version=TLS1_2 cipher=ECDHE-ECDSA-AES128-GCM-SHA256 bits=128/128);
 Thu, 05 Sep 2024 23:42:26 -0700 (PDT)
X-Relaying-Domain: iol.unh.edu
Date: Thu, 05 Sep 2024 23:42:26 -0700 (PDT)
Message-ID: <66daa452.630a0220.28871e.494eSMTPIN_ADDED_MISSING@mx.google.com>
Received: from [172.17.0.5] (unknown [172.18.0.214])
 by postal.iol.unh.edu (Postfix) with ESMTP id 386E66050A6D;
 Fri,  6 Sep 2024 02:42:25 -0400 (EDT)
Subject: |FAILURE| pw143678 [PATCH] cryptodev: add asymmetric operational cap
From: dpdklab@iol.unh.edu
To: Test Report <test-report@dpdk.org>
Cc: dpdk-test-reports@iol.unh.edu,
 Gowrishankar Muthukrishnan <gmuthukrishn@marvell.com>
In-Reply-To: <20240905181725.2040-1-gmuthukrishn@marvell.com>
References: <20240905181725.2040-1-gmuthukrishn@marvell.com>
Content-Type: text/plain
X-BeenThere: test-report@dpdk.org
X-Mailman-Version: 2.1.29
Precedence: list
List-Id: automatic DPDK test reports <test-report.dpdk.org>
List-Unsubscribe: <https://mails.dpdk.org/options/test-report>,
 <mailto:test-report-request@dpdk.org?subject=unsubscribe>
List-Archive: <http://mails.dpdk.org/archives/test-report/>
List-Post: <mailto:test-report@dpdk.org>
List-Help: <mailto:test-report-request@dpdk.org?subject=help>
List-Subscribe: <https://mails.dpdk.org/listinfo/test-report>,
 <mailto:test-report-request@dpdk.org?subject=subscribe>
Errors-To: test-report-bounces@dpdk.org

Test-Label: iol-compile-amd64-testing
Test-Status: FAILURE
http://dpdk.org/patch/143678

_Testing issues_

Submitter: Gowrishankar Muthukrishnan <gmuthukrishn@marvell.com>
Date: Thursday, September 05 2024 18:17:23 
DPDK git baseline: Repo:dpdk
  Branch: master
  CommitID:b3485f4293997d35b6daecc3437bb0c183a51fb3

143678 --> testing issues

Upstream job id: Generic-DPDK-Compile-Meson#296276

Test environment and result as below:

+---------------------+--------------------+-------------------+------------------+-------------------+
|     Environment     | dpdk_meson_compile | dpdk_msvc_compile | dpdk_compile_ovs | dpdk_compile_spdk |
+=====================+====================+===================+==================+===================+
| FreeBSD 13.3        | PASS               | SKIPPED           | SKIPPED          | SKIPPED           |
+---------------------+--------------------+-------------------+------------------+-------------------+
| FreeBSD 14.1        | PASS               | SKIPPED           | SKIPPED          | SKIPPED           |
+---------------------+--------------------+-------------------+------------------+-------------------+
| CentOS Stream 9     | FAIL               | SKIPPED           | WARN             | WARN              |
+---------------------+--------------------+-------------------+------------------+-------------------+
| Debian Bullseye     | FAIL               | SKIPPED           | WARN             | WARN              |
+---------------------+--------------------+-------------------+------------------+-------------------+
| Fedora 37           | FAIL               | SKIPPED           | WARN             | WARN              |
+---------------------+--------------------+-------------------+------------------+-------------------+
| Debian 12           | FAIL               | SKIPPED           | WARN             | WARN              |
+---------------------+--------------------+-------------------+------------------+-------------------+
| Fedora 38 (Clang)   | FAIL               | SKIPPED           | WARN             | WARN              |
+---------------------+--------------------+-------------------+------------------+-------------------+
| Fedora 38           | FAIL               | SKIPPED           | WARN             | WARN              |
+---------------------+--------------------+-------------------+------------------+-------------------+
| Fedora 39 (Clang)   | FAIL               | SKIPPED           | WARN             | WARN              |
+---------------------+--------------------+-------------------+------------------+-------------------+
| Fedora 39           | FAIL               | SKIPPED           | WARN             | WARN              |
+---------------------+--------------------+-------------------+------------------+-------------------+
| Fedora 40           | FAIL               | SKIPPED           | WARN             | WARN              |
+---------------------+--------------------+-------------------+------------------+-------------------+
| Fedora 40 (Clang)   | FAIL               | SKIPPED           | WARN             | WARN              |
+---------------------+--------------------+-------------------+------------------+-------------------+
| openSUSE Leap 15    | FAIL               | SKIPPED           | WARN             | SKIPPED           |
+---------------------+--------------------+-------------------+------------------+-------------------+
| RHEL8               | FAIL               | SKIPPED           | WARN             | SKIPPED           |
+---------------------+--------------------+-------------------+------------------+-------------------+
| Ubuntu 20.04        | FAIL               | SKIPPED           | WARN             | SKIPPED           |
+---------------------+--------------------+-------------------+------------------+-------------------+
| RHEL9               | FAIL               | SKIPPED           | WARN             | SKIPPED           |
+---------------------+--------------------+-------------------+------------------+-------------------+
| Ubuntu 22.04        | FAIL               | SKIPPED           | WARN             | WARN              |
+---------------------+--------------------+-------------------+------------------+-------------------+
| Ubuntu 24.04        | FAIL               | SKIPPED           | WARN             | WARN              |
+---------------------+--------------------+-------------------+------------------+-------------------+
| Alpine              | FAIL               | SKIPPED           | WARN             | SKIPPED           |
+---------------------+--------------------+-------------------+------------------+-------------------+
| Windows Server 2022 | SKIPPED            | PASS              | SKIPPED          | SKIPPED           |
+---------------------+--------------------+-------------------+------------------+-------------------+

==== 20 line log output for Alpine (dpdk_compile_ovs): ====
 --- Failed to get log output --- 
==== End log output ====

FreeBSD 13.3
	Kernel: 13.3-RELEASE-p5
	Compiler: clang 17.0.6

FreeBSD 14.1
	Kernel: 14.1-RELEASE-p3
	Compiler: clang 18.1.5

CentOS Stream 9
	Kernel: Depends on container host
	Compiler: gcc 11.4.1 20231218 (Red Hat 11.4.1-3)

Debian Bullseye
	Kernel: Depends on container host
	Compiler: gcc (Debian 10.2.1-6) 10.2.1 20210110

Fedora 37
	Kernel: Depends on container host system
	Compiler: gcc 12.3.1 20230508 (Red Hat 12.3.1-1)

Debian 12
	Kernel: Depends on container host
	Compiler: gcc (Debian 12.2.0-14) 12.2.0

Fedora 38 (Clang)
	Kernel: Depends on container host
	Compiler: clang 16.0.6 (Fedora 16.0.6-4.fc38)

Fedora 38
	Kernel: Depends on container host
	Compiler: gcc 13.2.1 20240316 (Red Hat 13.2.1-7)

Fedora 39 (Clang)
	Kernel: Depends on container host
	Compiler: clang 17.0.6 (Fedora 17.0.6-2.fc39)

Fedora 39
	Kernel: Depends on container host
	Compiler: gcc 13.3.1 20240522 (Red Hat 13.3.1-1)

Fedora 40
	Kernel: Depends on container host
	Compiler: gcc 14.2.1 20240801 (Red Hat 14.2.1-1)

Fedora 40 (Clang)
	Kernel: Depends on container host
	Compiler: clang 18.1.6 (Fedora 18.1.6-3.fc40)

openSUSE Leap 15
	Kernel: Depends on container host
	Compiler: gcc (SUSE Linux) 7.5.0

RHEL8
	Kernel: Depends on container host
	Compiler: gcc 8.5.0 20210514 (Red Hat 8.5.0-22)

Ubuntu 20.04
	Kernel: Depends on container host
	Compiler: gcc (Ubuntu 9.4.0-1ubuntu1~20.04.2) 9.4.0

RHEL9
	Kernel: Depends on container host
	Compiler: gcc 11.4.1 20231218 (Red Hat 11.4.1-3)

Ubuntu 22.04
	Kernel: Depends on container host
	Compiler: gcc (Ubuntu 11.4.0-1ubuntu1~22.04) 11.4.0

Ubuntu 24.04
	Kernel: Depends on container host
	Compiler: gcc (Ubuntu 13.2.0-23ubuntu4) 13.2.0

Alpine
	Kernel: Depends on container host
	Compiler: gcc (Alpine 13.2.1_git20240309) 13.2.1 20240309

Windows Server 2022
	Kernel: 10.0.20348.2031
	Compiler: clang 15.0.7, gcc 14.1.0 (MinGW), and MSVC VS 19.39.33521

To view detailed results, visit:
https://lab.dpdk.org/results/dashboard/patchsets/30929/

UNH-IOL DPDK Community Lab

To manage your email subscriptions, visit: 
https://lab.dpdk.org/results/dashboard/preferences/subscriptions/