From mboxrd@z Thu Jan  1 00:00:00 1970
Return-Path: <test-report-bounces@dpdk.org>
Received: from mails.dpdk.org (mails.dpdk.org [217.70.189.124])
	by inbox.dpdk.org (Postfix) with ESMTP id C4CB54591A
	for <public@inbox.dpdk.org>; Fri,  6 Sep 2024 09:07:43 +0200 (CEST)
Received: from mails.dpdk.org (localhost [127.0.0.1])
	by mails.dpdk.org (Postfix) with ESMTP id A69564025D;
	Fri,  6 Sep 2024 09:07:43 +0200 (CEST)
Received: from mail-yw1-f228.google.com (mail-yw1-f228.google.com
 [209.85.128.228])
 by mails.dpdk.org (Postfix) with ESMTP id 7037D4025C
 for <test-report@dpdk.org>; Fri,  6 Sep 2024 09:07:42 +0200 (CEST)
Received: by mail-yw1-f228.google.com with SMTP id
 00721157ae682-6d9f0cf5ae3so20238757b3.0
 for <test-report@dpdk.org>; Fri, 06 Sep 2024 00:07:42 -0700 (PDT)
DKIM-Signature: v=1; a=rsa-sha256; c=relaxed/relaxed;
 d=iol.unh.edu; s=unh-iol; t=1725606461; x=1726211261; darn=dpdk.org;
 h=references:in-reply-to:cc:to:from:subject:message-id:date:from:to
 :cc:subject:date:message-id:reply-to;
 bh=1bYsde27aPGQw+eb++kIQKQMbcGBgyM42EmwRcAs6zs=;
 b=WHkYpwlKm1uOgvCFTHIWYgrC0SsreNWH9jFXWq5RRU6s1JiHVJi/bh7XWNsHGWYe+q
 JDigm+PK1nu+E8TLh5BV9ReU2N/hc+wtYpk+cZ5RAgGIJVnQiOeAKnG+WxEUoN3/G4Cc
 Y5Ve49CT0r4m+2uYuJMXfTj835WOI8biwTOGc=
X-Google-DKIM-Signature: v=1; a=rsa-sha256; c=relaxed/relaxed;
 d=1e100.net; s=20230601; t=1725606461; x=1726211261;
 h=references:in-reply-to:cc:to:from:subject:message-id:date
 :x-gm-message-state:from:to:cc:subject:date:message-id:reply-to;
 bh=1bYsde27aPGQw+eb++kIQKQMbcGBgyM42EmwRcAs6zs=;
 b=TznMpE7aMgULHRTmpNkdfbSbbGsGOsuMTZn0mrE/JmPVbtucKZ5t/usuwrvi7Jnavx
 lgqUd4Bp7cgKtPzY7VT4E1LHV06wgWm7FdvxqIrx0Pv2eX/FXiSqK6zRsUXtLlQX9Box
 rJGeHF49eCV5qe7/BU6jAJ7hMowjGpweRt2lQEI7iLAYj652cUQtRp4kfV9KHbX0fUhd
 ZkSMjFIoKcCAsmY1ug+WazRU1n8A202UHfuk+/gowczwxTSXn7n6SNtkkJus00hmgPd8
 +9GyWDBxcONa/Exw1odas4hsq/1RYsNvwhJf+mc7IOVrznUw/qGcEi7gnbZShKoWTy/2
 KjVQ==
X-Gm-Message-State: AOJu0Yyv2Knb7QFy0oSVpj1QEuVo6BRY58po3dBV3Z1zW/+ADamdOcqu
 Oqt/MXzi3PvLw5UhCxMKT8DqaB3b2pwW4LkJPOVdHTp55GD7vYsZ72SgulCjR271PNO1gfpgKql
 GusdEwXoR2i2nBvMSIPxBchDwbH9xx/ZDTYx/KQjE
X-Google-Smtp-Source: AGHT+IGyyrEaMm1tIIrQe1sNF1gRvSSwzAysyCjluvTwKUKsSI9nGnawNGiwktXOZzbD1RhYynAe8OtnVi45
X-Received: by 2002:a05:690c:360d:b0:6d7:f32:7376 with SMTP id
 00721157ae682-6db45272c0emr20288947b3.40.1725606461659; 
 Fri, 06 Sep 2024 00:07:41 -0700 (PDT)
Received: from postal.iol.unh.edu (postal.iol.unh.edu. [132.177.123.84])
 by smtp-relay.gmail.com with ESMTPS id
 00721157ae682-6d2d56e764fsm7466987b3.55.2024.09.06.00.07.41
 (version=TLS1_2 cipher=ECDHE-ECDSA-AES128-GCM-SHA256 bits=128/128);
 Fri, 06 Sep 2024 00:07:41 -0700 (PDT)
X-Relaying-Domain: iol.unh.edu
Date: Fri, 06 Sep 2024 00:07:41 -0700 (PDT)
Message-ID: <66daaa3d.0d0a0220.eae5b.d8f2SMTPIN_ADDED_MISSING@mx.google.com>
Received: from [172.17.0.2] (unknown [172.18.0.213])
 by postal.iol.unh.edu (Postfix) with ESMTP id 405016050A6D;
 Fri,  6 Sep 2024 03:07:41 -0400 (EDT)
Subject: |FAILURE| pw143678 [PATCH] cryptodev: add asymmetric operational cap
From: dpdklab@iol.unh.edu
To: Test Report <test-report@dpdk.org>
Cc: dpdk-test-reports@iol.unh.edu,
 Gowrishankar Muthukrishnan <gmuthukrishn@marvell.com>
In-Reply-To: <20240905181725.2040-1-gmuthukrishn@marvell.com>
References: <20240905181725.2040-1-gmuthukrishn@marvell.com>
Content-Type: text/plain
X-BeenThere: test-report@dpdk.org
X-Mailman-Version: 2.1.29
Precedence: list
List-Id: automatic DPDK test reports <test-report.dpdk.org>
List-Unsubscribe: <https://mails.dpdk.org/options/test-report>,
 <mailto:test-report-request@dpdk.org?subject=unsubscribe>
List-Archive: <http://mails.dpdk.org/archives/test-report/>
List-Post: <mailto:test-report@dpdk.org>
List-Help: <mailto:test-report-request@dpdk.org?subject=help>
List-Subscribe: <https://mails.dpdk.org/listinfo/test-report>,
 <mailto:test-report-request@dpdk.org?subject=subscribe>
Errors-To: test-report-bounces@dpdk.org

Test-Label: iol-compile-arm64-testing
Test-Status: FAILURE
http://dpdk.org/patch/143678

_Testing issues_

Submitter: Gowrishankar Muthukrishnan <gmuthukrishn@marvell.com>
Date: Thursday, September 05 2024 18:17:23 
DPDK git baseline: Repo:dpdk
  Branch: master
  CommitID:b3485f4293997d35b6daecc3437bb0c183a51fb3

143678 --> testing issues

Upstream job id: Generic-DPDK-Compile-Meson#296290

Test environment and result as below:

+----------------------------------------+--------------------+
|              Environment               | dpdk_meson_compile |
+========================================+====================+
| RHEL9 (ARM)                            | FAIL               |
+----------------------------------------+--------------------+
| Ubuntu 20.04 ARM GCC Cross Compile     | FAIL               |
+----------------------------------------+--------------------+
| Ubuntu 20.04 ARM SVE                   | PASS               |
+----------------------------------------+--------------------+
| Debian 12 with MUSDK                   | FAIL               |
+----------------------------------------+--------------------+
| Fedora 37 (ARM)                        | FAIL               |
+----------------------------------------+--------------------+
| Fedora 38 (ARM)                        | FAIL               |
+----------------------------------------+--------------------+
| Fedora 38 (ARM Clang)                  | FAIL               |
+----------------------------------------+--------------------+
| Fedora 39 (ARM)                        | FAIL               |
+----------------------------------------+--------------------+
| Fedora 39 (ARM Clang)                  | FAIL               |
+----------------------------------------+--------------------+
| Fedora 40 (ARM)                        | FAIL               |
+----------------------------------------+--------------------+
| Fedora 40 (ARM Clang)                  | PEND               |
+----------------------------------------+--------------------+
| Ubuntu 20.04 (ARM)                     | PEND               |
+----------------------------------------+--------------------+
| Ubuntu 22.04 (ARM)                     | FAIL               |
+----------------------------------------+--------------------+
| Ubuntu 24.04 (ARM)                     | PEND               |
+----------------------------------------+--------------------+
| CentOS Stream 9 (ARM)                  | FAIL               |
+----------------------------------------+--------------------+
| Debian 12 (arm)                        | FAIL               |
+----------------------------------------+--------------------+
| Debian 11 (Buster) (ARM)               | FAIL               |
+----------------------------------------+--------------------+
| Ubuntu 20.04 ARM Clang Cross Compile   | FAIL               |
+----------------------------------------+--------------------+
| Ubuntu 20.04 aarch32 GCC Cross Compile | FAIL               |
+----------------------------------------+--------------------+

==== 20 line log output for Ubuntu 20.04 aarch32 GCC Cross Compile (dpdk_meson_compile): ====
[2106/2289] Compiling C object 'app/a172ced@@dpdk-test@exe/test_test_timer_secondary.c.o'.
[2107/2289] Compiling C object 'app/a172ced@@dpdk-test@exe/test_test_trace.c.o'.
[2108/2289] Compiling C object 'app/a172ced@@dpdk-test@exe/test_test_trace_perf.c.o'.
[2109/2289] Compiling C object 'app/a172ced@@dpdk-test@exe/test_test_trace_register.c.o'.
[2110/2289] Compiling C object 'app/a172ced@@dpdk-test@exe/test_test_vdev.c.o'.
[2111/2289] Compiling C object 'app/a172ced@@dpdk-test@exe/test_test_version.c.o'.
[2112/2289] Linking target app/dpdk-test.
FAILED: app/dpdk-test
arm-linux-gnueabihf-gcc  -o app/dpdk-test 'app/a172ced@@dpdk-test@exe/test_commands.c.o' 'app/a172ced@@dpdk-test@exe/test_test.c.o' 'app/a172ced@@dpdk-test@exe/test_packet_burst_generator.c.o' 'app/a172ced@@dpdk-test@exe/test_sample_packet_forward.c.o' 'app/a172ced@@dpdk-test@exe/test_virtual_pmd.c.o' 'app/a172ced@@dpdk-test@exe/test_test_acl.c.o' 'app/a172ced@@dpdk-test@exe/test_test_alarm.c.o' 'app/a172ced@@dpdk-test@exe/test_test_argparse.c.o' 'app/a172ced@@dpdk-test@exe/test_test_atomic.c.o' 'app/a172ced@@dpdk-test@exe/test_test_barrier.c.o' 'app/a172ced@@dpdk-test@exe/test_test_bitcount.c.o' 'app/a172ced@@dpdk-test@exe/test_test_bitmap.c.o' 'app/a172ced@@dpdk-test@exe/test_test_bitops.c.o' 'app/a172ced@@dpdk-test@exe/test_test_bitratestats.c.o' 'app/a172ced@@dpdk-test@exe/test_test_bpf.c.o' 'app/a172ced@@dpdk-test@exe/test_test_byteorder.c.o' 'app/a172ced@@dpdk-test@exe/test_test_cksum.c.o' 'app/a172ced@@dpdk-test@exe/test_test_cksum_perf.c.o' 'app/a172ced@@dpdk-test@exe/test_te
 st_cmdline.c.o' 'app/a172ced@@dpdk-test@exe/test_test_cmdline_cirbuf.c.o' 'app/a172ced@@dpdk-test@exe/test_test_cmdline_etheraddr.c.o' 'app/a172ced@@dpdk-test@exe/test_test_cmdline_ipaddr.c.o' 'app/a172ced@@dpdk-test@exe/test_test_cmdline_lib.c.o' 'app/a172ced@@dpdk-test@exe/test_test_cmdline_num.c.o' 'app/a172ced@@dpdk-test@exe/test_test_cmdline_portlist.c.o' 'app/a172ced@@dpdk-test@exe/test_test_cmdline_string.c.o' 'app/a172ced@@dpdk-test@exe/test_test_common.c.o' 'app/a172ced@@dpdk-test@exe/test_test_cpuflags.c.o' 'app/a172ced@@dpdk-test@exe/test_test_crc.c.o' 'app/a172ced@@dpdk-test@exe/test_test_cryptodev.c.o' 'app/a172ced@@dpdk-test@exe/test_test_cryptodev_asym.c.o' 'app/a172ced@@dpdk-test@exe/test_test_cryptodev_blockcipher.c.o' 'app/a172ced@@dpdk-test@exe/test_test_cryptodev_crosscheck.c.o' 'app/a172ced@@dpdk-test@exe/test_test_cryptodev_security_ipsec.c.o' 'app/a172ced@@dpdk-test@exe/test_test_cryptodev_security_pdcp.c.o' 'app/a172ced@@dpdk-test@exe/test_test_cryptodev_secu
 rity_tls_record.c.o' 'app/a172ced@@dpdk-test@exe/test_test_cycles.c.o' 'app/a172ced@@dpdk-test@exe/test_test_debug.c.o' 'app/a172ced@@dpdk-test@exe/test_test_devargs.c.o' 'app/a172ced@@dpdk-test@exe/test_test_dispatcher.c.o' 'app/a172ced@@dpdk-test@exe/test_test_distributor.c.o' 'app/a172ced@@dpdk-test@exe/test_test_distributor_perf.c.o' 'app/a172ced@@dpdk-test@exe/test_test_dmadev.c.o' 'app/a172ced@@dpdk-test@exe/test_test_dmadev_api.c.o' 'app/a172ced@@dpdk-test@exe/test_test_eal_flags.c.o' 'app/a172ced@@dpdk-test@exe/test_test_eal_fs.c.o' 'app/a172ced@@dpdk-test@exe/test_test_efd.c.o' 'app/a172ced@@dpdk-test@exe/test_test_efd_perf.c.o' 'app/a172ced@@dpdk-test@exe/test_test_errno.c.o' 'app/a172ced@@dpdk-test@exe/test_test_ethdev_api.c.o' 'app/a172ced@@dpdk-test@exe/test_test_ethdev_link.c.o' 'app/a172ced@@dpdk-test@exe/test_test_event_crypto_adapter.c.o' 'app/a172ced@@dpdk-test@exe/test_test_event_dma_adapter.c.o' 'app/a172ced@@dpdk-test@exe/test_test_event_eth_rx_adapter.c.o' 'app
 /a172ced@@dpdk-test@exe/test_test_event_eth_tx_adapter.c.o' 'app/a172ced@@dpdk-test@exe/test_test_event_ring.c.o' 'app/a172ced@@dpdk-test@exe/test_test_event_timer_adapter.c.o' 'app/a172ced@@dpdk-test@exe/test_test_eventdev.c.o' 'app/a172ced@@dpdk-test@exe/test_test_external_mem.c.o' 'app/a172ced@@dpdk-test@exe/test_test_fbarray.c.o' 'app/a172ced@@dpdk-test@exe/test_test_fib.c.o' 'app/a172ced@@dpdk-test@exe/test_test_fib6.c.o' 'app/a172ced@@dpdk-test@exe/test_test_fib6_perf.c.o' 'app/a172ced@@dpdk-test@exe/test_test_fib_perf.c.o' 'app/a172ced@@dpdk-test@exe/test_test_func_reentrancy.c.o' 'app/a172ced@@dpdk-test@exe/test_test_graph.c.o' 'app/a172ced@@dpdk-test@exe/test_test_graph_perf.c.o' 'app/a172ced@@dpdk-test@exe/test_test_hash.c.o' 'app/a172ced@@dpdk-test@exe/test_test_hash_functions.c.o' 'app/a172ced@@dpdk-test@exe/test_test_hash_multiwriter.c.o' 'app/a172ced@@dpdk-test@exe/test_test_hash_perf.c.o' 'app/a172ced@@dpdk-test@exe/test_test_hash_readwrite.c.o' 'app/a172ced@@dpdk-tes
 t@exe/test_test_hash_readwrite_lf_perf.c.o' 'app/a172ced@@dpdk-test@exe/test_test_interrupts.c.o' 'app/a172ced@@dpdk-test@exe/test_test_ipfrag.c.o' 'app/a172ced@@dpdk-test@exe/test_test_ipsec.c.o' 'app/a172ced@@dpdk-test@exe/test_test_ipsec_perf.c.o' 'app/a172ced@@dpdk-test@exe/test_test_ipsec_sad.c.o' 'app/a172ced@@dpdk-test@exe/test_test_kvargs.c.o' 'app/a172ced@@dpdk-test@exe/test_test_latencystats.c.o' 'app/a172ced@@dpdk-test@exe/test_test_lcores.c.o' 'app/a172ced@@dpdk-test@exe/test_test_link_bonding.c.o' 'app/a172ced@@dpdk-test@exe/test_test_link_bonding_mode4.c.o' 'app/a172ced@@dpdk-test@exe/test_test_link_bonding_rssconf.c.o' 'app/a172ced@@dpdk-test@exe/test_test_logs.c.o' 'app/a172ced@@dpdk-test@exe/test_test_lpm.c.o' 'app/a172ced@@dpdk-test@exe/test_test_lpm6.c.o' 'app/a172ced@@dpdk-test@exe/test_test_lpm6_perf.c.o' 'app/a172ced@@dpdk-test@exe/test_test_lpm_perf.c.o' 'app/a172ced@@dpdk-test@exe/test_test_malloc.c.o' 'app/a172ced@@dpdk-test@exe/test_test_malloc_perf.c.o' 'a
 pp/a172ced@@dpdk-test@exe/test_test_mbuf.c.o' 'app/a172ced@@dpdk-test@exe/test_test_mcslock.c.o' 'app/a172ced@@dpdk-test@exe/test_test_member.c.o' 'app/a172ced@@dpdk-test@exe/test_test_member_perf.c.o' 'app/a172ced@@dpdk-test@exe/test_test_memcpy.c.o' 'app/a172ced@@dpdk-test@exe/test_test_memcpy_perf.c.o' 'app/a172ced@@dpdk-test@exe/test_test_memory.c.o' 'app/a172ced@@dpdk-test@exe/test_test_mempool.c.o' 'app/a172ced@@dpdk-test@exe/test_test_mempool_perf.c.o' 'app/a172ced@@dpdk-test@exe/test_test_memzone.c.o' 'app/a172ced@@dpdk-test@exe/test_test_meter.c.o' 'app/a172ced@@dpdk-test@exe/test_test_metrics.c.o' 'app/a172ced@@dpdk-test@exe/test_test_mp_secondary.c.o' 'app/a172ced@@dpdk-test@exe/test_test_net_ether.c.o' 'app/a172ced@@dpdk-test@exe/test_test_pdcp.c.o' 'app/a172ced@@dpdk-test@exe/test_test_pdump.c.o' 'app/a172ced@@dpdk-test@exe/test_test_per_lcore.c.o' 'app/a172ced@@dpdk-test@exe/test_test_pflock.c.o' 'app/a172ced@@dpdk-test@exe/test_test_pie.c.o' 'app/a172ced@@dpdk-test@ex
 e/test_test_pmd_perf.c.o' 'app/a172ced@@dpdk-test@exe/test_test_pmd_ring.c.o' 'app/a172ced@@dpdk-test@exe/test_test_pmd_ring_perf.c.o' 'app/a172ced@@dpdk-test@exe/test_test_power.c.o' 'app/a172ced@@dpdk-test@exe/test_test_power_cpufreq.c.o' 'app/a172ced@@dpdk-test@exe/test_test_power_intel_uncore.c.o' 'app/a172ced@@dpdk-test@exe/test_test_power_kvm_vm.c.o' 'app/a172ced@@dpdk-test@exe/test_test_prefetch.c.o' 'app/a172ced@@dpdk-test@exe/test_test_ptr_compress.c.o' 'app/a172ced@@dpdk-test@exe/test_test_rand_perf.c.o' 'app/a172ced@@dpdk-test@exe/test_test_rawdev.c.o' 'app/a172ced@@dpdk-test@exe/test_test_rcu_qsbr.c.o' 'app/a172ced@@dpdk-test@exe/test_test_rcu_qsbr_perf.c.o' 'app/a172ced@@dpdk-test@exe/test_test_reassembly_perf.c.o' 'app/a172ced@@dpdk-test@exe/test_test_reciprocal_division.c.o' 'app/a172ced@@dpdk-test@exe/test_test_reciprocal_division_perf.c.o' 'app/a172ced@@dpdk-test@exe/test_test_red.c.o' 'app/a172ced@@dpdk-test@exe/test_test_reorder.c.o' 'app/a172ced@@dpdk-test@exe/te
 st_test_rib.c.o' 'app/a172ced@@dpdk-test@exe/test_test_rib6.c.o' 'app/a172ced@@dpdk-test@exe/test_test_ring.c.o' 'app/a172ced@@dpdk-test@exe/test_test_ring_hts_stress.c.o' 'app/a172ced@@dpdk-test@exe/test_test_ring_mpmc_stress.c.o' 'app/a172ced@@dpdk-test@exe/test_test_ring_mt_peek_stress.c.o' 'app/a172ced@@dpdk-test@exe/test_test_ring_mt_peek_stress_zc.c.o' 'app/a172ced@@dpdk-test@exe/test_test_ring_perf.c.o' 'app/a172ced@@dpdk-test@exe/test_test_ring_rts_stress.c.o' 'app/a172ced@@dpdk-test@exe/test_test_ring_st_peek_stress.c.o' 'app/a172ced@@dpdk-test@exe/test_test_ring_st_peek_stress_zc.c.o' 'app/a172ced@@dpdk-test@exe/test_test_ring_stress.c.o' 'app/a172ced@@dpdk-test@exe/test_test_rwlock.c.o' 'app/a172ced@@dpdk-test@exe/test_test_sched.c.o' 'app/a172ced@@dpdk-test@exe/test_test_security.c.o' 'app/a172ced@@dpdk-test@exe/test_test_security_inline_macsec.c.o' 'app/a172ced@@dpdk-test@exe/test_test_security_inline_proto.c.o' 'app/a172ced@@dpdk-test@exe/test_test_security_proto.c.o' 
 'app/a172ced@@dpdk-test@exe/test_test_seqlock.c.o' 'app/a172ced@@dpdk-test@exe/test_test_service_cores.c.o' 'app/a172ced@@dpdk-test@exe/test_test_spinlock.c.o' 'app/a172ced@@dpdk-test@exe/test_test_stack.c.o' 'app/a172ced@@dpdk-test@exe/test_test_stack_perf.c.o' 'app/a172ced@@dpdk-test@exe/test_test_string_fns.c.o' 'app/a172ced@@dpdk-test@exe/test_test_table.c.o' 'app/a172ced@@dpdk-test@exe/test_test_table_acl.c.o' 'app/a172ced@@dpdk-test@exe/test_test_table_combined.c.o' 'app/a172ced@@dpdk-test@exe/test_test_table_pipeline.c.o' 'app/a172ced@@dpdk-test@exe/test_test_table_ports.c.o' 'app/a172ced@@dpdk-test@exe/test_test_table_tables.c.o' 'app/a172ced@@dpdk-test@exe/test_test_tailq.c.o' 'app/a172ced@@dpdk-test@exe/test_test_telemetry_data.c.o' 'app/a172ced@@dpdk-test@exe/test_test_telemetry_json.c.o' 'app/a172ced@@dpdk-test@exe/test_test_thash.c.o' 'app/a172ced@@dpdk-test@exe/test_test_thash_perf.c.o' 'app/a172ced@@dpdk-test@exe/test_test_threads.c.o' 'app/a172ced@@dpdk-test@exe/test
 _test_ticketlock.c.o' 'app/a172ced@@dpdk-test@exe/test_test_timer.c.o' 'app/a172ced@@dpdk-test@exe/test_test_timer_perf.c.o' 'app/a172ced@@dpdk-test@exe/test_test_timer_racecond.c.o' 'app/a172ced@@dpdk-test@exe/test_test_timer_secondary.c.o' 'app/a172ced@@dpdk-test@exe/test_test_trace.c.o' 'app/a172ced@@dpdk-test@exe/test_test_trace_perf.c.o' 'app/a172ced@@dpdk-test@exe/test_test_trace_register.c.o' 'app/a172ced@@dpdk-test@exe/test_test_vdev.c.o' 'app/a172ced@@dpdk-test@exe/test_test_version.c.o' -Wl,--as-needed -Wl,--no-undefined -Wl,-O1 -Wl,--no-as-needed -pthread -Wl,--start-group -lm -ldl lib/librte_cmdline.so.24.2 lib/librte_eal.so.24.2 lib/librte_kvargs.so.24.2 lib/librte_log.so.24.2 lib/librte_telemetry.so.24.2 lib/librte_net.so.24.2 lib/librte_mbuf.so.24.2 lib/librte_mempool.so.24.2 lib/librte_ring.so.24.2 drivers/librte_net_ring.so.24.2 lib/librte_ethdev.so.24.2 lib/librte_meter.so.24.2 drivers/librte_bus_pci.so.24.2 lib/librte_pci.so.24.2 drivers/librte_bus_vdev.so.24.2 li
 b/librte_acl.so.24.2 lib/librte_argparse.so.24.2 lib/librte_hash.so.24.2 lib/librte_rcu.so.24.2 lib/librte_metrics.so.24.2 lib/librte_bitratestats.so.24.2 lib/librte_bpf.so.24.2 lib/librte_compressdev.so.24.2 lib/librte_cryptodev.so.24.2 lib/librte_security.so.24.2 lib/librte_dispatcher.so.24.2 lib/librte_eventdev.so.24.2 lib/librte_timer.so.24.2 lib/librte_dmadev.so.24.2 lib/librte_distributor.so.24.2 lib/librte_efd.so.24.2 lib/librte_fib.so.24.2 lib/librte_rib.so.24.2 lib/librte_table.so.24.2 lib/librte_port.so.24.2 lib/librte_sched.so.24.2 lib/librte_ip_frag.so.24.2 lib/librte_lpm.so.24.2 lib/librte_graph.so.24.2 lib/librte_pcapng.so.24.2 lib/librte_ipsec.so.24.2 lib/librte_latencystats.so.24.2 drivers/librte_net_bond.so.24.2 lib/librte_member.so.24.2 lib/librte_pdcp.so.24.2 lib/librte_reorder.so.24.2 lib/librte_pdump.so.24.2 lib/librte_power.so.24.2 lib/librte_rawdev.so.24.2 lib/librte_stack.so.24.2 lib/librte_pipeline.so.24.2 drivers/librte_crypto_scheduler.so.24.2 -Wl,--end-gr
 oup '-Wl,-rpath,$ORIGIN/../lib:$ORIGIN/../drivers' -Wl,-rpath-link,/home-local/jenkins-local/jenkins-agent/workspace/Generic-DPDK-Compile-Meson@3/dpdk/build/lib -Wl,-rpath-link,/home-local/jenkins-local/jenkins-agent/workspace/Generic-DPDK-Compile-Meson@3/dpdk/build/drivers
/usr/lib/gcc-cross/arm-linux-gnueabihf/9/../../../../arm-linux-gnueabihf/bin/ld: app/a172ced@@dpdk-test@exe/test_test_cryptodev_asym.c.o: in function `test_sm2_dec':
test_cryptodev_asym.c:(.text+0xa16): undefined reference to `rte_cryptodev_asym_xform_capability_check_opcap'
/usr/lib/gcc-cross/arm-linux-gnueabihf/9/../../../../arm-linux-gnueabihf/bin/ld: app/a172ced@@dpdk-test@exe/test_test_cryptodev_asym.c.o: in function `test_sm2_verify':
test_cryptodev_asym.c:(.text+0xcdc): undefined reference to `rte_cryptodev_asym_xform_capability_check_opcap'
/usr/lib/gcc-cross/arm-linux-gnueabihf/9/../../../../arm-linux-gnueabihf/bin/ld: app/a172ced@@dpdk-test@exe/test_test_cryptodev_asym.c.o: in function `test_sm2_sign':
test_cryptodev_asym.c:(.text+0xfa8): undefined reference to `rte_cryptodev_asym_xform_capability_check_opcap'
/usr/lib/gcc-cross/arm-linux-gnueabihf/9/../../../../arm-linux-gnueabihf/bin/ld: test_cryptodev_asym.c:(.text+0xfcc): undefined reference to `rte_cryptodev_asym_xform_capability_check_opcap'
/usr/lib/gcc-cross/arm-linux-gnueabihf/9/../../../../arm-linux-gnueabihf/bin/ld: test_cryptodev_asym.c:(.text+0x10ea): undefined reference to `rte_cryptodev_asym_xform_capability_check_opcap'
/usr/lib/gcc-cross/arm-linux-gnueabihf/9/../../../../arm-linux-gnueabihf/bin/ld: app/a172ced@@dpdk-test@exe/test_test_cryptodev_asym.c.o:test_cryptodev_asym.c:(.text+0x13b4): more undefined references to `rte_cryptodev_asym_xform_capability_check_opcap' follow
collect2: error: ld returned 1 exit status
ninja: build stopped: subcommand failed.
==== End log output ====

RHEL9 (ARM)
	Kernel: Depends on container host
	Compiler: gcc 11.4.1 20231218 (Red Hat 11.4.1-3)

Ubuntu 20.04 ARM GCC Cross Compile
	Kernel: Depends on container host
	Compiler: aarch64-linux-gnu-gcc (Ubuntu 9.4.0-1ubuntu1~20.04.2) 9.4.0

Ubuntu 20.04 ARM SVE
	Kernel: Depends on container host
	Compiler: gcc (Ubuntu 10.5.0-1ubuntu1~20.04) 10.5.0

Debian 12 with MUSDK
	Kernel: Depends on container host
	Compiler: gcc (Debian 12.2.0-14) 12.2.0

Fedora 37 (ARM)
	Kernel: Depends on container host
	Compiler: gcc 12.3.1 20230508 (Red Hat 12.3.1-1)

Fedora 38 (ARM)
	Kernel: Depends on container host
	Compiler: gcc 13.2.1 20240316 (Red Hat 13.2.1-7)

Fedora 38 (ARM Clang)
	Kernel: Depends on container host
	Compiler: clang 16.0.6 (Fedora 16.0.6-4.fc38)

Fedora 39 (ARM)
	Kernel: Depends on container host
	Compiler: gcc 13.3.1 20240522 (Red Hat 13.3.1-1)

Fedora 39 (ARM Clang)
	Kernel: Depends on container host
	Compiler: clang 17.0.6 (Fedora 17.0.6-2.fc39)

Fedora 40 (ARM)
	Kernel: Depends on container host
	Compiler: gcc 14.2.1 20240801 (Red Hat 14.2.1-1)

Fedora 40 (ARM Clang)
	Kernel: Depends on container host
	Compiler: clang 18.1.6 (Fedora 18.1.6-3.fc40)

Ubuntu 20.04 (ARM)
	Kernel: Depends on container host
	Compiler: gcc (Ubuntu 9.4.0-1ubuntu1~20.04.2) 9.4.0

Ubuntu 22.04 (ARM)
	Kernel: Depends on container host
	Compiler: gcc (Ubuntu 11.4.0-1ubuntu1~22.04) 11.4.0

Ubuntu 24.04 (ARM)
	Kernel: Depends on container host
	Compiler: gcc (Ubuntu 13.2.0-23ubuntu4) 13.2.0

CentOS Stream 9 (ARM)
	Kernel: Depends on container host
	Compiler: gcc 11.4.1 20231218 (Red Hat 11.4.1-3)

Debian 12 (arm)
	Kernel: Depends on container host
	Compiler: gcc (Debian 12.2.0-14) 12.2.0

Debian 11 (Buster) (ARM)
	Kernel: Depends on container host
	Compiler: gcc (Debian 10.2.1-6) 10.2.1 20210110

Ubuntu 20.04 ARM Clang Cross Compile
	Kernel: Depends on container host
	Compiler: clang 10.0.0-4ubuntu1

Ubuntu 20.04 aarch32 GCC Cross Compile
	Kernel: Depends on container host
	Compiler: gcc 9.4.0

To view detailed results, visit:
https://lab.dpdk.org/results/dashboard/patchsets/30929/

UNH-IOL DPDK Community Lab

To manage your email subscriptions, visit: 
https://lab.dpdk.org/results/dashboard/preferences/subscriptions/