From mboxrd@z Thu Jan 1 00:00:00 1970
Return-Path: <test-report-bounces@dpdk.org>
Received: from mails.dpdk.org (mails.dpdk.org [217.70.189.124])
by inbox.dpdk.org (Postfix) with ESMTP id DE8A945925
for <public@inbox.dpdk.org>; Sat, 7 Sep 2024 03:32:51 +0200 (CEST)
Received: from mails.dpdk.org (localhost [127.0.0.1])
by mails.dpdk.org (Postfix) with ESMTP id D29B24029B;
Sat, 7 Sep 2024 03:32:51 +0200 (CEST)
Received: from mail-ot1-f100.google.com (mail-ot1-f100.google.com
[209.85.210.100])
by mails.dpdk.org (Postfix) with ESMTP id B50C34028F
for <test-report@dpdk.org>; Sat, 7 Sep 2024 03:32:50 +0200 (CEST)
Received: by mail-ot1-f100.google.com with SMTP id
46e09a7af769-7093ba310b0so1442002a34.2
for <test-report@dpdk.org>; Fri, 06 Sep 2024 18:32:50 -0700 (PDT)
DKIM-Signature: v=1; a=rsa-sha256; c=relaxed/relaxed;
d=iol.unh.edu; s=unh-iol; t=1725672769; x=1726277569; darn=dpdk.org;
h=references:in-reply-to:cc:to:from:subject:message-id:date:from:to
:cc:subject:date:message-id:reply-to;
bh=tN+SrrsgbRxyp/PWaGaeTiMzA0bztQOR0Ef9OBjpAPE=;
b=FC0ByY0n+xrioU9bjtpq4f4dYvv4E71NLX+o7/KE9ekzJh9PcE72mmj47mVpxINL7n
7eE/XqpngL+J96CuSvQSaEpyIyOvWCpNynxamMUoOGumkDFUj3kASgFDPBgjK+xnwT+/
mvYWS9RuBkaEuHZ3cnZxq+AEct6jeP0/Opedw=
X-Google-DKIM-Signature: v=1; a=rsa-sha256; c=relaxed/relaxed;
d=1e100.net; s=20230601; t=1725672769; x=1726277569;
h=references:in-reply-to:cc:to:from:subject:message-id:date
:x-gm-message-state:from:to:cc:subject:date:message-id:reply-to;
bh=tN+SrrsgbRxyp/PWaGaeTiMzA0bztQOR0Ef9OBjpAPE=;
b=EDnnx+5J/OEPVRu7HnnX27IiqiSf7b51CN9Q0VG0h/lLSm9w3gouDMm87aQ9Bl0K/H
f06dsRhm+KnRD9aSh3YSTUR0P4Fvl14aL0zDGWXIntYpj7SWihpmvAUmfKaeMMhQQ3O9
ZPqRGb8JP2kFIJRhgPi0i+8ryslY0sP6Tc6exa3b9F8f1TVBj0O9gANiz1SOul59SJ6/
D9uCnSCYooZ8K4ig0AHfnK/HDoOYxhGTnnfEJ4Ge88IXtg1heUrJcYrX1JpH93t38JQZ
4xni00CDmXjc+Mr6zkUlUYXFpXK6ubO8e6f9teR0vYjCQOoppMVPamkdy8UdB6P+0GBf
JY7Q==
X-Gm-Message-State: AOJu0Yw7WLf25zrDEYRRZBZIxoS3lpx4bcTLEcslbuiJ744y2k77eIVe
1Qo/KB2SFPia47N0ndeeszlDKhhASO2wiDro9uA9A1a6qwxkz39W63a+IP6vZoOaEdp82lB6Csk
Ah1/lSn69AR7fcBkx6+FrDpzvMzQPsWeNdWvlrsS69j4b7PykF7PsSOpC
X-Google-Smtp-Source: AGHT+IEugwhdN/hPnZ5Q14fkowaZVfsDNgom1nTH/qwTrLyklrohBYy4zTsIl1H7ZO37s9PzYL08sCtSuQUY
X-Received: by 2002:a05:6358:299:b0:1aa:a19e:f195 with SMTP id
e5c5f4694b2df-1b8385bc294mr544743055d.4.1725672769662;
Fri, 06 Sep 2024 18:32:49 -0700 (PDT)
Received: from postal.iol.unh.edu (postal.iol.unh.edu.
[2606:4100:3880:1234::84]) by smtp-relay.gmail.com with ESMTPS id
98e67ed59e1d1-2dadc0ff491sm144270a91.11.2024.09.06.18.32.49
(version=TLS1_2 cipher=ECDHE-ECDSA-AES128-GCM-SHA256 bits=128/128);
Fri, 06 Sep 2024 18:32:49 -0700 (PDT)
X-Relaying-Domain: iol.unh.edu
Date: Fri, 06 Sep 2024 18:32:49 -0700 (PDT)
Message-ID: <66dbad41.170a0220.12af4f.b6e0SMTPIN_ADDED_MISSING@mx.google.com>
Received: from [172.21.0.3] (unknown [172.18.0.240])
by postal.iol.unh.edu (Postfix) with ESMTP id C483B605C351;
Fri, 6 Sep 2024 21:32:48 -0400 (EDT)
Subject: |FAILURE| pw143759 [PATCH] fib: network byte order IPv4 lookup
From: dpdklab@iol.unh.edu
To: Test Report <test-report@dpdk.org>
Cc: Vladimir Medvedkin <vladimir.medvedkin@intel.com>,
dpdk-test-reports@iol.unh.edu,
Vladimir Medvedkin <vladimir.medvedkin@intel.com>
In-Reply-To: <20240906170649.1325254-1-vladimir.medvedkin@intel.com>
References: <20240906170649.1325254-1-vladimir.medvedkin@intel.com>
Content-Type: text/plain
X-BeenThere: test-report@dpdk.org
X-Mailman-Version: 2.1.29
Precedence: list
List-Id: automatic DPDK test reports <test-report.dpdk.org>
List-Unsubscribe: <https://mails.dpdk.org/options/test-report>,
<mailto:test-report-request@dpdk.org?subject=unsubscribe>
List-Archive: <http://mails.dpdk.org/archives/test-report/>
List-Post: <mailto:test-report@dpdk.org>
List-Help: <mailto:test-report-request@dpdk.org?subject=help>
List-Subscribe: <https://mails.dpdk.org/listinfo/test-report>,
<mailto:test-report-request@dpdk.org?subject=subscribe>
Errors-To: test-report-bounces@dpdk.org
Test-Label: iol-unit-amd64-testing
Test-Status: FAILURE
http://dpdk.org/patch/143759
_Testing issues_
Submitter: Vladimir Medvedkin <vladimir.medvedkin@intel.com>
Date: Friday, September 06 2024 17:06:49
DPDK git baseline: Repo:dpdk
Branch: master
CommitID:41dd9a6bc2d9c6e20e139ad713cc9d172572dd43
143759 --> testing issues
Upstream job id: Generic-Unit-Test-DPDK#259708
Test environment and result as below:
+---------------------+----------------+
| Environment | dpdk_unit_test |
+=====================+================+
| Windows Server 2022 | PASS |
+---------------------+----------------+
| CentOS Stream 9 | PEND |
+---------------------+----------------+
| Fedora 37 | PEND |
+---------------------+----------------+
| Fedora 38 | PEND |
+---------------------+----------------+
| Debian 12 | PEND |
+---------------------+----------------+
| Fedora 38 (Clang) | PEND |
+---------------------+----------------+
| Fedora 39 (Clang) | PEND |
+---------------------+----------------+
| Fedora 39 | PASS |
+---------------------+----------------+
| Fedora 40 | PEND |
+---------------------+----------------+
| Fedora 40 (Clang) | PEND |
+---------------------+----------------+
| RHEL8 | WARN |
+---------------------+----------------+
| RHEL9 | PEND |
+---------------------+----------------+
| Ubuntu 20.04 | PEND |
+---------------------+----------------+
| Ubuntu 22.04 | PEND |
+---------------------+----------------+
| Ubuntu 24.04 | PEND |
+---------------------+----------------+
| Debian Bullseye | PEND |
+---------------------+----------------+
==== 20 line log output for RHEL8 (dpdk_unit_test): ====
[447/2951] Compiling C object 'lib/76b5a35@@rte_fib@sta/fib_trie_avx512.c.o'.
[448/2951] Compiling C object 'lib/76b5a35@@rte_port@sta/port_port_log.c.o'.
[449/2951] Compiling C object 'lib/76b5a35@@rte_port@sta/port_rte_port_ethdev.c.o'.
[450/2951] Compiling C object 'lib/76b5a35@@rte_port@sta/port_rte_port_fd.c.o'.
[451/2951] Compiling C object 'lib/76b5a35@@rte_port@sta/port_rte_port_frag.c.o'.
[452/2951] Compiling C object 'lib/76b5a35@@rte_fib@sta/fib_dir24_8_avx512.c.o'.
FAILED: lib/76b5a35@@rte_fib@sta/fib_dir24_8_avx512.c.o
ccache cc -Ilib/76b5a35@@rte_fib@sta -Ilib -I../lib -Ilib/fib -I../lib/fib -I. -I../ -Iconfig -I../config -Ilib/eal/include -I../lib/eal/include -Ilib/eal/linux/include -I../lib/eal/linux/include -Ilib/eal/x86/include -I../lib/eal/x86/include -Ilib/eal/common -I../lib/eal/common -Ilib/eal -I../lib/eal -Ilib/kvargs -I../lib/kvargs -Ilib/log -I../lib/log -Ilib/telemetry/../metrics -I../lib/telemetry/../metrics -Ilib/telemetry -I../lib/telemetry -Ilib/rib -I../lib/rib -Ilib/mempool -I../lib/mempool -Ilib/ring -I../lib/ring -fdiagnostics-color=always -pipe -D_FILE_OFFSET_BITS=64 -Wall -Winvalid-pch -Wextra -Werror -std=c11 -O3 -include rte_config.h -Wcast-qual -Wdeprecated -Wformat -Wformat-nonliteral -Wformat-security -Wmissing-declarations -Wmissing-prototypes -Wnested-externs -Wold-style-definition -Wpointer-arith -Wsign-compare -Wstrict-prototypes -Wundef -Wwrite-strings -Wno-packed-not-aligned -Wno-missing-field-initializers -D_GNU_SOURCE -fPIC -march=native -mrtm -DALLOW_EXPERIMENT
AL_API -DALLOW_INTERNAL_API -Wno-format-truncation -DCC_DIR24_8_AVX512_SUPPORT -DCC_TRIE_AVX512_SUPPORT -DRTE_LOG_DEFAULT_LOGTYPE=lib.fib -MD -MQ 'lib/76b5a35@@rte_fib@sta/fib_dir24_8_avx512.c.o' -MF 'lib/76b5a35@@rte_fib@sta/fib_dir24_8_avx512.c.o.d' -o 'lib/76b5a35@@rte_fib@sta/fib_dir24_8_avx512.c.o' -c ../lib/fib/dir24_8_avx512.c
../lib/fib/dir24_8_avx512.c: In function 'dir24_8_vec_lookup_x16':
../lib/fib/dir24_8_avx512.c:32:27: error: implicit declaration of function '_mm512_set_epi8'; did you mean '_mm512_set1_epi8'? [-Werror=implicit-function-declaration]
const __m512i bswap32 = _mm512_set_epi8(
^~~~~~~~~~~~~~~
_mm512_set1_epi8
../lib/fib/dir24_8_avx512.c:32:27: error: nested extern declaration of '_mm512_set_epi8' [-Werror=nested-externs]
../lib/fib/dir24_8_avx512.c:32:27: error: incompatible types when initializing type '__m512i' {aka 'const __vector(8) long long int'} using type 'int'
cc1: all warnings being treated as errors
[453/2951] Compiling C object 'lib/76b5a35@@rte_port@sta/port_rte_port_ras.c.o'.
[454/2951] Generating symbol file 'lib/76b5a35@@rte_ipsec@sha/librte_ipsec.so.25.0.symbols'.
[455/2951] Generating vhost.sym_chk with a meson_exe.py custom command.
ninja: build stopped: subcommand failed.
==== End log output ====
Windows Server 2022
Kernel: 10.0.20348.2031
Compiler: clang 15.0.7, gcc 14.1.0 (MinGW), and MSVC VS 19.39.33521
CentOS Stream 9
Kernel: Depends on container host
Compiler: gcc 11.4.1 20231218 (Red Hat 11.4.1-3)
Fedora 37
Kernel: Depends on container host system
Compiler: gcc 12.3.1 20230508 (Red Hat 12.3.1-1)
Fedora 38
Kernel: Depends on container host
Compiler: gcc 13.2.1 20240316 (Red Hat 13.2.1-7)
Debian 12
Kernel: Depends on container host
Compiler: gcc (Debian 12.2.0-14) 12.2.0
Fedora 38 (Clang)
Kernel: Depends on container host
Compiler: clang 16.0.6 (Fedora 16.0.6-4.fc38)
Fedora 39 (Clang)
Kernel: Depends on container host
Compiler: clang 17.0.6 (Fedora 17.0.6-2.fc39)
Fedora 39
Kernel: Depends on container host
Compiler: gcc 13.3.1 20240522 (Red Hat 13.3.1-1)
Fedora 40
Kernel: Depends on container host
Compiler: gcc 14.2.1 20240801 (Red Hat 14.2.1-1)
Fedora 40 (Clang)
Kernel: Depends on container host
Compiler: clang 18.1.6 (Fedora 18.1.6-3.fc40)
RHEL8
Kernel: Depends on container host
Compiler: gcc 8.5.0 20210514 (Red Hat 8.5.0-22)
RHEL9
Kernel: Depends on container host
Compiler: gcc 11.4.1 20231218 (Red Hat 11.4.1-3)
Ubuntu 20.04
Kernel: Depends on container host
Compiler: gcc (Ubuntu 9.4.0-1ubuntu1~20.04.2) 9.4.0
Ubuntu 22.04
Kernel: Depends on container host
Compiler: gcc (Ubuntu 11.4.0-1ubuntu1~22.04) 11.4.0
Ubuntu 24.04
Kernel: Depends on container host
Compiler: gcc (Ubuntu 13.2.0-23ubuntu4) 13.2.0
Debian Bullseye
Kernel: Depends on container host
Compiler: gcc (Debian 10.2.1-6) 10.2.1 20210110
To view detailed results, visit:
https://lab.dpdk.org/results/dashboard/patchsets/30950/
UNH-IOL DPDK Community Lab
To manage your email subscriptions, visit:
https://lab.dpdk.org/results/dashboard/preferences/subscriptions/