From mboxrd@z Thu Jan  1 00:00:00 1970
Return-Path: <test-report-bounces@dpdk.org>
Received: from mails.dpdk.org (mails.dpdk.org [217.70.189.124])
	by inbox.dpdk.org (Postfix) with ESMTP id CF41D4592A
	for <public@inbox.dpdk.org>; Sat,  7 Sep 2024 08:30:18 +0200 (CEST)
Received: from mails.dpdk.org (localhost [127.0.0.1])
	by mails.dpdk.org (Postfix) with ESMTP id CB1074029B;
	Sat,  7 Sep 2024 08:30:18 +0200 (CEST)
Received: from mail-qv1-f97.google.com (mail-qv1-f97.google.com
 [209.85.219.97]) by mails.dpdk.org (Postfix) with ESMTP id A58264028F
 for <test-report@dpdk.org>; Sat,  7 Sep 2024 08:30:16 +0200 (CEST)
Received: by mail-qv1-f97.google.com with SMTP id
 6a1803df08f44-6c353f2f954so17504726d6.3
 for <test-report@dpdk.org>; Fri, 06 Sep 2024 23:30:16 -0700 (PDT)
DKIM-Signature: v=1; a=rsa-sha256; c=relaxed/relaxed;
 d=iol.unh.edu; s=unh-iol; t=1725690616; x=1726295416; darn=dpdk.org;
 h=cc:to:from:subject:message-id:date:from:to:cc:subject:date
 :message-id:reply-to;
 bh=+j+U9Ug36hSLhwrPZ8l6woTmGywKfYySvdErr5rjv5g=;
 b=U9w8tVEJQi6gypR80G3mCEtTXlNgV3igzSCIPUhpdS/wyrWQD6kthfttmfvZkAsRKJ
 HOQBA2a7Ox8gbNlj0ItGEoFds97LoVkojDxrPCoh/sIMYlMGbj0h+fKRAIgzB3VQZrne
 lt3Eu0s82lRXwguUWLWHwbzZa4pI6GtTL+eOg=
X-Google-DKIM-Signature: v=1; a=rsa-sha256; c=relaxed/relaxed;
 d=1e100.net; s=20230601; t=1725690616; x=1726295416;
 h=cc:to:from:subject:message-id:date:x-gm-message-state:from:to:cc
 :subject:date:message-id:reply-to;
 bh=+j+U9Ug36hSLhwrPZ8l6woTmGywKfYySvdErr5rjv5g=;
 b=lgx2KTqboH2Kjv6gazE5Ze64/7eb3QG/1cuJ3y7SxJkAN40pZeQPe5Ujancr/1L2PO
 iAa6X4Ve8c8aM0MN7VbvT3Ndf3dtysNlVnks7qDckJJ0vSe8L29rbbDDz8p4+PyekEqP
 yxx2u/H191YGDYcxEdNW+uqnTpBlqfSneQskL8I0d4nzeg7xcCKpFs4LeeIP6GCy+09v
 ia+Cmmk1i/TgOdB049f9TWIFev7MrZfvLziDrduyq9zWT9NT3aDji3fndV/MkOGAbK9E
 WsqhUc7USCAUfV13RIfPSrJrFIgqcJTNVBtgSGUN0Oay5xJGfK7MDfbQNa8JmwG0G6U9
 rcbA==
X-Gm-Message-State: AOJu0YyjcFNDNGK7Mx5xqGBBXsWHr7QGfiMwvVqdY8mYMl550oHhXREM
 0oQPR8HaH1zfIBS1aTEsPPGlCmcwJettk9SCMLyDw7KQK20BRiR8SBa98ubQXZ+WmgAFGqrIOKz
 YzFLhZRazrIajx+t4qm5rDvzYYQxQ8HxJ6qyg9tMLydgOBdHH
X-Google-Smtp-Source: AGHT+IHhbxe0Gh+5czJam++DYr4bsveGNPRCP8L/y0cibH2rknIpx3GDsfKr0Paq97W/mnlbQ9LsSmO9f/fD
X-Received: by 2002:a05:6214:5881:b0:6c5:112e:4e32 with SMTP id
 6a1803df08f44-6c5283fb857mr69272276d6.19.1725690616037; 
 Fri, 06 Sep 2024 23:30:16 -0700 (PDT)
Received: from postal.iol.unh.edu (postal.iol.unh.edu.
 [2606:4100:3880:1234::84]) by smtp-relay.gmail.com with ESMTPS id
 6a1803df08f44-6c53477d6afsm189166d6.75.2024.09.06.23.30.15
 (version=TLS1_2 cipher=ECDHE-ECDSA-AES128-GCM-SHA256 bits=128/128);
 Fri, 06 Sep 2024 23:30:16 -0700 (PDT)
X-Relaying-Domain: iol.unh.edu
Date: Fri, 06 Sep 2024 23:30:16 -0700 (PDT)
Message-ID: <66dbf2f8.d40a0220.1e22c4.19b8SMTPIN_ADDED_MISSING@mx.google.com>
Received: from [172.21.0.2] (unknown [172.18.0.240])
 by postal.iol.unh.edu (Postfix) with ESMTP id B8571605C351;
 Sat,  7 Sep 2024 02:30:15 -0400 (EDT)
Subject: |WARNING| [GIT MASTER] ff4d4839f9c2a6d05dca0a25ed6b1549402e1682
From: dpdklab@iol.unh.edu
To: Test Report <test-report@dpdk.org>
Cc: dpdk-test-reports@iol.unh.edu, Xueming Li <xuemingl@nvidia.com>,
 Christian Ehrhardt <christian.ehrhardt@canonical.com>,
 Kevin Traynor <ktraynor@redhat.com>, Luca Boccassi <bluca@debian.org>
Content-Type: text/plain
X-BeenThere: test-report@dpdk.org
X-Mailman-Version: 2.1.29
Precedence: list
List-Id: automatic DPDK test reports <test-report.dpdk.org>
List-Unsubscribe: <https://mails.dpdk.org/options/test-report>,
 <mailto:test-report-request@dpdk.org?subject=unsubscribe>
List-Archive: <http://mails.dpdk.org/archives/test-report/>
List-Post: <mailto:test-report@dpdk.org>
List-Help: <mailto:test-report-request@dpdk.org?subject=help>
List-Subscribe: <https://mails.dpdk.org/listinfo/test-report>,
 <mailto:test-report-request@dpdk.org?subject=subscribe>
Errors-To: test-report-bounces@dpdk.org

_Testing issues_

Branch: tags/v22.11

ff4d4839f9c2a6d05dca0a25ed6b1549402e1682 --> testing issues

Upstream job id: Generic-DPDK-Compile-ABI#103930

Test environment and result as below:

+-------------------+----------+
|    Environment    | abi_test |
+===================+==========+
| Debian Bullseye   | PASS     |
+-------------------+----------+
| Debian 12         | PASS     |
+-------------------+----------+
| Fedora 37         | PASS     |
+-------------------+----------+
| Fedora 38 (Clang) | PASS     |
+-------------------+----------+
| Fedora 38         | PASS     |
+-------------------+----------+
| Fedora 39 (Clang) | PASS     |
+-------------------+----------+
| Fedora 39         | PASS     |
+-------------------+----------+
| Fedora 40 (Clang) | PASS     |
+-------------------+----------+
| Fedora 40         | PASS     |
+-------------------+----------+
| openSUSE Leap 15  | PASS     |
+-------------------+----------+
| RHEL8             | PASS     |
+-------------------+----------+
| RHEL9             | PASS     |
+-------------------+----------+
| Ubuntu 24.04      | PEND     |
+-------------------+----------+
| RHEL 7            | FAIL     |
+-------------------+----------+
| CentOS Stream 9   | PEND     |
+-------------------+----------+

==== 20 line log output for RHEL 7 (abi_test): ====
HMAC_CTX_free(ctx);
^
../drivers/crypto/openssl/rte_openssl_pmd.c: In function 'openssl_reset_session':
../drivers/crypto/openssl/rte_openssl_pmd.c:897:2: error: 'for' loop initial declarations are only allowed in C99 mode
for (uint16_t i = 0; i < sess->ctx_copies_len; i++) {
^
../drivers/crypto/openssl/rte_openssl_pmd.c:897:2: note: use option -std=c99 or -std=gnu99 to compile your code
../drivers/crypto/openssl/rte_openssl_pmd.c: In function 'get_local_auth_ctx':
../drivers/crypto/openssl/rte_openssl_pmd.c:1667:3: warning: implicit declaration of function 'EVP_MD_CTX_new' [-Wimplicit-function-declaration]
*lctx = EVP_MD_CTX_new();
^
../drivers/crypto/openssl/rte_openssl_pmd.c:1667:3: warning: nested extern declaration of 'EVP_MD_CTX_new' [-Wnested-externs]
../drivers/crypto/openssl/rte_openssl_pmd.c:1667:9: warning: assignment makes pointer from integer without a cast [enabled by default]
*lctx = EVP_MD_CTX_new();
^
../drivers/crypto/openssl/rte_openssl_pmd.c: At top level:
../drivers/crypto/openssl/rte_openssl_pmd.c:34:13: warning: 'HMAC_CTX_free' defined but not used [-Wunused-function]
static void HMAC_CTX_free(HMAC_CTX *ctx)
^
ninja: build stopped: subcommand failed.
==== End log output ====

Debian Bullseye
	Kernel: Depends on container host
	Compiler: gcc (Debian 10.2.1-6) 10.2.1 20210110

Debian 12
	Kernel: Depends on container host
	Compiler: gcc (Debian 12.2.0-14) 12.2.0

Fedora 37
	Kernel: Depends on container host system
	Compiler: gcc 12.3.1 20230508 (Red Hat 12.3.1-1)

Fedora 38 (Clang)
	Kernel: Depends on container host
	Compiler: clang 16.0.6 (Fedora 16.0.6-4.fc38)

Fedora 38
	Kernel: Depends on container host
	Compiler: gcc 13.2.1 20240316 (Red Hat 13.2.1-7)

Fedora 39 (Clang)
	Kernel: Depends on container host
	Compiler: clang 17.0.6 (Fedora 17.0.6-2.fc39)

Fedora 39
	Kernel: Depends on container host
	Compiler: gcc 13.3.1 20240522 (Red Hat 13.3.1-1)

Fedora 40 (Clang)
	Kernel: Depends on container host
	Compiler: clang 18.1.6 (Fedora 18.1.6-3.fc40)

Fedora 40
	Kernel: Depends on container host
	Compiler: gcc 14.2.1 20240801 (Red Hat 14.2.1-1)

openSUSE Leap 15
	Kernel: Depends on container host
	Compiler: gcc (SUSE Linux) 7.5.0

RHEL8
	Kernel: Depends on container host
	Compiler: gcc 8.5.0 20210514 (Red Hat 8.5.0-22)

RHEL9
	Kernel: Depends on container host
	Compiler: gcc 11.4.1 20231218 (Red Hat 11.4.1-3)

Ubuntu 24.04
	Kernel: Depends on container host
	Compiler: gcc (Ubuntu 13.2.0-23ubuntu4) 13.2.0

RHEL 7
	Kernel: Depends on container host
	Compiler: gcc 4.8.5 20150623 (Red Hat 4.8.5-44)

CentOS Stream 9
	Kernel: Depends on container host
	Compiler: gcc 11.4.1 20231218 (Red Hat 11.4.1-3)

To view detailed results, visit:
https://lab.dpdk.org/results/dashboard/tarballs/30504/

UNH-IOL DPDK Community Lab

To manage your email subscriptions, visit: 
https://lab.dpdk.org/results/dashboard/preferences/subscriptions/