From mboxrd@z Thu Jan  1 00:00:00 1970
Return-Path: <test-report-bounces@dpdk.org>
Received: from mails.dpdk.org (mails.dpdk.org [217.70.189.124])
	by inbox.dpdk.org (Postfix) with ESMTP id 9C1BA4592F
	for <public@inbox.dpdk.org>; Sat,  7 Sep 2024 16:52:03 +0200 (CEST)
Received: from mails.dpdk.org (localhost [127.0.0.1])
	by mails.dpdk.org (Postfix) with ESMTP id 968F24026F;
	Sat,  7 Sep 2024 16:52:03 +0200 (CEST)
Received: from mail-yw1-f226.google.com (mail-yw1-f226.google.com
 [209.85.128.226])
 by mails.dpdk.org (Postfix) with ESMTP id B334640269
 for <test-report@dpdk.org>; Sat,  7 Sep 2024 16:52:01 +0200 (CEST)
Received: by mail-yw1-f226.google.com with SMTP id
 00721157ae682-6da395fb97aso29541887b3.0
 for <test-report@dpdk.org>; Sat, 07 Sep 2024 07:52:01 -0700 (PDT)
DKIM-Signature: v=1; a=rsa-sha256; c=relaxed/relaxed;
 d=iol.unh.edu; s=unh-iol; t=1725720721; x=1726325521; darn=dpdk.org;
 h=references:in-reply-to:cc:to:from:subject:message-id:date:from:to
 :cc:subject:date:message-id:reply-to;
 bh=cYDfPXAw3t5yOhS0fkZAymFdjNRs7C92i6ARe0zg1nc=;
 b=b/KHO06cSntsSEbEejLHIp6smRu3C0UFvDbNusrZXunMjiiDykhXwSiMNNKDImsv/T
 EoPkkfWewEod8+FsrOUdGvffdRC+nbRNV8tvxEJj6Za/jQVXgvNnxw5Ifufckh/Yq7np
 fcQbnKq0YQnmFKnfqikoSwWVa2Ekr80xTDFlM=
X-Google-DKIM-Signature: v=1; a=rsa-sha256; c=relaxed/relaxed;
 d=1e100.net; s=20230601; t=1725720721; x=1726325521;
 h=references:in-reply-to:cc:to:from:subject:message-id:date
 :x-gm-message-state:from:to:cc:subject:date:message-id:reply-to;
 bh=cYDfPXAw3t5yOhS0fkZAymFdjNRs7C92i6ARe0zg1nc=;
 b=o0kMOdtmfY3iudoDXJ2kvLeGNjs6h7XtCa76rakX8sPFqEVecQevKkFzlQPI+xi9ZS
 P2bgRkRpDIxuHCDfXyuyU+K8cNY4yRHWtnF8SSlf83ML0jov7CqhpMGfPKBfOl7a8PxQ
 Vspz/HZp7OfTtEARk2ZDILCI0gTQ+zsCPW3OvvqcC+2LR1o+phdCLPOBf05z5wiDPhxY
 w3vt9IXNbnbDFzw/Qe0gbaLJhLNm0U1W/zlDcqHC9ql8iBUwuudQhlaqsbP3WKmLtG0V
 r/D4Asr0b7x5bBcy1QcRI0T7Ly76rg7glFS2QQpOpP91Jpq8B8fo0OrPUKv/MPV41+m9
 UvJw==
X-Gm-Message-State: AOJu0YwLPq24v7394PPBbufxzQxlhwqiswnk+kQ9FB3cdrKM6WNdobYg
 Ef5f4mfQrGwmCG+OgGZcRtuCC+TkdO6EvhLmCugSs5cCNEfovtXKpvMDHj6jb+KuXVXqwtwH7B+
 p9miax7m7OKAYHgXfF3Pwgxw/vIsj9Hl/U038yf7JPQPQUjre130o+vJl
X-Google-Smtp-Source: AGHT+IGdu+hohgNlBy3nRpQvz21222mP8FmsoXE0NaovePHNKY0mvzM5YqZYgm3sZiPcVWhWVVEAE8Kvc22g
X-Received: by 2002:a05:690c:56c3:b0:6d3:f123:da59 with SMTP id
 00721157ae682-6db45163d9dmr56237177b3.36.1725720721031; 
 Sat, 07 Sep 2024 07:52:01 -0700 (PDT)
Received: from postal.iol.unh.edu (postal.iol.unh.edu.
 [2606:4100:3880:1234::84]) by smtp-relay.gmail.com with ESMTPS id
 00721157ae682-6db5c6af024sm711717b3.56.2024.09.07.07.52.00
 (version=TLS1_2 cipher=ECDHE-ECDSA-AES128-GCM-SHA256 bits=128/128);
 Sat, 07 Sep 2024 07:52:01 -0700 (PDT)
X-Relaying-Domain: iol.unh.edu
Date: Sat, 07 Sep 2024 07:52:01 -0700 (PDT)
Message-ID: <66dc6891.0d0a0220.2c21a7.62caSMTPIN_ADDED_MISSING@mx.google.com>
Received: from [172.21.0.3] (unknown [172.18.0.240])
 by postal.iol.unh.edu (Postfix) with ESMTP id AE1486050A6D;
 Sat,  7 Sep 2024 10:52:00 -0400 (EDT)
Subject: |FAILURE| pw143759 [PATCH] fib: network byte order IPv4 lookup
From: dpdklab@iol.unh.edu
To: Test Report <test-report@dpdk.org>
Cc: dpdk-test-reports@iol.unh.edu,
 Vladimir Medvedkin <vladimir.medvedkin@intel.com>
In-Reply-To: <20240906170649.1325254-1-vladimir.medvedkin@intel.com>
References: <20240906170649.1325254-1-vladimir.medvedkin@intel.com>
Content-Type: text/plain
X-BeenThere: test-report@dpdk.org
X-Mailman-Version: 2.1.29
Precedence: list
List-Id: automatic DPDK test reports <test-report.dpdk.org>
List-Unsubscribe: <https://mails.dpdk.org/options/test-report>,
 <mailto:test-report-request@dpdk.org?subject=unsubscribe>
List-Archive: <http://mails.dpdk.org/archives/test-report/>
List-Post: <mailto:test-report@dpdk.org>
List-Help: <mailto:test-report-request@dpdk.org?subject=help>
List-Subscribe: <https://mails.dpdk.org/listinfo/test-report>,
 <mailto:test-report-request@dpdk.org?subject=subscribe>
Errors-To: test-report-bounces@dpdk.org

Test-Label: iol-compile-arm64-testing
Test-Status: FAILURE
http://dpdk.org/patch/143759

_Testing issues_

Submitter: Vladimir Medvedkin <vladimir.medvedkin@intel.com>
Date: Friday, September 06 2024 17:06:49 
DPDK git baseline: Repo:dpdk
  Branch: master
  CommitID:41dd9a6bc2d9c6e20e139ad713cc9d172572dd43

143759 --> testing issues

Upstream job id: Generic-DPDK-Compile-Meson#297450

Test environment and result as below:

+----------------------------------------+--------------------+
|              Environment               | dpdk_meson_compile |
+========================================+====================+
| RHEL9 (ARM)                            | FAIL               |
+----------------------------------------+--------------------+
| Ubuntu 20.04 ARM GCC Cross Compile     | FAIL               |
+----------------------------------------+--------------------+
| Ubuntu 20.04 ARM SVE                   | PASS               |
+----------------------------------------+--------------------+
| Fedora 37 (ARM)                        | FAIL               |
+----------------------------------------+--------------------+
| Fedora 38 (ARM)                        | FAIL               |
+----------------------------------------+--------------------+
| Fedora 38 (ARM Clang)                  | FAIL               |
+----------------------------------------+--------------------+
| Fedora 39 (ARM)                        | FAIL               |
+----------------------------------------+--------------------+
| Fedora 39 (ARM Clang)                  | PEND               |
+----------------------------------------+--------------------+
| Fedora 40 (ARM)                        | FAIL               |
+----------------------------------------+--------------------+
| Fedora 40 (ARM Clang)                  | PEND               |
+----------------------------------------+--------------------+
| Ubuntu 22.04 (ARM)                     | PEND               |
+----------------------------------------+--------------------+
| Ubuntu 24.04 (ARM)                     | PEND               |
+----------------------------------------+--------------------+
| CentOS Stream 9 (ARM)                  | PEND               |
+----------------------------------------+--------------------+
| Debian 11 (Buster) (ARM)               | PEND               |
+----------------------------------------+--------------------+
| Debian 12 (arm)                        | PEND               |
+----------------------------------------+--------------------+
| Ubuntu 20.04 ARM Clang Cross Compile   | FAIL               |
+----------------------------------------+--------------------+
| Ubuntu 20.04 aarch32 GCC Cross Compile | FAIL               |
+----------------------------------------+--------------------+
| Ubuntu 20.04 (ARM)                     | PEND               |
+----------------------------------------+--------------------+
| Debian 12 with MUSDK                   | PEND               |
+----------------------------------------+--------------------+

==== 20 line log output for Ubuntu 20.04 aarch32 GCC Cross Compile (dpdk_meson_compile): ====
[434/2289] Compiling C object 'lib/76b5a35@@rte_pdcp@sta/pdcp_pdcp_crypto.c.o'.
[435/2289] Compiling C object 'lib/76b5a35@@rte_pdcp@sta/pdcp_pdcp_ctrl_pdu.c.o'.
[436/2289] Compiling C object 'lib/76b5a35@@rte_pdcp@sta/pdcp_pdcp_process.c.o'.
[437/2289] Compiling C object 'lib/76b5a35@@rte_pdcp@sta/pdcp_pdcp_reorder.c.o'.
[438/2289] Compiling C object 'lib/76b5a35@@rte_pdcp@sta/pdcp_rte_pdcp.c.o'.
[439/2289] Linking static target lib/librte_pdcp.a.
[440/2289] Generating pdcp.sym_chk with a meson_exe.py custom command.
[441/2289] Linking target lib/librte_pdcp.so.25.0.
[442/2289] Generating symbol file 'lib/76b5a35@@rte_pdcp@sha/librte_pdcp.so.25.0.symbols'.
[443/2289] Compiling C object 'lib/76b5a35@@rte_fib@sta/fib_rte_fib.c.o'.
[444/2289] Compiling C object 'lib/76b5a35@@rte_fib@sta/fib_rte_fib6.c.o'.
[445/2289] Compiling C object 'lib/76b5a35@@rte_fib@sta/fib_dir24_8.c.o'.
FAILED: lib/76b5a35@@rte_fib@sta/fib_dir24_8.c.o
ccache arm-linux-gnueabihf-gcc -Ilib/76b5a35@@rte_fib@sta -Ilib -I../lib -Ilib/fib -I../lib/fib -I. -I../ -Iconfig -I../config -Ilib/eal/include -I../lib/eal/include -Ilib/eal/linux/include -I../lib/eal/linux/include -Ilib/eal/arm/include -I../lib/eal/arm/include -Ilib/eal/common -I../lib/eal/common -Ilib/eal -I../lib/eal -Ilib/kvargs -I../lib/kvargs -Ilib/log -I../lib/log -Ilib/telemetry/../metrics -I../lib/telemetry/../metrics -Ilib/telemetry -I../lib/telemetry -Ilib/rib -I../lib/rib -Ilib/mempool -I../lib/mempool -Ilib/ring -I../lib/ring -fdiagnostics-color=always -pipe -D_FILE_OFFSET_BITS=64 -Wall -Winvalid-pch -Wextra -Werror -std=c11 -O3 -include rte_config.h -Wcast-qual -Wdeprecated -Wformat -Wformat-nonliteral -Wformat-security -Wmissing-declarations -Wmissing-prototypes -Wnested-externs -Wold-style-definition -Wpointer-arith -Wsign-compare -Wstrict-prototypes -Wundef -Wwrite-strings -Wno-address-of-packed-member -Wno-packed-not-aligned -Wno-missing-field-initializers -Wno-po
 inter-to-int-cast -D_GNU_SOURCE -fPIC -march=armv8-a+simd -mfpu=auto -DALLOW_EXPERIMENTAL_API -DALLOW_INTERNAL_API -Wno-format-truncation -DRTE_LOG_DEFAULT_LOGTYPE=lib.fib -MD -MQ 'lib/76b5a35@@rte_fib@sta/fib_dir24_8.c.o' -MF 'lib/76b5a35@@rte_fib@sta/fib_dir24_8.c.o.d' -o 'lib/76b5a35@@rte_fib@sta/fib_dir24_8.c.o' -c ../lib/fib/dir24_8.c
../lib/fib/dir24_8.c: In function 'get_vector_fn':
../lib/fib/dir24_8.c:71:54: error: unused parameter 'be_addr' [-Werror=unused-parameter]
71 | get_vector_fn(enum rte_fib_dir24_8_nh_sz nh_sz, bool be_addr)
|                                                      ^
cc1: all warnings being treated as errors
ninja: build stopped: subcommand failed.
==== End log output ====

RHEL9 (ARM)
	Kernel: Depends on container host
	Compiler: gcc 11.4.1 20231218 (Red Hat 11.4.1-3)

Ubuntu 20.04 ARM GCC Cross Compile
	Kernel: Depends on container host
	Compiler: aarch64-linux-gnu-gcc (Ubuntu 9.4.0-1ubuntu1~20.04.2) 9.4.0

Ubuntu 20.04 ARM SVE
	Kernel: Depends on container host
	Compiler: gcc (Ubuntu 10.5.0-1ubuntu1~20.04) 10.5.0

Fedora 37 (ARM)
	Kernel: Depends on container host
	Compiler: gcc 12.3.1 20230508 (Red Hat 12.3.1-1)

Fedora 38 (ARM)
	Kernel: Depends on container host
	Compiler: gcc 13.2.1 20240316 (Red Hat 13.2.1-7)

Fedora 38 (ARM Clang)
	Kernel: Depends on container host
	Compiler: clang 16.0.6 (Fedora 16.0.6-4.fc38)

Fedora 39 (ARM)
	Kernel: Depends on container host
	Compiler: gcc 13.3.1 20240522 (Red Hat 13.3.1-1)

Fedora 39 (ARM Clang)
	Kernel: Depends on container host
	Compiler: clang 17.0.6 (Fedora 17.0.6-2.fc39)

Fedora 40 (ARM)
	Kernel: Depends on container host
	Compiler: gcc 14.2.1 20240801 (Red Hat 14.2.1-1)

Fedora 40 (ARM Clang)
	Kernel: Depends on container host
	Compiler: clang 18.1.6 (Fedora 18.1.6-3.fc40)

Ubuntu 22.04 (ARM)
	Kernel: Depends on container host
	Compiler: gcc (Ubuntu 11.4.0-1ubuntu1~22.04) 11.4.0

Ubuntu 24.04 (ARM)
	Kernel: Depends on container host
	Compiler: gcc (Ubuntu 13.2.0-23ubuntu4) 13.2.0

CentOS Stream 9 (ARM)
	Kernel: Depends on container host
	Compiler: gcc 11.4.1 20231218 (Red Hat 11.4.1-3)

Debian 11 (Buster) (ARM)
	Kernel: Depends on container host
	Compiler: gcc (Debian 10.2.1-6) 10.2.1 20210110

Debian 12 (arm)
	Kernel: Depends on container host
	Compiler: gcc (Debian 12.2.0-14) 12.2.0

Ubuntu 20.04 ARM Clang Cross Compile
	Kernel: Depends on container host
	Compiler: clang 10.0.0-4ubuntu1

Ubuntu 20.04 aarch32 GCC Cross Compile
	Kernel: Depends on container host
	Compiler: gcc 9.4.0

Ubuntu 20.04 (ARM)
	Kernel: Depends on container host
	Compiler: gcc (Ubuntu 9.4.0-1ubuntu1~20.04.2) 9.4.0

Debian 12 with MUSDK
	Kernel: Depends on container host
	Compiler: gcc (Debian 12.2.0-14) 12.2.0

To view detailed results, visit:
https://lab.dpdk.org/results/dashboard/patchsets/30950/

UNH-IOL DPDK Community Lab

To manage your email subscriptions, visit: 
https://lab.dpdk.org/results/dashboard/preferences/subscriptions/