From mboxrd@z Thu Jan  1 00:00:00 1970
Return-Path: <test-report-bounces@dpdk.org>
Received: from mails.dpdk.org (mails.dpdk.org [217.70.189.124])
	by inbox.dpdk.org (Postfix) with ESMTP id 9017A4594A
	for <public@inbox.dpdk.org>; Mon,  9 Sep 2024 18:13:10 +0200 (CEST)
Received: from mails.dpdk.org (localhost [127.0.0.1])
	by mails.dpdk.org (Postfix) with ESMTP id 89F3F40ED8;
	Mon,  9 Sep 2024 18:13:10 +0200 (CEST)
Received: from mail-oa1-f97.google.com (mail-oa1-f97.google.com
 [209.85.160.97]) by mails.dpdk.org (Postfix) with ESMTP id 9BC9140ED0
 for <test-report@dpdk.org>; Mon,  9 Sep 2024 18:13:08 +0200 (CEST)
Received: by mail-oa1-f97.google.com with SMTP id
 586e51a60fabf-277df202ca9so2450796fac.0
 for <test-report@dpdk.org>; Mon, 09 Sep 2024 09:13:08 -0700 (PDT)
DKIM-Signature: v=1; a=rsa-sha256; c=relaxed/relaxed;
 d=iol.unh.edu; s=unh-iol; t=1725898388; x=1726503188; darn=dpdk.org;
 h=references:in-reply-to:cc:to:from:subject:message-id:date:from:to
 :cc:subject:date:message-id:reply-to;
 bh=/t3hwujFDKhwGHJSRCCET5SLk73pZK1hCBg1pFwxZ/0=;
 b=Oo4/foVvuQvoKjxC4IScB9/M1FnJzPsvEazFgLld3q1JxNP4mgcG87/odsZRdMroV/
 n0FywgqJHfMdLsSjWO3YriJoLJyLttwOIxI0ygXhuEruSAB5+G6KW50NL6uWOtC7RHdI
 +GKYBan7/wjaZG9SmMh4CxX9LF/+hbcmCk96k=
X-Google-DKIM-Signature: v=1; a=rsa-sha256; c=relaxed/relaxed;
 d=1e100.net; s=20230601; t=1725898388; x=1726503188;
 h=references:in-reply-to:cc:to:from:subject:message-id:date
 :x-gm-message-state:from:to:cc:subject:date:message-id:reply-to;
 bh=/t3hwujFDKhwGHJSRCCET5SLk73pZK1hCBg1pFwxZ/0=;
 b=JRv6BTdakM+JfmWP9yB4/Ws/qY3OobFhvOso+rMBXarXISQxxQol3OzsBcdUHJ2+Xj
 0GgJFF95EhZf56VdQh4uo5AFUF4SM76m2Y2hcNJpEbSdHVOYMzhbWPlu3VTgzrMAJ8ye
 uTcpVWRf6ecJBPm8o75IbMIvF7NxlElEBB7VrnQBjs3gyV4mj8nmSBbYLNVAdPJ+7ret
 V/JP5xl2s3IuFxt1i45pbF3t1R9AhYqmDU8sFv3co2dsLRjwBIoEU5a9zFfnMmw3cN5W
 P7HMjCMEeRvnTS12nXKWBqEjboQ4V1QLgE+WGqPJGp2K8HN92+INz5LgVz34zjtN8Nts
 Thkg==
X-Gm-Message-State: AOJu0YwiSYEjua2cZYBPtoTYKoHzJWA0GLg+PqIbNC6E3SY4dD1o7vY0
 15iZhnSdcrIHqSbRjyinVvQLxA7qNz4IZbOgXYAHn0fR8FicSoqDH4NJYpEkhvxam2D5ArHVPrc
 buE4/6Civn2tB6C9vM6Uh0Ouv7WcytuZW8cAzn2c25A6RhCO/XUs+TlZg
X-Google-Smtp-Source: AGHT+IGDlihNTyInBC+HHFks5fpNFM307yuRU3qY68mGKUf+MBQ2Qjvb7T3PHMdJ1xzplEhFUYgmulsajp4/
X-Received: by 2002:a05:6870:5250:b0:25d:f8fa:b535 with SMTP id
 586e51a60fabf-27b9d682edemr4455997fac.6.1725898387736; 
 Mon, 09 Sep 2024 09:13:07 -0700 (PDT)
Received: from postal.iol.unh.edu (postal.iol.unh.edu.
 [2606:4100:3880:1234::84]) by smtp-relay.gmail.com with ESMTPS id
 586e51a60fabf-27ba40a2f41sm198702fac.35.2024.09.09.09.13.07
 (version=TLS1_2 cipher=ECDHE-ECDSA-AES128-GCM-SHA256 bits=128/128);
 Mon, 09 Sep 2024 09:13:07 -0700 (PDT)
X-Relaying-Domain: iol.unh.edu
Date: Mon, 09 Sep 2024 09:13:07 -0700 (PDT)
Message-ID: <66df1e93.050a0220.3bd07e.0a03SMTPIN_ADDED_MISSING@mx.google.com>
Received: from [172.21.0.5] (unknown [172.18.0.240])
 by postal.iol.unh.edu (Postfix) with ESMTP id 9EC7F605C380;
 Mon,  9 Sep 2024 12:13:03 -0400 (EDT)
Subject: |FAILURE| pw143816 [PATCH] [v3] net/zxdh: Provided zxdh basic init
From: dpdklab@iol.unh.edu
To: Test Report <test-report@dpdk.org>
Cc: dpdk-test-reports@iol.unh.edu, Junlong Wang <wang.junlong1@zte.com.cn>
In-Reply-To: <20240909113140.3805558-1-wang.junlong1@zte.com.cn>
References: <20240909113140.3805558-1-wang.junlong1@zte.com.cn>
Content-Type: text/plain
X-BeenThere: test-report@dpdk.org
X-Mailman-Version: 2.1.29
Precedence: list
List-Id: automatic DPDK test reports <test-report.dpdk.org>
List-Unsubscribe: <https://mails.dpdk.org/options/test-report>,
 <mailto:test-report-request@dpdk.org?subject=unsubscribe>
List-Archive: <http://mails.dpdk.org/archives/test-report/>
List-Post: <mailto:test-report@dpdk.org>
List-Help: <mailto:test-report-request@dpdk.org?subject=help>
List-Subscribe: <https://mails.dpdk.org/listinfo/test-report>,
 <mailto:test-report-request@dpdk.org?subject=subscribe>
Errors-To: test-report-bounces@dpdk.org

Test-Label: iol-compile-arm64-testing
Test-Status: FAILURE
http://dpdk.org/patch/143816

_Testing issues_

Submitter: Junlong Wang <wang.junlong1@zte.com.cn>
Date: Monday, September 09 2024 11:31:40 
DPDK git baseline: Repo:dpdk
  Branch: master
  CommitID:523fd7b3adfdf5a87651e8ca33bc69223b3211d5

143816 --> testing issues

Upstream job id: Generic-DPDK-Compile-Meson#297898

Test environment and result as below:

+----------------------------------------+--------------------+
|              Environment               | dpdk_meson_compile |
+========================================+====================+
| RHEL9 (ARM)                            | FAIL               |
+----------------------------------------+--------------------+
| Ubuntu 20.04 ARM GCC Cross Compile     | FAIL               |
+----------------------------------------+--------------------+
| Ubuntu 20.04 ARM SVE                   | PASS               |
+----------------------------------------+--------------------+
| Debian 12 with MUSDK                   | FAIL               |
+----------------------------------------+--------------------+
| Fedora 37 (ARM)                        | FAIL               |
+----------------------------------------+--------------------+
| Fedora 38 (ARM)                        | FAIL               |
+----------------------------------------+--------------------+
| Fedora 38 (ARM Clang)                  | FAIL               |
+----------------------------------------+--------------------+
| Fedora 39 (ARM)                        | FAIL               |
+----------------------------------------+--------------------+
| Fedora 39 (ARM Clang)                  | FAIL               |
+----------------------------------------+--------------------+
| Fedora 40 (ARM)                        | FAIL               |
+----------------------------------------+--------------------+
| Fedora 40 (ARM Clang)                  | FAIL               |
+----------------------------------------+--------------------+
| Ubuntu 20.04 (ARM)                     | FAIL               |
+----------------------------------------+--------------------+
| Ubuntu 22.04 (ARM)                     | FAIL               |
+----------------------------------------+--------------------+
| Ubuntu 24.04 (ARM)                     | FAIL               |
+----------------------------------------+--------------------+
| CentOS Stream 9 (ARM)                  | FAIL               |
+----------------------------------------+--------------------+
| Debian 11 (Buster) (ARM)               | FAIL               |
+----------------------------------------+--------------------+
| Debian 12 (arm)                        | FAIL               |
+----------------------------------------+--------------------+
| Ubuntu 20.04 ARM Clang Cross Compile   | PEND               |
+----------------------------------------+--------------------+
| Ubuntu 20.04 aarch32 GCC Cross Compile | PEND               |
+----------------------------------------+--------------------+

==== 20 line log output for Debian 12 (arm) (dpdk_meson_compile): ====
845 |         uint8_t *reps_buffer = malloc(BAR_MSG_PAYLOAD_MAX_LEN);
|                                ^~~~~~
../drivers/net/zxdh/zxdh_msg.c:845:32: note: include '<stdlib.h>' or provide a declaration of 'malloc'
../drivers/net/zxdh/zxdh_msg.c:859:9: error: implicit declaration of function 'free' [-Werror=implicit-function-declaration]
859 |         free(reps_buffer);
|         ^~~~
../drivers/net/zxdh/zxdh_msg.c:859:9: note: include '<stdlib.h>' or provide a declaration of 'free'
../drivers/net/zxdh/zxdh_msg.c:859:9: error: incompatible implicit declaration of built-in function 'free' [-Werror=builtin-declaration-mismatch]
../drivers/net/zxdh/zxdh_msg.c:859:9: note: include '<stdlib.h>' or provide a declaration of 'free'
../drivers/net/zxdh/zxdh_msg.c: In function 'zxdh_bar_irq_recv':
../drivers/net/zxdh/zxdh_msg.c:903:31: error: incompatible implicit declaration of built-in function 'malloc' [-Werror=builtin-declaration-mismatch]
903 |         uint8_t *recved_msg = malloc(msg_header.len);
|                               ^~~~~~
../drivers/net/zxdh/zxdh_msg.c:903:31: note: include '<stdlib.h>' or provide a declaration of 'malloc'
../drivers/net/zxdh/zxdh_msg.c:924:9: error: incompatible implicit declaration of built-in function 'free' [-Werror=builtin-declaration-mismatch]
924 |         free(recved_msg);
|         ^~~~
../drivers/net/zxdh/zxdh_msg.c:924:9: note: include '<stdlib.h>' or provide a declaration of 'free'
cc1: all warnings being treated as errors
ninja: build stopped: subcommand failed.
==== End log output ====

RHEL9 (ARM)
	Kernel: Depends on container host
	Compiler: gcc 11.4.1 20231218 (Red Hat 11.4.1-3)

Ubuntu 20.04 ARM GCC Cross Compile
	Kernel: Depends on container host
	Compiler: aarch64-linux-gnu-gcc (Ubuntu 9.4.0-1ubuntu1~20.04.2) 9.4.0

Ubuntu 20.04 ARM SVE
	Kernel: Depends on container host
	Compiler: gcc (Ubuntu 10.5.0-1ubuntu1~20.04) 10.5.0

Debian 12 with MUSDK
	Kernel: Depends on container host
	Compiler: gcc (Debian 12.2.0-14) 12.2.0

Fedora 37 (ARM)
	Kernel: Depends on container host
	Compiler: gcc 12.3.1 20230508 (Red Hat 12.3.1-1)

Fedora 38 (ARM)
	Kernel: Depends on container host
	Compiler: gcc 13.2.1 20240316 (Red Hat 13.2.1-7)

Fedora 38 (ARM Clang)
	Kernel: Depends on container host
	Compiler: clang 16.0.6 (Fedora 16.0.6-4.fc38)

Fedora 39 (ARM)
	Kernel: Depends on container host
	Compiler: gcc 13.3.1 20240522 (Red Hat 13.3.1-1)

Fedora 39 (ARM Clang)
	Kernel: Depends on container host
	Compiler: clang 17.0.6 (Fedora 17.0.6-2.fc39)

Fedora 40 (ARM)
	Kernel: Depends on container host
	Compiler: gcc 14.2.1 20240801 (Red Hat 14.2.1-1)

Fedora 40 (ARM Clang)
	Kernel: Depends on container host
	Compiler: clang 18.1.6 (Fedora 18.1.6-3.fc40)

Ubuntu 20.04 (ARM)
	Kernel: Depends on container host
	Compiler: gcc (Ubuntu 9.4.0-1ubuntu1~20.04.2) 9.4.0

Ubuntu 22.04 (ARM)
	Kernel: Depends on container host
	Compiler: gcc (Ubuntu 11.4.0-1ubuntu1~22.04) 11.4.0

Ubuntu 24.04 (ARM)
	Kernel: Depends on container host
	Compiler: gcc (Ubuntu 13.2.0-23ubuntu4) 13.2.0

CentOS Stream 9 (ARM)
	Kernel: Depends on container host
	Compiler: gcc 11.4.1 20231218 (Red Hat 11.4.1-3)

Debian 11 (Buster) (ARM)
	Kernel: Depends on container host
	Compiler: gcc (Debian 10.2.1-6) 10.2.1 20210110

Debian 12 (arm)
	Kernel: Depends on container host
	Compiler: gcc (Debian 12.2.0-14) 12.2.0

Ubuntu 20.04 ARM Clang Cross Compile
	Kernel: Depends on container host
	Compiler: clang 10.0.0-4ubuntu1

Ubuntu 20.04 aarch32 GCC Cross Compile
	Kernel: Depends on container host
	Compiler: gcc 9.4.0

To view detailed results, visit:
https://lab.dpdk.org/results/dashboard/patchsets/30971/

UNH-IOL DPDK Community Lab

To manage your email subscriptions, visit: 
https://lab.dpdk.org/results/dashboard/preferences/subscriptions/