From mboxrd@z Thu Jan  1 00:00:00 1970
Return-Path: <test-report-bounces@dpdk.org>
Received: from mails.dpdk.org (mails.dpdk.org [217.70.189.124])
	by inbox.dpdk.org (Postfix) with ESMTP id 86CA045964
	for <public@inbox.dpdk.org>; Thu, 12 Sep 2024 00:04:58 +0200 (CEST)
Received: from mails.dpdk.org (localhost [127.0.0.1])
	by mails.dpdk.org (Postfix) with ESMTP id 7C50740281;
	Thu, 12 Sep 2024 00:04:58 +0200 (CEST)
Received: from mail-yw1-f227.google.com (mail-yw1-f227.google.com
 [209.85.128.227])
 by mails.dpdk.org (Postfix) with ESMTP id A5EF04027D
 for <test-report@dpdk.org>; Thu, 12 Sep 2024 00:04:57 +0200 (CEST)
Received: by mail-yw1-f227.google.com with SMTP id
 00721157ae682-6c49c9018ebso2888527b3.3
 for <test-report@dpdk.org>; Wed, 11 Sep 2024 15:04:57 -0700 (PDT)
DKIM-Signature: v=1; a=rsa-sha256; c=relaxed/relaxed;
 d=iol.unh.edu; s=unh-iol; t=1726092297; x=1726697097; darn=dpdk.org;
 h=references:in-reply-to:cc:to:from:subject:message-id:date:from:to
 :cc:subject:date:message-id:reply-to;
 bh=sg4I/3395oMjwq4bl7vbMlTOxAIys9FLlQpvf4m8WpQ=;
 b=bYV+NIvOP9LuuMK5oA1WHS3Y/k00OS90fRoKtGxut/FWd4FnUKBCzs5Mg/YS2I9l81
 x6Uu0LgyG7Mi5WsVfZg/WlrarRPMlqyxrKE0JkomsxJCYwDXQ0OIK2ppoSasUKlWjdi4
 tgxAIh3H+3xLNX84eqWB0U9yWbSY/qeWTknRg=
X-Google-DKIM-Signature: v=1; a=rsa-sha256; c=relaxed/relaxed;
 d=1e100.net; s=20230601; t=1726092297; x=1726697097;
 h=references:in-reply-to:cc:to:from:subject:message-id:date
 :x-gm-message-state:from:to:cc:subject:date:message-id:reply-to;
 bh=sg4I/3395oMjwq4bl7vbMlTOxAIys9FLlQpvf4m8WpQ=;
 b=EsPgXeRUFsCuWU+0+hYYKG8enifZ62NLCUHBBsVIVOwyl1AGMUUvtpP2XBDzgrTBPf
 1Hd8g/GXOWGL6z9xubEqW4dA0SXHyBgjvl8eot3imVTKJYr/a8xm0YZZnXMJdxhCHqd7
 Vlp9iyjFpmmVuUJE2WZeyOQU/Uc+jzj4teVPm3xeybeelgcVP1o3C4baMQJEoHEbn3FA
 c00niv/+CdoYIi3KTvIhZTd9PE5jlaVKbHo6uWjR1B4oEMR22rdndLJlYk1eysuzdHJN
 1S197zk1mZXnvlKxfk2zGvqfcx/4h3jscz1KGwr1YowiNQWamLjDxUdrW+0HTrP+IRSN
 F6ig==
X-Gm-Message-State: AOJu0YzmCR/Xa1z0kNWSJZGKsx1lojsAF4aW9lTSfMlOa3CxxKhSGs5a
 R8qqC39bXs1GkZRKy+9I5FqoJOKXieHoV7Ub7kkX41d04KDEzFeCfTQZREEgw8QOWcrR+jI69IN
 maVZfMg72IxxUh6QPkeRxev65iJhPtyPLcdavbMbQ
X-Google-Smtp-Source: AGHT+IHioRfhUhL+G6A3HR20HT1JT5X84QGEpMUudYSQi5XJuDBvzIQWO1jydYHM60Cb+C3rXDskS7Bx1cwp
X-Received: by 2002:a05:690c:ed0:b0:6bd:8b0a:98b2 with SMTP id
 00721157ae682-6dbb6ad67d5mr10965607b3.5.1726092297047; 
 Wed, 11 Sep 2024 15:04:57 -0700 (PDT)
Received: from postal.iol.unh.edu (postal.iol.unh.edu. [132.177.123.84])
 by smtp-relay.gmail.com with ESMTPS id
 00721157ae682-6db9646b11bsm1412107b3.25.2024.09.11.15.04.56
 (version=TLS1_2 cipher=ECDHE-ECDSA-AES128-GCM-SHA256 bits=128/128);
 Wed, 11 Sep 2024 15:04:57 -0700 (PDT)
X-Relaying-Domain: iol.unh.edu
Date: Wed, 11 Sep 2024 15:04:57 -0700 (PDT)
Message-ID: <66e21409.050a0220.b83dc.9f35SMTPIN_ADDED_MISSING@mx.google.com>
Received: from [172.17.0.3] (unknown [172.18.0.217])
 by postal.iol.unh.edu (Postfix) with ESMTP id AEB10605C351;
 Wed, 11 Sep 2024 18:04:56 -0400 (EDT)
Subject: |FAILURE| pw143937 [PATCH] [v4,1/1] testpmd: add hairpin-map paramet
From: dpdklab@iol.unh.edu
To: Test Report <test-report@dpdk.org>
Cc: dpdk-test-reports@iol.unh.edu, Gregory Etelson <getelson@nvidia.com>
In-Reply-To: <20240911050833.202698-1-getelson@nvidia.com>
References: <20240911050833.202698-1-getelson@nvidia.com>
Content-Type: text/plain
X-BeenThere: test-report@dpdk.org
X-Mailman-Version: 2.1.29
Precedence: list
List-Id: automatic DPDK test reports <test-report.dpdk.org>
List-Unsubscribe: <https://mails.dpdk.org/options/test-report>,
 <mailto:test-report-request@dpdk.org?subject=unsubscribe>
List-Archive: <http://mails.dpdk.org/archives/test-report/>
List-Post: <mailto:test-report@dpdk.org>
List-Help: <mailto:test-report-request@dpdk.org?subject=help>
List-Subscribe: <https://mails.dpdk.org/listinfo/test-report>,
 <mailto:test-report-request@dpdk.org?subject=subscribe>
Errors-To: test-report-bounces@dpdk.org

Test-Label: iol-compile-arm64-testing
Test-Status: FAILURE
http://dpdk.org/patch/143937

_Testing issues_

Submitter: Gregory Etelson <getelson@nvidia.com>
Date: Wednesday, September 11 2024 05:08:33 
DPDK git baseline: Repo:dpdk
  Branch: master
  CommitID:523fd7b3adfdf5a87651e8ca33bc69223b3211d5

143937 --> testing issues

Upstream job id: Generic-DPDK-Compile-Meson#299507

Test environment and result as below:

+----------------------------------------+--------------------+
|              Environment               | dpdk_meson_compile |
+========================================+====================+
| RHEL9 (ARM)                            | PASS               |
+----------------------------------------+--------------------+
| Ubuntu 20.04 ARM GCC Cross Compile     | FAIL               |
+----------------------------------------+--------------------+
| Ubuntu 20.04 ARM SVE                   | PASS               |
+----------------------------------------+--------------------+
| Debian 12 with MUSDK                   | PASS               |
+----------------------------------------+--------------------+
| Fedora 37 (ARM)                        | PASS               |
+----------------------------------------+--------------------+
| Fedora 38 (ARM)                        | PASS               |
+----------------------------------------+--------------------+
| Fedora 38 (ARM Clang)                  | PASS               |
+----------------------------------------+--------------------+
| Fedora 39 (ARM)                        | PASS               |
+----------------------------------------+--------------------+
| Fedora 39 (ARM Clang)                  | PASS               |
+----------------------------------------+--------------------+
| Fedora 40 (ARM)                        | PASS               |
+----------------------------------------+--------------------+
| Fedora 40 (ARM Clang)                  | PASS               |
+----------------------------------------+--------------------+
| Ubuntu 22.04 (ARM)                     | PASS               |
+----------------------------------------+--------------------+
| Ubuntu 24.04 (ARM)                     | PASS               |
+----------------------------------------+--------------------+
| Debian 11 (Buster) (ARM)               | PASS               |
+----------------------------------------+--------------------+
| Debian 12 (arm)                        | PASS               |
+----------------------------------------+--------------------+
| Ubuntu 20.04 ARM Clang Cross Compile   | FAIL               |
+----------------------------------------+--------------------+
| Ubuntu 20.04 aarch32 GCC Cross Compile | FAIL               |
+----------------------------------------+--------------------+

==== 20 line log output for Ubuntu 20.04 aarch32 GCC Cross Compile (dpdk_meson_compile): ====
../app/test-pmd/hairpin.c: In function 'parse_hairpin_map':
../app/test-pmd/hairpin.c:356:28: error: implicit declaration of function 'calloc' [-Werror=implicit-function-declaration]
356 |  struct hairpin_map *map = calloc(1, sizeof(*map));
|                            ^~~~~~
../app/test-pmd/hairpin.c:356:28: error: incompatible implicit declaration of built-in function 'calloc' [-Werror]
../app/test-pmd/hairpin.c:13:1: note: include '<stdlib.h>' or provide a declaration of 'calloc'
12 | #include "testpmd.h"
+++ |+#include <stdlib.h>
13 |
../app/test-pmd/hairpin.c:364:17: error: implicit declaration of function 'atoi' [-Werror=implicit-function-declaration]
364 |  map->rx_port = atoi(head);
|                 ^~~~
../app/test-pmd/hairpin.c:364:17: error: nested extern declaration of 'atoi' [-Werror=nested-externs]
../app/test-pmd/hairpin.c:381:2: error: implicit declaration of function 'free' [-Werror=implicit-function-declaration]
381 |  free(map);
|  ^~~~
../app/test-pmd/hairpin.c:381:2: error: incompatible implicit declaration of built-in function 'free' [-Werror]
../app/test-pmd/hairpin.c:381:2: note: include '<stdlib.h>' or provide a declaration of 'free'
cc1: all warnings being treated as errors
ninja: build stopped: subcommand failed.
==== End log output ====

RHEL9 (ARM)
	Kernel: Depends on container host
	Compiler: gcc 11.4.1 20231218 (Red Hat 11.4.1-3)

Ubuntu 20.04 ARM GCC Cross Compile
	Kernel: Depends on container host
	Compiler: aarch64-linux-gnu-gcc (Ubuntu 9.4.0-1ubuntu1~20.04.2) 9.4.0

Ubuntu 20.04 ARM SVE
	Kernel: Depends on container host
	Compiler: gcc (Ubuntu 10.5.0-1ubuntu1~20.04) 10.5.0

Debian 12 with MUSDK
	Kernel: Depends on container host
	Compiler: gcc (Debian 12.2.0-14) 12.2.0

Fedora 37 (ARM)
	Kernel: Depends on container host
	Compiler: gcc 12.3.1 20230508 (Red Hat 12.3.1-1)

Fedora 38 (ARM)
	Kernel: Depends on container host
	Compiler: gcc 13.2.1 20240316 (Red Hat 13.2.1-7)

Fedora 38 (ARM Clang)
	Kernel: Depends on container host
	Compiler: clang 16.0.6 (Fedora 16.0.6-4.fc38)

Fedora 39 (ARM)
	Kernel: Depends on container host
	Compiler: gcc 13.3.1 20240522 (Red Hat 13.3.1-1)

Fedora 39 (ARM Clang)
	Kernel: Depends on container host
	Compiler: clang 17.0.6 (Fedora 17.0.6-2.fc39)

Fedora 40 (ARM)
	Kernel: Depends on container host
	Compiler: gcc 14.2.1 20240801 (Red Hat 14.2.1-1)

Fedora 40 (ARM Clang)
	Kernel: Depends on container host
	Compiler: clang 18.1.6 (Fedora 18.1.6-3.fc40)

Ubuntu 22.04 (ARM)
	Kernel: Depends on container host
	Compiler: gcc (Ubuntu 11.4.0-1ubuntu1~22.04) 11.4.0

Ubuntu 24.04 (ARM)
	Kernel: Depends on container host
	Compiler: gcc (Ubuntu 13.2.0-23ubuntu4) 13.2.0

Debian 11 (Buster) (ARM)
	Kernel: Depends on container host
	Compiler: gcc (Debian 10.2.1-6) 10.2.1 20210110

Debian 12 (arm)
	Kernel: Depends on container host
	Compiler: gcc (Debian 12.2.0-14) 12.2.0

Ubuntu 20.04 ARM Clang Cross Compile
	Kernel: Depends on container host
	Compiler: clang 10.0.0-4ubuntu1

Ubuntu 20.04 aarch32 GCC Cross Compile
	Kernel: Depends on container host
	Compiler: gcc 9.4.0

To view detailed results, visit:
https://lab.dpdk.org/results/dashboard/patchsets/30997/

UNH-IOL DPDK Community Lab

To manage your email subscriptions, visit: 
https://lab.dpdk.org/results/dashboard/preferences/subscriptions/