From mboxrd@z Thu Jan  1 00:00:00 1970
Return-Path: <test-report-bounces@dpdk.org>
Received: from mails.dpdk.org (mails.dpdk.org [217.70.189.124])
	by inbox.dpdk.org (Postfix) with ESMTP id AA1FE45964
	for <public@inbox.dpdk.org>; Thu, 12 Sep 2024 01:03:36 +0200 (CEST)
Received: from mails.dpdk.org (localhost [127.0.0.1])
	by mails.dpdk.org (Postfix) with ESMTP id 9892C402BE;
	Thu, 12 Sep 2024 01:03:36 +0200 (CEST)
Received: from mail-yw1-f227.google.com (mail-yw1-f227.google.com
 [209.85.128.227])
 by mails.dpdk.org (Postfix) with ESMTP id D176A4027D
 for <test-report@dpdk.org>; Thu, 12 Sep 2024 01:03:35 +0200 (CEST)
Received: by mail-yw1-f227.google.com with SMTP id
 00721157ae682-6d3f4218081so3431347b3.1
 for <test-report@dpdk.org>; Wed, 11 Sep 2024 16:03:35 -0700 (PDT)
DKIM-Signature: v=1; a=rsa-sha256; c=relaxed/relaxed;
 d=iol.unh.edu; s=unh-iol; t=1726095815; x=1726700615; darn=dpdk.org;
 h=references:in-reply-to:cc:to:from:subject:message-id:date:from:to
 :cc:subject:date:message-id:reply-to;
 bh=4tELStG8XrH3UyF2nEKk4JlW59Bq2a6VUKf8lzX/0Qw=;
 b=fkwtEgc4peImFh3fKwBYRl02i6Kt5lSu7q/mPH8pGJpFSb+SUyb4yvm2WOteQT8VbR
 mtYWKLk+VJ5BFJG3N0H23M5Sg20HcOOBikH28VNyWEk16IEfTV0lSdViSXYTZTTmr9d9
 sO/0lqYSn1hPsXoA2cyOkQgenKMKc3F0GW9pg=
X-Google-DKIM-Signature: v=1; a=rsa-sha256; c=relaxed/relaxed;
 d=1e100.net; s=20230601; t=1726095815; x=1726700615;
 h=references:in-reply-to:cc:to:from:subject:message-id:date
 :x-gm-message-state:from:to:cc:subject:date:message-id:reply-to;
 bh=4tELStG8XrH3UyF2nEKk4JlW59Bq2a6VUKf8lzX/0Qw=;
 b=p0Sef/RxM/b6p0Kwh69zqwow2E7ej31h3C0I6zDXa9UjBwJSamsf/7XoFnaJ2o17bG
 AaUDml9wacKL1AUEDZVHfMMEa/GH3WxtbfxIzUmkRIT1hOyd7YiHrrVb+F1hMRvW42WB
 8m3iLb3+pYd6R2xcURx6nx3iKiJok3rCGks6Uh1hnqPNbUYp7qmecTvbdy0kagM/GxzF
 7iY7RySYu59S7J5ps1GgA23SM4kz2C8lpftlMNnVFjsBYz9TATXBTSuKZBId1/f7XN77
 zgElTXlIhyYSsuppa56OmJ4wTOJoi9Za0Y/z7kFTlF3khCPGaWEF6Tgo7dQXplgKhnI3
 sKzQ==
X-Gm-Message-State: AOJu0YwVBS2OrNbWwlasGq4LM0mXifU5zx/xddI3c6UHfOvYPrE9isSe
 7kmw3+U/jPD0kr1gfmfH0U0ATOv2kDBjhJkbu7RTt4UfrKZi4DIux7Hs3e8ZOxmdMVWpTJmp5jA
 40PBy6uD5e62wndCdoCzKQi5cW1bMMItqCIx1xVWHNYqi3Fu4MNVPtPFH
X-Google-Smtp-Source: AGHT+IHfazoKzidf6CL8Qufm/QRFOdF0Jzb5ybQwuMDwsqZ016Dol6AEfv7Pga54dZ2VQJZGdQE6AQRbQOVd
X-Received: by 2002:a05:690c:d84:b0:63b:f919:2e89 with SMTP id
 00721157ae682-6dbb6add2f2mr13419657b3.2.1726095815201; 
 Wed, 11 Sep 2024 16:03:35 -0700 (PDT)
Received: from postal.iol.unh.edu (postal.iol.unh.edu.
 [2606:4100:3880:1234::84]) by smtp-relay.gmail.com with ESMTPS id
 00721157ae682-6db96459543sm1432517b3.18.2024.09.11.16.03.35
 (version=TLS1_2 cipher=ECDHE-ECDSA-AES128-GCM-SHA256 bits=128/128);
 Wed, 11 Sep 2024 16:03:35 -0700 (PDT)
X-Relaying-Domain: iol.unh.edu
Date: Wed, 11 Sep 2024 16:03:35 -0700 (PDT)
Message-ID: <66e221c7.050a0220.2b3d7b.a7bfSMTPIN_ADDED_MISSING@mx.google.com>
Received: from [172.17.0.2] (unknown [172.18.0.217])
 by postal.iol.unh.edu (Postfix) with ESMTP id D4F1A605C351;
 Wed, 11 Sep 2024 19:03:34 -0400 (EDT)
Subject: |FAILURE| pw143937 [PATCH] [v4,1/1] testpmd: add hairpin-map paramet
From: dpdklab@iol.unh.edu
To: Test Report <test-report@dpdk.org>
Cc: dpdk-test-reports@iol.unh.edu, Gregory Etelson <getelson@nvidia.com>
In-Reply-To: <20240911050833.202698-1-getelson@nvidia.com>
References: <20240911050833.202698-1-getelson@nvidia.com>
Content-Type: text/plain
X-BeenThere: test-report@dpdk.org
X-Mailman-Version: 2.1.29
Precedence: list
List-Id: automatic DPDK test reports <test-report.dpdk.org>
List-Unsubscribe: <https://mails.dpdk.org/options/test-report>,
 <mailto:test-report-request@dpdk.org?subject=unsubscribe>
List-Archive: <http://mails.dpdk.org/archives/test-report/>
List-Post: <mailto:test-report@dpdk.org>
List-Help: <mailto:test-report-request@dpdk.org?subject=help>
List-Subscribe: <https://mails.dpdk.org/listinfo/test-report>,
 <mailto:test-report-request@dpdk.org?subject=subscribe>
Errors-To: test-report-bounces@dpdk.org

Test-Label: iol-compile-arm64-testing
Test-Status: FAILURE
http://dpdk.org/patch/143937

_Testing issues_

Submitter: Gregory Etelson <getelson@nvidia.com>
Date: Wednesday, September 11 2024 05:08:33 
DPDK git baseline: Repo:dpdk
  Branch: master
  CommitID:523fd7b3adfdf5a87651e8ca33bc69223b3211d5

143937 --> testing issues

Upstream job id: Generic-DPDK-Compile-Meson#299473

Test environment and result as below:

+----------------------------------------+--------------------+
|              Environment               | dpdk_meson_compile |
+========================================+====================+
| RHEL9 (ARM)                            | PASS               |
+----------------------------------------+--------------------+
| Ubuntu 20.04 ARM GCC Cross Compile     | FAIL               |
+----------------------------------------+--------------------+
| Ubuntu 20.04 ARM SVE                   | PASS               |
+----------------------------------------+--------------------+
| Debian 12 with MUSDK                   | PASS               |
+----------------------------------------+--------------------+
| Fedora 37 (ARM)                        | PASS               |
+----------------------------------------+--------------------+
| Fedora 38 (ARM)                        | PASS               |
+----------------------------------------+--------------------+
| Fedora 38 (ARM Clang)                  | PASS               |
+----------------------------------------+--------------------+
| Fedora 39 (ARM)                        | PASS               |
+----------------------------------------+--------------------+
| Fedora 39 (ARM Clang)                  | PASS               |
+----------------------------------------+--------------------+
| Fedora 40 (ARM)                        | PASS               |
+----------------------------------------+--------------------+
| Fedora 40 (ARM Clang)                  | PASS               |
+----------------------------------------+--------------------+
| Ubuntu 20.04 (ARM)                     | PASS               |
+----------------------------------------+--------------------+
| Ubuntu 22.04 (ARM)                     | PASS               |
+----------------------------------------+--------------------+
| Ubuntu 24.04 (ARM)                     | PASS               |
+----------------------------------------+--------------------+
| CentOS Stream 9 (ARM)                  | PASS               |
+----------------------------------------+--------------------+
| Debian 11 (Buster) (ARM)               | PASS               |
+----------------------------------------+--------------------+
| Debian 12 (arm)                        | PASS               |
+----------------------------------------+--------------------+
| Ubuntu 20.04 ARM Clang Cross Compile   | FAIL               |
+----------------------------------------+--------------------+
| Ubuntu 20.04 aarch32 GCC Cross Compile | FAIL               |
+----------------------------------------+--------------------+

==== 20 line log output for Ubuntu 20.04 aarch32 GCC Cross Compile (dpdk_meson_compile): ====
../app/test-pmd/hairpin.c: In function 'parse_hairpin_map':
../app/test-pmd/hairpin.c:356:28: error: implicit declaration of function 'calloc' [-Werror=implicit-function-declaration]
356 |  struct hairpin_map *map = calloc(1, sizeof(*map));
|                            ^~~~~~
../app/test-pmd/hairpin.c:356:28: error: incompatible implicit declaration of built-in function 'calloc' [-Werror]
../app/test-pmd/hairpin.c:13:1: note: include '<stdlib.h>' or provide a declaration of 'calloc'
12 | #include "testpmd.h"
+++ |+#include <stdlib.h>
13 |
../app/test-pmd/hairpin.c:364:17: error: implicit declaration of function 'atoi' [-Werror=implicit-function-declaration]
364 |  map->rx_port = atoi(head);
|                 ^~~~
../app/test-pmd/hairpin.c:364:17: error: nested extern declaration of 'atoi' [-Werror=nested-externs]
../app/test-pmd/hairpin.c:381:2: error: implicit declaration of function 'free' [-Werror=implicit-function-declaration]
381 |  free(map);
|  ^~~~
../app/test-pmd/hairpin.c:381:2: error: incompatible implicit declaration of built-in function 'free' [-Werror]
../app/test-pmd/hairpin.c:381:2: note: include '<stdlib.h>' or provide a declaration of 'free'
cc1: all warnings being treated as errors
ninja: build stopped: subcommand failed.
==== End log output ====

RHEL9 (ARM)
	Kernel: Depends on container host
	Compiler: gcc 11.4.1 20231218 (Red Hat 11.4.1-3)

Ubuntu 20.04 ARM GCC Cross Compile
	Kernel: Depends on container host
	Compiler: aarch64-linux-gnu-gcc (Ubuntu 9.4.0-1ubuntu1~20.04.2) 9.4.0

Ubuntu 20.04 ARM SVE
	Kernel: Depends on container host
	Compiler: gcc (Ubuntu 10.5.0-1ubuntu1~20.04) 10.5.0

Debian 12 with MUSDK
	Kernel: Depends on container host
	Compiler: gcc (Debian 12.2.0-14) 12.2.0

Fedora 37 (ARM)
	Kernel: Depends on container host
	Compiler: gcc 12.3.1 20230508 (Red Hat 12.3.1-1)

Fedora 38 (ARM)
	Kernel: Depends on container host
	Compiler: gcc 13.2.1 20240316 (Red Hat 13.2.1-7)

Fedora 38 (ARM Clang)
	Kernel: Depends on container host
	Compiler: clang 16.0.6 (Fedora 16.0.6-4.fc38)

Fedora 39 (ARM)
	Kernel: Depends on container host
	Compiler: gcc 13.3.1 20240522 (Red Hat 13.3.1-1)

Fedora 39 (ARM Clang)
	Kernel: Depends on container host
	Compiler: clang 17.0.6 (Fedora 17.0.6-2.fc39)

Fedora 40 (ARM)
	Kernel: Depends on container host
	Compiler: gcc 14.2.1 20240801 (Red Hat 14.2.1-1)

Fedora 40 (ARM Clang)
	Kernel: Depends on container host
	Compiler: clang 18.1.6 (Fedora 18.1.6-3.fc40)

Ubuntu 20.04 (ARM)
	Kernel: Depends on container host
	Compiler: gcc (Ubuntu 9.4.0-1ubuntu1~20.04.2) 9.4.0

Ubuntu 22.04 (ARM)
	Kernel: Depends on container host
	Compiler: gcc (Ubuntu 11.4.0-1ubuntu1~22.04) 11.4.0

Ubuntu 24.04 (ARM)
	Kernel: Depends on container host
	Compiler: gcc (Ubuntu 13.2.0-23ubuntu4) 13.2.0

CentOS Stream 9 (ARM)
	Kernel: Depends on container host
	Compiler: gcc 11.4.1 20231218 (Red Hat 11.4.1-3)

Debian 11 (Buster) (ARM)
	Kernel: Depends on container host
	Compiler: gcc (Debian 10.2.1-6) 10.2.1 20210110

Debian 12 (arm)
	Kernel: Depends on container host
	Compiler: gcc (Debian 12.2.0-14) 12.2.0

Ubuntu 20.04 ARM Clang Cross Compile
	Kernel: Depends on container host
	Compiler: clang 10.0.0-4ubuntu1

Ubuntu 20.04 aarch32 GCC Cross Compile
	Kernel: Depends on container host
	Compiler: gcc 9.4.0

To view detailed results, visit:
https://lab.dpdk.org/results/dashboard/patchsets/30997/

UNH-IOL DPDK Community Lab

To manage your email subscriptions, visit: 
https://lab.dpdk.org/results/dashboard/preferences/subscriptions/