From mboxrd@z Thu Jan  1 00:00:00 1970
Return-Path: <test-report-bounces@dpdk.org>
Received: from mails.dpdk.org (mails.dpdk.org [217.70.189.124])
	by inbox.dpdk.org (Postfix) with ESMTP id 3F3334597A
	for <public@inbox.dpdk.org>; Fri, 13 Sep 2024 12:52:09 +0200 (CEST)
Received: from mails.dpdk.org (localhost [127.0.0.1])
	by mails.dpdk.org (Postfix) with ESMTP id 0DBBA402B3;
	Fri, 13 Sep 2024 12:52:09 +0200 (CEST)
Received: from mail-yw1-f227.google.com (mail-yw1-f227.google.com
 [209.85.128.227])
 by mails.dpdk.org (Postfix) with ESMTP id E16084025E
 for <test-report@dpdk.org>; Fri, 13 Sep 2024 12:52:07 +0200 (CEST)
Received: by mail-yw1-f227.google.com with SMTP id
 00721157ae682-6d5a4615a56so16814867b3.0
 for <test-report@dpdk.org>; Fri, 13 Sep 2024 03:52:07 -0700 (PDT)
DKIM-Signature: v=1; a=rsa-sha256; c=relaxed/relaxed;
 d=iol.unh.edu; s=unh-iol; t=1726224727; x=1726829527; darn=dpdk.org;
 h=references:in-reply-to:cc:to:from:subject:message-id:date:from:to
 :cc:subject:date:message-id:reply-to;
 bh=+JV6c5+IfI1/43Q6JC4AKUdAA6srhtoG/wD2zwNpcWg=;
 b=JrtH3nqreWzBk7U5jeKS8gQZxAKOFBQVUgFRc7+K6K4RTAD0mowhgVaGufdfS4VpLx
 liwI5hDp911BQfGnvvpGmridlNQmg6mV0XANxh+/92+1HR27Bp3sp5ZeXcWVcO3KGX/L
 b5rJm+70iyfaCVU0XLFXjaXEMueDb7EmLCkJk=
X-Google-DKIM-Signature: v=1; a=rsa-sha256; c=relaxed/relaxed;
 d=1e100.net; s=20230601; t=1726224727; x=1726829527;
 h=references:in-reply-to:cc:to:from:subject:message-id:date
 :x-gm-message-state:from:to:cc:subject:date:message-id:reply-to;
 bh=+JV6c5+IfI1/43Q6JC4AKUdAA6srhtoG/wD2zwNpcWg=;
 b=J58yc91XF6fiMkB0usRLFTYphQgLmrEO91KVTfToJfIOTJFyS5yFNPYjFO5UE5jN3a
 +tTFxjC68n2FvpXJgzDGYo/4WJ0ssrwsQsE2lwYyOUAGA0MguHrhkDIChHFGFKmag1kr
 gYTW4HasrzrCfi8lY4XrWPdFNuzvrb/pD1fVW1Yr6MUouu3Tz4yXH4+4onMdvE5+iuth
 WNzKKqIb1napZ2PTk30BRGKO55fr9kNnxlY7M+15Y8bUG3CFxRmVyhLv5t5ASWATUP+l
 XSv1UdRr0m1MPgmeEhiKB4j4px262mmNr3NjnpWGTRKUVU5+lZceHRmFWTDJ2ftUdrdN
 Ta0A==
X-Gm-Message-State: AOJu0YwD28C9YenmeVVZtZh9Z9ZZwm2AOFmujaROyg3Z1yX7yqt8hVUT
 VaJ9ENDiRTmulY6e3jfA2yb1bEqS3mCeFuYw455bB24lwungJTiatDOqaD/iTo2GN587KB9wd1m
 pmRtmXEbCw5YtlCGTwnZHB9mOQvQymmz5wNxMmdKeNXPDxOmLANvOv2NR
X-Google-Smtp-Source: AGHT+IF8n2zlCikT5XcslVOxE5NISdJfjJRiOj6r2GQi3P32at0zr6frRxtxv/pUDGewh6RN4fNNlJSewObQ
X-Received: by 2002:a05:690c:dc7:b0:64a:f237:e0b0 with SMTP id
 00721157ae682-6dbb6add0ddmr61437457b3.5.1726224727267; 
 Fri, 13 Sep 2024 03:52:07 -0700 (PDT)
Received: from postal.iol.unh.edu (postal.iol.unh.edu.
 [2606:4100:3880:1234::84]) by smtp-relay.gmail.com with ESMTPS id
 00721157ae682-6db965014ddsm2172937b3.50.2024.09.13.03.52.07
 (version=TLS1_2 cipher=ECDHE-ECDSA-AES128-GCM-SHA256 bits=128/128);
 Fri, 13 Sep 2024 03:52:07 -0700 (PDT)
X-Relaying-Domain: iol.unh.edu
Date: Fri, 13 Sep 2024 03:52:07 -0700 (PDT)
Message-ID: <66e41957.050a0220.368aa2.fd95SMTPIN_ADDED_MISSING@mx.google.com>
Received: from [172.21.0.2] (unknown [172.18.0.240])
 by postal.iol.unh.edu (Postfix) with ESMTP id E2F8E6050A6D;
 Fri, 13 Sep 2024 06:52:06 -0400 (EDT)
Subject: |FAILURE| pw144005-144047 [PATCH] [v1,43/43] net/dpaa2: dpdmux singl
From: dpdklab@iol.unh.edu
To: Test Report <test-report@dpdk.org>
Cc: dpdk-test-reports@iol.unh.edu, None <vanshika.shukla@nxp.com>
In-Reply-To: <20240913055959.3246917-44-vanshika.shukla@nxp.com>
References: <20240913055959.3246917-44-vanshika.shukla@nxp.com>
Content-Type: text/plain
X-BeenThere: test-report@dpdk.org
X-Mailman-Version: 2.1.29
Precedence: list
List-Id: automatic DPDK test reports <test-report.dpdk.org>
List-Unsubscribe: <https://mails.dpdk.org/options/test-report>,
 <mailto:test-report-request@dpdk.org?subject=unsubscribe>
List-Archive: <http://mails.dpdk.org/archives/test-report/>
List-Post: <mailto:test-report@dpdk.org>
List-Help: <mailto:test-report-request@dpdk.org?subject=help>
List-Subscribe: <https://mails.dpdk.org/listinfo/test-report>,
 <mailto:test-report-request@dpdk.org?subject=subscribe>
Errors-To: test-report-bounces@dpdk.org

Test-Label: iol-unit-amd64-testing
Test-Status: FAILURE
http://dpdk.org/patch/144047

_Testing issues_

Submitter: None <vanshika.shukla@nxp.com>
Date: Friday, September 13 2024 05:59:59 
DPDK git baseline: Repo:dpdk
  Branch: master
  CommitID:41dd9a6bc2d9c6e20e139ad713cc9d172572dd43

144005-144047 --> testing issues

Upstream job id: Generic-Unit-Test-DPDK#262239

Test environment and result as below:

+---------------------+----------------+
|     Environment     | dpdk_unit_test |
+=====================+================+
| Windows Server 2022 | PASS           |
+---------------------+----------------+
| CentOS Stream 9     | PASS           |
+---------------------+----------------+
| Debian Bullseye     | PASS           |
+---------------------+----------------+
| Debian 12           | PASS           |
+---------------------+----------------+
| Fedora 37           | PEND           |
+---------------------+----------------+
| Fedora 38           | PASS           |
+---------------------+----------------+
| Fedora 39           | PEND           |
+---------------------+----------------+
| Fedora 39 (Clang)   | WARN           |
+---------------------+----------------+
| Fedora 40           | PEND           |
+---------------------+----------------+
| Fedora 40 (Clang)   | PEND           |
+---------------------+----------------+
| RHEL8               | PEND           |
+---------------------+----------------+
| RHEL9               | PEND           |
+---------------------+----------------+
| Ubuntu 20.04        | PEND           |
+---------------------+----------------+
| Ubuntu 22.04        | PEND           |
+---------------------+----------------+
| Ubuntu 24.04        | PEND           |
+---------------------+----------------+
| Fedora 38 (Clang)   | PEND           |
+---------------------+----------------+

==== 20 line log output for Fedora 39 (Clang) (dpdk_unit_test): ====
[1335/2945] Linking static target drivers/libtmp_rte_net_dpaa.a.
[1336/2945] Compiling C object 'drivers/a715181@@tmp_rte_net_dpaa2@sta/net_dpaa2_base_dpaa2_hw_dpni.c.o'.
[1337/2945] Compiling C object 'drivers/a715181@@tmp_rte_net_dpaa2@sta/net_dpaa2_dpaa2_tm.c.o'.
[1338/2945] Compiling C object 'drivers/a715181@@tmp_rte_net_dpaa2@sta/net_dpaa2_dpaa2_ethdev.c.o'.
[1339/2945] Generating rte_net_dpaa.pmd.c with a custom command.
[1340/2945] Compiling C object 'drivers/a715181@@rte_net_dpaa@sta/meson-generated_.._rte_net_dpaa.pmd.c.o'.
[1341/2945] Linking static target drivers/librte_net_dpaa.a.
[1342/2945] Compiling C object 'drivers/a715181@@tmp_rte_net_dpaa2@sta/net_dpaa2_dpaa2_rxtx.c.o'.
[1343/2945] Compiling C object 'drivers/a715181@@rte_net_dpaa@sha/meson-generated_.._rte_net_dpaa.pmd.c.o'.
[1344/2945] Compiling C object 'drivers/a715181@@tmp_rte_net_dpaa2@sta/net_dpaa2_dpaa2_flow.c.o'.
FAILED: drivers/a715181@@tmp_rte_net_dpaa2@sta/net_dpaa2_dpaa2_flow.c.o
clang -Idrivers/a715181@@tmp_rte_net_dpaa2@sta -Idrivers -I../drivers -Idrivers/net/dpaa2 -I../drivers/net/dpaa2 -I../drivers/net/dpaa2/base -I../drivers/net/dpaa2/mc -Ilib/ethdev -I../lib/ethdev -I. -I../ -Iconfig -I../config -Ilib/eal/include -I../lib/eal/include -Ilib/eal/linux/include -I../lib/eal/linux/include -Ilib/eal/x86/include -I../lib/eal/x86/include -Ilib/eal/common -I../lib/eal/common -Ilib/eal -I../lib/eal -Ilib/kvargs -I../lib/kvargs -Ilib/log -I../lib/log -Ilib/telemetry/../metrics -I../lib/telemetry/../metrics -Ilib/telemetry -I../lib/telemetry -Ilib/net -I../lib/net -Ilib/mbuf -I../lib/mbuf -Ilib/mempool -I../lib/mempool -Ilib/ring -I../lib/ring -Ilib/meter -I../lib/meter -Idrivers/bus/pci -I../drivers/bus/pci -I../drivers/bus/pci/linux -Ilib/pci -I../lib/pci -Idrivers/bus/vdev -I../drivers/bus/vdev -Idrivers/mempool/dpaa2 -I../drivers/mempool/dpaa2 -Idrivers/bus/fslmc -I../drivers/bus/fslmc -I../drivers/bus/fslmc/mc -I../drivers/bus/fslmc/qbman/include -I../drivers
 /bus/fslmc/portal -Idrivers/bus/fslmc/../../../lib/eal/linux -I../drivers/bus/fslmc/../../../lib/eal/linux -Idrivers/common/dpaax -I../drivers/common/dpaax -I../drivers/common/dpaax/caamflib -Ilib/eventdev -I../lib/eventdev -Ilib/hash -I../lib/hash -Ilib/rcu -I../lib/rcu -Ilib/timer -I../lib/timer -Ilib/cryptodev -I../lib/cryptodev -Ilib/dmadev -I../lib/dmadev -Xclang -fcolor-diagnostics -pipe -D_FILE_OFFSET_BITS=64 -Wall -Winvalid-pch -Wextra -Werror -std=c11 -O3 -include rte_config.h -Wcast-qual -Wdeprecated -Wformat -Wformat-nonliteral -Wformat-security -Wmissing-declarations -Wmissing-prototypes -Wnested-externs -Wold-style-definition -Wpointer-arith -Wsign-compare -Wstrict-prototypes -Wundef -Wwrite-strings -Wno-address-of-packed-member -Wno-missing-field-initializers -D_GNU_SOURCE -fPIC -march=native -mrtm -DALLOW_EXPERIMENTAL_API -DALLOW_INTERNAL_API -DRTE_LOG_DEFAULT_LOGTYPE=pmd.net.dpaa2 -DRTE_ANNOTATE_LOCKS -Wthread-safety -MD -MQ 'drivers/a715181@@tmp_rte_net_dpaa2@sta/ne
 t_dpaa2_dpaa2_flow.c.o' -MF 'drivers/a715181@@tmp_rte_net_dpaa2@sta/net_dpaa2_dpaa2_flow.c.o.d' -o 'drivers/a715181@@tmp_rte_net_dpaa2@sta/net_dpaa2_dpaa2_flow.c.o' -c ../drivers/net/dpaa2/dpaa2_flow.c
../drivers/net/dpaa2/dpaa2_flow.c:4087:1: error: unused function 'dpaa2_fs_action_supported' [-Werror,-Wunused-function]
4087 | dpaa2_fs_action_supported(enum rte_flow_action_type action)
| ^~~~~~~~~~~~~~~~~~~~~~~~~
1 error generated.
[1345/2945] Compiling C object 'drivers/a715181@@tmp_rte_net_dpaa2@sta/net_dpaa2_dpaa2_recycle.c.o'.
[1346/2945] Generating rte_net_dpaa.sym_chk with a meson_exe.py custom command.
[1347/2945] Compiling C object 'drivers/a715181@@tmp_rte_net_dpaa2@sta/net_dpaa2_dpaa2_sparser.c.o'.
ninja: build stopped: subcommand failed.
==== End log output ====

Windows Server 2022
	Kernel: 10.0.20348.2031
	Compiler: clang 15.0.7, gcc 14.1.0 (MinGW), and MSVC VS 19.39.33521

CentOS Stream 9
	Kernel: Depends on container host
	Compiler: gcc 11.4.1 20231218 (Red Hat 11.4.1-3)

Debian Bullseye
	Kernel: Depends on container host
	Compiler: gcc (Debian 10.2.1-6) 10.2.1 20210110

Debian 12
	Kernel: Depends on container host
	Compiler: gcc (Debian 12.2.0-14) 12.2.0

Fedora 37
	Kernel: Depends on container host system
	Compiler: gcc 12.3.1 20230508 (Red Hat 12.3.1-1)

Fedora 38
	Kernel: Depends on container host
	Compiler: gcc 13.2.1 20240316 (Red Hat 13.2.1-7)

Fedora 39
	Kernel: Depends on container host
	Compiler: gcc 13.3.1 20240522 (Red Hat 13.3.1-1)

Fedora 39 (Clang)
	Kernel: Depends on container host
	Compiler: clang 17.0.6 (Fedora 17.0.6-2.fc39)

Fedora 40
	Kernel: Depends on container host
	Compiler: gcc 14.2.1 20240801 (Red Hat 14.2.1-1)

Fedora 40 (Clang)
	Kernel: Depends on container host
	Compiler: clang 18.1.6 (Fedora 18.1.6-3.fc40)

RHEL8
	Kernel: Depends on container host
	Compiler: gcc 8.5.0 20210514 (Red Hat 8.5.0-22)

RHEL9
	Kernel: Depends on container host
	Compiler: gcc 11.4.1 20231218 (Red Hat 11.4.1-3)

Ubuntu 20.04
	Kernel: Depends on container host
	Compiler: gcc (Ubuntu 9.4.0-1ubuntu1~20.04.2) 9.4.0

Ubuntu 22.04
	Kernel: Depends on container host
	Compiler: gcc (Ubuntu 11.4.0-1ubuntu1~22.04) 11.4.0

Ubuntu 24.04
	Kernel: Depends on container host
	Compiler: gcc (Ubuntu 13.2.0-23ubuntu4) 13.2.0

Fedora 38 (Clang)
	Kernel: Depends on container host
	Compiler: clang 16.0.6 (Fedora 16.0.6-4.fc38)

To view detailed results, visit:
https://lab.dpdk.org/results/dashboard/patchsets/31020/

UNH-IOL DPDK Community Lab

To manage your email subscriptions, visit: 
https://lab.dpdk.org/results/dashboard/preferences/subscriptions/