From mboxrd@z Thu Jan  1 00:00:00 1970
Return-Path: <test-report-bounces@dpdk.org>
Received: from mails.dpdk.org (mails.dpdk.org [217.70.189.124])
	by inbox.dpdk.org (Postfix) with ESMTP id B0B8A45998
	for <public@inbox.dpdk.org>; Sun, 15 Sep 2024 08:45:52 +0200 (CEST)
Received: from mails.dpdk.org (localhost [127.0.0.1])
	by mails.dpdk.org (Postfix) with ESMTP id 946DE40150;
	Sun, 15 Sep 2024 08:45:52 +0200 (CEST)
Received: from mail-qv1-f98.google.com (mail-qv1-f98.google.com
 [209.85.219.98]) by mails.dpdk.org (Postfix) with ESMTP id 0D2FD4014F
 for <test-report@dpdk.org>; Sun, 15 Sep 2024 08:45:51 +0200 (CEST)
Received: by mail-qv1-f98.google.com with SMTP id
 6a1803df08f44-6c34fb4f65eso22543146d6.0
 for <test-report@dpdk.org>; Sat, 14 Sep 2024 23:45:51 -0700 (PDT)
DKIM-Signature: v=1; a=rsa-sha256; c=relaxed/relaxed;
 d=iol.unh.edu; s=unh-iol; t=1726382750; x=1726987550; darn=dpdk.org;
 h=cc:to:from:subject:message-id:date:from:to:cc:subject:date
 :message-id:reply-to;
 bh=+VpVF8JiBPVAueKSzw+kOI5YZdFGzcXaqcYGfBIMoQ0=;
 b=RoMrXLKqH56rE3HLy1V7nl1n0CYNGxTuRAsjnYiRn+wOTuIScoLq3oxmIBx08YSiSQ
 0JdwyTn3irpR2ZSKuPzaPT5MqXoG4SlHHlUjpfT//DtiUHsveVnaQHEAC8txjLl+laeX
 nBrDLo0gu3yZJOHYqSyPLgby4HZFJXAmi8/wI=
X-Google-DKIM-Signature: v=1; a=rsa-sha256; c=relaxed/relaxed;
 d=1e100.net; s=20230601; t=1726382750; x=1726987550;
 h=cc:to:from:subject:message-id:date:x-gm-message-state:from:to:cc
 :subject:date:message-id:reply-to;
 bh=+VpVF8JiBPVAueKSzw+kOI5YZdFGzcXaqcYGfBIMoQ0=;
 b=IINs+2H4705FtJU/FjN8yyaDC8l8a4Ri7wZQQTGmT0fA/sfijc0GZgbww1ZuH/v71v
 dzFIovm2qKsznuu8s20F36X9v6cEozB+23VYWasuLsQMJJlxfSIB/Jc8VbzPemB6AAW3
 hyGiuZjTD61Kj5ZGqhEhSYaL0PDa6WCgVX9J4Foe/4K07bQZ8kXyG9nyyw71rn1huJjR
 phOhU8CT47uQlPNHEL5UpX+hNQGafGTjMxd96AzuZXOeY1H9g7KaRy/Nxmg1gEFjVPyf
 vvoPokgD8MNUZwlZYzkhVl8xzizNY3ZnECnF5I5nOIBel22s3gcnjnPYRsXmS4zRa+F2
 +E1A==
X-Gm-Message-State: AOJu0Yzo6dOvSP38K/MBmYxrjuqFE0EDblvb+6qO586Z9WHndV8oRqBr
 eEEmKmGugXiiy/+EYGzYV1T1+pvYuan0Wsq7IXF3cOnfpOJ2d2CJufVD2HueMWZbXA9aEht/5WV
 DWr9lh7J0zX1Wwf4Pkv8WqB/NFjonDsyZ
X-Google-Smtp-Source: AGHT+IFK7cl/cBxblaGPRmAihcSqW97Ydh/AecOtanVxfQCHGtxA9VMyG3gSvLsOgWNK6TCMI8jU9cnBfeYx
X-Received: by 2002:a05:6214:44a1:b0:6c3:5a89:9998 with SMTP id
 6a1803df08f44-6c57df5469dmr135254426d6.23.1726382750340; 
 Sat, 14 Sep 2024 23:45:50 -0700 (PDT)
Received: from postal.iol.unh.edu (postal.iol.unh.edu. [132.177.123.84])
 by smtp-relay.gmail.com with ESMTPS id
 6a1803df08f44-6c58c6367a3sm1476916d6.16.2024.09.14.23.45.50
 (version=TLS1_2 cipher=ECDHE-ECDSA-AES128-GCM-SHA256 bits=128/128);
 Sat, 14 Sep 2024 23:45:50 -0700 (PDT)
X-Relaying-Domain: iol.unh.edu
Date: Sat, 14 Sep 2024 23:45:50 -0700 (PDT)
Message-ID: <66e6829e.0c0a0220.35a582.bfcbSMTPIN_ADDED_MISSING@mx.google.com>
Received: from [172.21.0.3] (unknown [172.18.0.240])
 by postal.iol.unh.edu (Postfix) with ESMTP id 0DED86050A6D;
 Sun, 15 Sep 2024 02:45:50 -0400 (EDT)
Subject: |WARNING| [GIT MASTER] ff4d4839f9c2a6d05dca0a25ed6b1549402e1682
From: dpdklab@iol.unh.edu
To: Test Report <test-report@dpdk.org>
Cc: dpdk-test-reports@iol.unh.edu, Xueming Li <xuemingl@nvidia.com>,
 Christian Ehrhardt <christian.ehrhardt@canonical.com>,
 Kevin Traynor <ktraynor@redhat.com>, Luca Boccassi <bluca@debian.org>
Content-Type: text/plain
X-BeenThere: test-report@dpdk.org
X-Mailman-Version: 2.1.29
Precedence: list
List-Id: automatic DPDK test reports <test-report.dpdk.org>
List-Unsubscribe: <https://mails.dpdk.org/options/test-report>,
 <mailto:test-report-request@dpdk.org?subject=unsubscribe>
List-Archive: <http://mails.dpdk.org/archives/test-report/>
List-Post: <mailto:test-report@dpdk.org>
List-Help: <mailto:test-report-request@dpdk.org?subject=help>
List-Subscribe: <https://mails.dpdk.org/listinfo/test-report>,
 <mailto:test-report-request@dpdk.org?subject=subscribe>
Errors-To: test-report-bounces@dpdk.org

_Testing issues_

Branch: tags/v22.11

ff4d4839f9c2a6d05dca0a25ed6b1549402e1682 --> testing issues

Upstream job id: Generic-DPDK-Compile-ABI#104365

Test environment and result as below:

+-------------------+----------+
|    Environment    | abi_test |
+===================+==========+
| CentOS Stream 9   | PASS     |
+-------------------+----------+
| Debian Bullseye   | PASS     |
+-------------------+----------+
| Debian 12         | PASS     |
+-------------------+----------+
| Fedora 38 (Clang) | PASS     |
+-------------------+----------+
| Fedora 39 (Clang) | PASS     |
+-------------------+----------+
| Fedora 39         | PASS     |
+-------------------+----------+
| Fedora 40 (Clang) | PASS     |
+-------------------+----------+
| Fedora 40         | PASS     |
+-------------------+----------+
| openSUSE Leap 15  | PASS     |
+-------------------+----------+
| RHEL8             | PASS     |
+-------------------+----------+
| RHEL9             | PASS     |
+-------------------+----------+
| Ubuntu 22.04      | PASS     |
+-------------------+----------+
| RHEL 7            | FAIL     |
+-------------------+----------+
| Ubuntu 24.04      | PASS     |
+-------------------+----------+
| Fedora 38         | PASS     |
+-------------------+----------+
| Fedora 37         | PASS     |
+-------------------+----------+

==== 20 line log output for RHEL 7 (abi_test): ====
HMAC_CTX_free(ctx);
^
../drivers/crypto/openssl/rte_openssl_pmd.c: In function 'openssl_reset_session':
../drivers/crypto/openssl/rte_openssl_pmd.c:897:2: error: 'for' loop initial declarations are only allowed in C99 mode
for (uint16_t i = 0; i < sess->ctx_copies_len; i++) {
^
../drivers/crypto/openssl/rte_openssl_pmd.c:897:2: note: use option -std=c99 or -std=gnu99 to compile your code
../drivers/crypto/openssl/rte_openssl_pmd.c: In function 'get_local_auth_ctx':
../drivers/crypto/openssl/rte_openssl_pmd.c:1667:3: warning: implicit declaration of function 'EVP_MD_CTX_new' [-Wimplicit-function-declaration]
*lctx = EVP_MD_CTX_new();
^
../drivers/crypto/openssl/rte_openssl_pmd.c:1667:3: warning: nested extern declaration of 'EVP_MD_CTX_new' [-Wnested-externs]
../drivers/crypto/openssl/rte_openssl_pmd.c:1667:9: warning: assignment makes pointer from integer without a cast [enabled by default]
*lctx = EVP_MD_CTX_new();
^
../drivers/crypto/openssl/rte_openssl_pmd.c: At top level:
../drivers/crypto/openssl/rte_openssl_pmd.c:34:13: warning: 'HMAC_CTX_free' defined but not used [-Wunused-function]
static void HMAC_CTX_free(HMAC_CTX *ctx)
^
ninja: build stopped: subcommand failed.
==== End log output ====

CentOS Stream 9
	Kernel: Depends on container host
	Compiler: gcc 11.4.1 20231218 (Red Hat 11.4.1-3)

Debian Bullseye
	Kernel: Depends on container host
	Compiler: gcc (Debian 10.2.1-6) 10.2.1 20210110

Debian 12
	Kernel: Depends on container host
	Compiler: gcc (Debian 12.2.0-14) 12.2.0

Fedora 38 (Clang)
	Kernel: Depends on container host
	Compiler: clang 16.0.6 (Fedora 16.0.6-4.fc38)

Fedora 39 (Clang)
	Kernel: Depends on container host
	Compiler: clang 17.0.6 (Fedora 17.0.6-2.fc39)

Fedora 39
	Kernel: Depends on container host
	Compiler: gcc 13.3.1 20240522 (Red Hat 13.3.1-1)

Fedora 40 (Clang)
	Kernel: Depends on container host
	Compiler: clang 18.1.6 (Fedora 18.1.6-3.fc40)

Fedora 40
	Kernel: Depends on container host
	Compiler: gcc 14.2.1 20240801 (Red Hat 14.2.1-1)

openSUSE Leap 15
	Kernel: Depends on container host
	Compiler: gcc (SUSE Linux) 7.5.0

RHEL8
	Kernel: Depends on container host
	Compiler: gcc 8.5.0 20210514 (Red Hat 8.5.0-22)

RHEL9
	Kernel: Depends on container host
	Compiler: gcc 11.4.1 20231218 (Red Hat 11.4.1-3)

Ubuntu 22.04
	Kernel: Depends on container host
	Compiler: gcc (Ubuntu 11.4.0-1ubuntu1~22.04) 11.4.0

RHEL 7
	Kernel: Depends on container host
	Compiler: gcc 4.8.5 20150623 (Red Hat 4.8.5-44)

Ubuntu 24.04
	Kernel: Depends on container host
	Compiler: gcc (Ubuntu 13.2.0-23ubuntu4) 13.2.0

Fedora 38
	Kernel: Depends on container host
	Compiler: gcc 13.2.1 20240316 (Red Hat 13.2.1-7)

Fedora 37
	Kernel: Depends on container host system
	Compiler: gcc 12.3.1 20230508 (Red Hat 12.3.1-1)

To view detailed results, visit:
https://lab.dpdk.org/results/dashboard/tarballs/30603/

UNH-IOL DPDK Community Lab

To manage your email subscriptions, visit: 
https://lab.dpdk.org/results/dashboard/preferences/subscriptions/