From mboxrd@z Thu Jan  1 00:00:00 1970
Return-Path: <test-report-bounces@dpdk.org>
Received: from mails.dpdk.org (mails.dpdk.org [217.70.189.124])
	by inbox.dpdk.org (Postfix) with ESMTP id 81589459D0
	for <public@inbox.dpdk.org>; Thu, 19 Sep 2024 04:08:04 +0200 (CEST)
Received: from mails.dpdk.org (localhost [127.0.0.1])
	by mails.dpdk.org (Postfix) with ESMTP id 7A36642E5B;
	Thu, 19 Sep 2024 04:08:04 +0200 (CEST)
Received: from mail-ua1-f99.google.com (mail-ua1-f99.google.com
 [209.85.222.99]) by mails.dpdk.org (Postfix) with ESMTP id AF66740668
 for <test-report@dpdk.org>; Thu, 19 Sep 2024 04:08:03 +0200 (CEST)
Received: by mail-ua1-f99.google.com with SMTP id
 a1e0cc1a2514c-846cfc2f010so95937241.2
 for <test-report@dpdk.org>; Wed, 18 Sep 2024 19:08:03 -0700 (PDT)
DKIM-Signature: v=1; a=rsa-sha256; c=relaxed/relaxed;
 d=iol.unh.edu; s=unh-iol; t=1726711683; x=1727316483; darn=dpdk.org;
 h=references:in-reply-to:cc:to:from:subject:message-id:date:from:to
 :cc:subject:date:message-id:reply-to;
 bh=GxtOShYs+zAXoAK/kGALU7CCvPDPSxSBu7Y0bdFxuM4=;
 b=DbyAweUi40THrFOGepfG8eK28yasivfUml0ZRLIZUJ3BZEt6fhYEa71wUPD02l1Uo9
 qJ8ddJMEW7uU8JoEP0QVZPHWdd99iIDWuB38UwDYHOEKXHLV92PEne2ilhN/vIvRTRHf
 A9MTR5Mt6Mbu0nmCjNiME8VA3JDDW7PxvfNt0=
X-Google-DKIM-Signature: v=1; a=rsa-sha256; c=relaxed/relaxed;
 d=1e100.net; s=20230601; t=1726711683; x=1727316483;
 h=references:in-reply-to:cc:to:from:subject:message-id:date
 :x-gm-message-state:from:to:cc:subject:date:message-id:reply-to;
 bh=GxtOShYs+zAXoAK/kGALU7CCvPDPSxSBu7Y0bdFxuM4=;
 b=mM3LOR/wxDFEzLL2+B/53jW1EudTkYq7pAQr6uHhp0+iXiHk47rtmuDNpyZlJxr6vR
 nKFz0qccL1vn4JrynmilkBZHvNAYUUwyiU/IoFRn3wTcVFetRj88R8MTE8iETYrP8kSd
 bWs48/4QJzSzOhoOo+uizek50mb+3qXTSd6+MNzx75YBJkBusm5o7mKDPNGbV1Fvcj2k
 ShXE+30q0z2zg90kMAhWDvSjpgnJC3BDEK4vcY6AaWUD6cFxZ0SMSJ8hZEl0gtpx3UX3
 bpn+bzHHmTSEboR03LAqGSxlAIkt+Q4wMyybbOMl6h/nnivNzhSbD4BL2O8+wjs7Bfw8
 3JeA==
X-Gm-Message-State: AOJu0YyRsl9WgRNk9cb3Fl5lCKkE8pMuMmqNZVLNJ0QsZF+Axrph0pZ3
 WkbZD++Ny/EKBZzq3vRwQqyFd1GXCgVXXvgtS8O9gv3aDPbyHEK2ck9kHjWUYRBxC2sAGVFIeGf
 1w70znZwAeOdrp5W+RdMM0yt72Fjk9i2ogQ/7iuyiuP6yBcR3RLltDqV+
X-Google-Smtp-Source: AGHT+IGbFXpYommlz7kOlGbCk3G8d2qWj8lc2FdAsBjerY3I4ncb0MAc3AmH0TO0i37ZnVVH2KoH8ePQdOa4
X-Received: by 2002:a05:6122:1306:b0:4f5:254e:e111 with SMTP id
 71dfb90a1353d-5032d40e6a1mr17244141e0c.7.1726711683016; 
 Wed, 18 Sep 2024 19:08:03 -0700 (PDT)
Received: from postal.iol.unh.edu (postal.iol.unh.edu.
 [2606:4100:3880:1234::84]) by smtp-relay.gmail.com with ESMTPS id
 71dfb90a1353d-5035ba6f356sm399756e0c.7.2024.09.18.19.08.02
 (version=TLS1_2 cipher=ECDHE-ECDSA-AES128-GCM-SHA256 bits=128/128);
 Wed, 18 Sep 2024 19:08:03 -0700 (PDT)
X-Relaying-Domain: iol.unh.edu
Date: Wed, 18 Sep 2024 19:08:03 -0700 (PDT)
Message-ID: <66eb8783.050a0220.65511.e42aSMTPIN_ADDED_MISSING@mx.google.com>
Received: from [172.21.0.3] (unknown [172.18.0.240])
 by postal.iol.unh.edu (Postfix) with ESMTP id A8A3F605C380;
 Wed, 18 Sep 2024 22:08:02 -0400 (EDT)
Subject: |FAILURE| pw144246-144247 [PATCH] [v9,6/6] eal: extend bitops to han
From: dpdklab@iol.unh.edu
To: Test Report <test-report@dpdk.org>
Cc: dpdk-test-reports@iol.unh.edu,
 Mattias Ronnblom <mattias.ronnblom@ericsson.com>
In-Reply-To: <20240918090445.725283-7-mattias.ronnblom@ericsson.com>
References: <20240918090445.725283-7-mattias.ronnblom@ericsson.com>
Content-Type: text/plain
X-BeenThere: test-report@dpdk.org
X-Mailman-Version: 2.1.29
Precedence: list
List-Id: automatic DPDK test reports <test-report.dpdk.org>
List-Unsubscribe: <https://mails.dpdk.org/options/test-report>,
 <mailto:test-report-request@dpdk.org?subject=unsubscribe>
List-Archive: <http://mails.dpdk.org/archives/test-report/>
List-Post: <mailto:test-report@dpdk.org>
List-Help: <mailto:test-report-request@dpdk.org?subject=help>
List-Subscribe: <https://mails.dpdk.org/listinfo/test-report>,
 <mailto:test-report-request@dpdk.org?subject=subscribe>
Errors-To: test-report-bounces@dpdk.org

Test-Label: iol-unit-amd64-testing
Test-Status: FAILURE
http://dpdk.org/patch/144247

_Testing issues_

Submitter: Mattias Ronnblom <mattias.ronnblom@ericsson.com>
Date: Wednesday, September 18 2024 09:04:45 
DPDK git baseline: Repo:dpdk
  Branch: master
  CommitID:41dd9a6bc2d9c6e20e139ad713cc9d172572dd43

144246-144247 --> testing issues

Upstream job id: Generic-Unit-Test-DPDK#264206

Test environment and result as below:

+---------------------+----------------+
|     Environment     | dpdk_unit_test |
+=====================+================+
| CentOS Stream 9     | PASS           |
+---------------------+----------------+
| Debian Bullseye     | PASS           |
+---------------------+----------------+
| Debian 12           | FAIL           |
+---------------------+----------------+
| Fedora 37           | PASS           |
+---------------------+----------------+
| Fedora 38           | PASS           |
+---------------------+----------------+
| Fedora 38 (Clang)   | PASS           |
+---------------------+----------------+
| Fedora 39           | PASS           |
+---------------------+----------------+
| Fedora 39 (Clang)   | PASS           |
+---------------------+----------------+
| Fedora 40           | PASS           |
+---------------------+----------------+
| Fedora 40 (Clang)   | PASS           |
+---------------------+----------------+
| RHEL8               | PASS           |
+---------------------+----------------+
| RHEL9               | PASS           |
+---------------------+----------------+
| Ubuntu 20.04        | PASS           |
+---------------------+----------------+
| Ubuntu 24.04        | PASS           |
+---------------------+----------------+
| Ubuntu 22.04        | PASS           |
+---------------------+----------------+
| Windows Server 2022 | PASS           |
+---------------------+----------------+

==== Unit test summary for Debian 12 (dpdk_unit_test): ====
ninja: Entering directory `/home-local/jenkins-local/jenkins-agent/workspace/Generic-Unit-Test-DPDK/dpdk/build'
ninja: no work to do.
  1/112 DPDK:fast-tests / acl_autotest          OK       2.58 s 
  2/112 DPDK:fast-tests / argparse_autotest     OK       0.17 s 
  3/112 DPDK:fast-tests / atomic_autotest       OK       0.37 s 
  4/112 DPDK:fast-tests / bitcount_autotest     OK       0.22 s 
  5/112 DPDK:fast-tests / bitmap_autotest       OK       0.22 s 
  6/112 DPDK:fast-tests / bitops_autotest       FAIL     1.67 s (exit status 255 or signal 127 SIGinvalid)
  7/112 DPDK:fast-tests / bitratestats_autotest  OK       0.22 s 
  8/112 DPDK:fast-tests / bpf_autotest          OK       0.22 s 
  9/112 DPDK:fast-tests / bpf_convert_autotest  OK       0.22 s 
 10/112 DPDK:fast-tests / byteorder_autotest    OK       0.22 s 
 11/112 DPDK:fast-tests / cksum_autotest        OK       0.22 s 
 12/112 DPDK:fast-tests / cmdline_autotest      OK       0.22 s 
 13/112 DPDK:fast-tests / common_autotest       OK       0.53 s 
 14/112 DPDK:fast-tests / compressdev_autotest  SKIP     0.17 s 
 15/112 DPDK:fast-tests / cpuflags_autotest     OK       0.22 s 
 16/112 DPDK:fast-tests / crc_autotest          OK       0.22 s 
 17/112 DPDK:fast-tests / user_delay_us         OK       0.22 s 
 18/112 DPDK:fast-tests / debug_autotest        OK       5.29 s 
 19/112 DPDK:fast-tests / devargs_autotest      OK       0.22 s 
 20/112 DPDK:fast-tests / dispatcher_autotest   SKIP     0.17 s 
 21/112 DPDK:fast-tests / distributor_autotest  OK       0.87 s 
 22/112 DPDK:fast-tests / eal_flags_c_opt_autotest  OK       0.72 s 
 23/112 DPDK:fast-tests / eal_flags_main_opt_autotest  OK       0.32 s 
 24/112 DPDK:fast-tests / eal_flags_n_opt_autotest  OK       0.47 s 
 25/112 DPDK:fast-tests / eal_flags_hpet_autotest  OK       0.22 s 
 26/112 DPDK:fast-tests / eal_flags_no_huge_autotest  OK       0.52 s 
 27/112 DPDK:fast-tests / eal_flags_a_opt_autotest  OK       0.37 s 
 28/112 DPDK:fast-tests / eal_flags_b_opt_autotest  OK       0.32 s 
 29/112 DPDK:fast-tests / eal_flags_vdev_opt_autotest  OK       0.57 s 
 30/112 DPDK:fast-tests / eal_flags_r_opt_autotest  OK       0.27 s 
 31/112 DPDK:fast-tests / eal_flags_mem_autotest  OK       0.72 s 
 32/112 DPDK:fast-tests / eal_flags_file_prefix_autotest  OK       5.49 s 
 33/112 DPDK:fast-tests / eal_flags_misc_autotest  OK       1.82 s 
 34/112 DPDK:fast-tests / eal_fs_autotest       OK       0.22 s 
 35/112 DPDK:fast-tests / errno_autotest        OK       0.22 s 
 36/112 DPDK:fast-tests / ethdev_link_status    OK       0.22 s 
 37/112 DPDK:fast-tests / event_eth_tx_adapter_autotest  OK       0.47 s 
 38/112 DPDK:fast-tests / event_ring_autotest   OK       0.22 s 
 39/112 DPDK:fast-tests / eventdev_common_autotest  OK       0.22 s 
 40/112 DPDK:fast-tests / eventdev_selftest_sw  OK       0.22 s 
 41/112 DPDK:fast-tests / fbarray_autotest      OK       0.22 s 
 42/112 DPDK:fast-tests / fib_autotest          OK       0.62 s 
 43/112 DPDK:fast-tests / fib6_autotest         OK       0.62 s 
 44/112 DPDK:fast-tests / func_reentrancy_autotest  OK       0.52 s 
 45/112 DPDK:fast-tests / graph_autotest        OK       0.22 s 
 46/112 DPDK:fast-tests / node_list_dump        OK       0.22 s 
 47/112 DPDK:fast-tests / hash_autotest         OK       0.32 s 
 48/112 DPDK:fast-tests / hash_readwrite_func_autotest  SKIP     0.17 s 
 49/112 DPDK:fast-tests / interrupt_autotest    OK       1.22 s 
 50/112 DPDK:fast-tests / ipfrag_autotest       OK       0.17 s 
 51/112 DPDK:fast-tests / ipsec_autotest        SKIP     0.22 s 
 52/112 DPDK:fast-tests / kvargs_autotest       OK       0.22 s 
 53/112 DPDK:fast-tests / latencystats_autotest  OK       0.22 s 
 54/112 DPDK:fast-tests / lcores_autotest       OK      24.25 s 
 55/112 DPDK:fast-tests / logs_autotest         OK       0.22 s 
 56/112 DPDK:fast-tests / lpm_autotest          OK       1.47 s 
 57/112 DPDK:fast-tests / lpm6_autotest         OK       2.53 s 
 58/112 DPDK:fast-tests / malloc_autotest       OK       0.62 s 
 59/112 DPDK:fast-tests / mbuf_autotest         OK       0.22 s 
 60/112 DPDK:fast-tests / mcslock_autotest      OK       0.42 s 
 61/112 DPDK:fast-tests / member_autotest       OK       0.72 s 
 62/112 DPDK:fast-tests / memcpy_autotest       OK       1.87 s 
 63/112 DPDK:fast-tests / memory_autotest       OK       0.17 s 
 64/112 DPDK:fast-tests / mempool_autotest      OK       0.47 s 
 65/112 DPDK:fast-tests / memzone_autotest      OK       0.17 s 
 66/112 DPDK:fast-tests / meter_autotest        OK       0.22 s 
 67/112 DPDK:fast-tests / metrics_autotest      OK       0.22 s 
 68/112 DPDK:fast-tests / multiprocess_autotest  OK       0.27 s 
 69/112 DPDK:fast-tests / net_ether_autotest    OK       0.52 s 
 70/112 DPDK:fast-tests / pdcp_autotest         SKIP     0.17 s 
 71/112 DPDK:fast-tests / pdump_autotest        OK       0.32 s 
 72/112 DPDK:fast-tests / per_lcore_autotest    OK       0.32 s 
 73/112 DPDK:fast-tests / pflock_autotest       OK       0.32 s 
 74/112 DPDK:fast-tests / pie_autotest          OK       0.22 s 
 75/112 DPDK:fast-tests / ring_pmd_autotest     OK       0.22 s 
 76/112 DPDK:fast-tests / power_autotest        OK       0.22 s 
 77/112 DPDK:fast-tests / power_cpufreq_autotest  SKIP     0.17 s 
 78/112 DPDK:fast-tests / power_intel_uncore_autotest  SKIP     0.22 s 
 79/112 DPDK:fast-tests / power_kvm_vm_autotest  SKIP     0.17 s 
 80/112 DPDK:fast-tests / prefetch_autotest     OK       0.22 s 
 81/112 DPDK:fast-tests / ptr_compress_autotest  OK       0.22 s 
 82/112 DPDK:fast-tests / rawdev_autotest       OK       0.22 s 
 83/112 DPDK:fast-tests / rcu_qsbr_autotest     OK       0.32 s 
 84/112 DPDK:fast-tests / reorder_autotest      OK       0.32 s 
 85/112 DPDK:fast-tests / rib_autotest          OK       3.49 s 
 86/112 DPDK:fast-tests / rib6_autotest         OK       3.42 s 
 87/112 DPDK:fast-tests / ring_autotest         OK       0.22 s 
 88/112 DPDK:fast-tests / rwlock_test1_autotest  OK       0.32 s 
 89/112 DPDK:fast-tests / rwlock_rda_autotest   OK       5.23 s 
 90/112 DPDK:fast-tests / rwlock_rds_wrm_autotest  OK       5.17 s 
 91/112 DPDK:fast-tests / rwlock_rde_wro_autotest  OK       5.17 s 
 92/112 DPDK:fast-tests / sched_autotest        OK       0.22 s 
 93/112 DPDK:fast-tests / security_autotest     OK       0.17 s 
 94/112 DPDK:fast-tests / seqlock_autotest      SKIP     0.22 s 
 95/112 DPDK:fast-tests / service_autotest      OK       0.32 s 
 96/112 DPDK:fast-tests / spinlock_autotest     OK       0.22 s 
 97/112 DPDK:fast-tests / stack_autotest        OK       0.22 s 
 98/112 DPDK:fast-tests / stack_lf_autotest     OK       0.27 s 
 99/112 DPDK:fast-tests / string_autotest       OK       0.22 s 
100/112 DPDK:fast-tests / table_autotest        OK       4.58 s 
101/112 DPDK:fast-tests / tailq_autotest        OK       0.22 s 
102/112 DPDK:fast-tests / telemetry_data_autotest  OK       0.22 s 
103/112 DPDK:fast-tests / telemetry_json_autotest  OK       0.22 s 
104/112 DPDK:fast-tests / thash_autotest        OK       0.22 s 
105/112 DPDK:fast-tests / threads_autotest      OK       0.37 s 
106/112 DPDK:fast-tests / ticketlock_autotest   OK       0.22 s 
107/112 DPDK:fast-tests / timer_autotest        OK       2.52 s 
108/112 DPDK:fast-tests / trace_autotest        OK       0.22 s 
109/112 DPDK:fast-tests / trace_autotest_with_traces  OK       0.22 s 
110/112 DPDK:fast-tests / vdev_autotest         OK       0.22 s 
111/112 DPDK:fast-tests / version_autotest      OK       0.22 s 
112/112 DPDK:fast-tests / telemetry_all         SKIP     0.01 s 

Ok:                  101
Expected Fail:         0
Fail:                  1
Unexpected Pass:       0
Skipped:              10
Timeout:               0

Full log written to /home-local/jenkins-local/jenkins-agent/workspace/Generic-Unit-Test-DPDK/dpdk/build/meson-logs/testlog.txt



Test log output from the failed test bitops_autotest:

Sorry, we were not able to find the logs for this test.
Download the log output from the CI site for this test run.
==== End log output ====

CentOS Stream 9
	Kernel: Depends on container host
	Compiler: gcc 11.4.1 20231218 (Red Hat 11.4.1-3)

Debian Bullseye
	Kernel: Depends on container host
	Compiler: gcc (Debian 10.2.1-6) 10.2.1 20210110

Debian 12
	Kernel: Depends on container host
	Compiler: gcc (Debian 12.2.0-14) 12.2.0

Fedora 37
	Kernel: Depends on container host system
	Compiler: gcc 12.3.1 20230508 (Red Hat 12.3.1-1)

Fedora 38
	Kernel: Depends on container host
	Compiler: gcc 13.2.1 20240316 (Red Hat 13.2.1-7)

Fedora 38 (Clang)
	Kernel: Depends on container host
	Compiler: clang 16.0.6 (Fedora 16.0.6-4.fc38)

Fedora 39
	Kernel: Depends on container host
	Compiler: gcc 13.3.1 20240522 (Red Hat 13.3.1-1)

Fedora 39 (Clang)
	Kernel: Depends on container host
	Compiler: clang 17.0.6 (Fedora 17.0.6-2.fc39)

Fedora 40
	Kernel: Depends on container host
	Compiler: gcc 14.2.1 20240801 (Red Hat 14.2.1-1)

Fedora 40 (Clang)
	Kernel: Depends on container host
	Compiler: clang 18.1.6 (Fedora 18.1.6-3.fc40)

RHEL8
	Kernel: Depends on container host
	Compiler: gcc 8.5.0 20210514 (Red Hat 8.5.0-22)

RHEL9
	Kernel: Depends on container host
	Compiler: gcc 11.4.1 20231218 (Red Hat 11.4.1-3)

Ubuntu 20.04
	Kernel: Depends on container host
	Compiler: gcc (Ubuntu 9.4.0-1ubuntu1~20.04.2) 9.4.0

Ubuntu 24.04
	Kernel: Depends on container host
	Compiler: gcc (Ubuntu 13.2.0-23ubuntu4) 13.2.0

Ubuntu 22.04
	Kernel: Depends on container host
	Compiler: gcc (Ubuntu 11.4.0-1ubuntu1~22.04) 11.4.0

Windows Server 2022
	Kernel: 10.0.20348.2031
	Compiler: clang 15.0.7, gcc 14.1.0 (MinGW), and MSVC VS 19.39.33521

To view detailed results, visit:
https://lab.dpdk.org/results/dashboard/patchsets/31062/

UNH-IOL DPDK Community Lab

To manage your email subscriptions, visit: 
https://lab.dpdk.org/results/dashboard/preferences/subscriptions/