From mboxrd@z Thu Jan  1 00:00:00 1970
Return-Path: <test-report-bounces@dpdk.org>
Received: from mails.dpdk.org (mails.dpdk.org [217.70.189.124])
	by inbox.dpdk.org (Postfix) with ESMTP id D39CB459E2
	for <public@inbox.dpdk.org>; Fri, 20 Sep 2024 22:17:28 +0200 (CEST)
Received: from mails.dpdk.org (localhost [127.0.0.1])
	by mails.dpdk.org (Postfix) with ESMTP id CD76A400D6;
	Fri, 20 Sep 2024 22:17:28 +0200 (CEST)
Received: from mail-pl1-f225.google.com (mail-pl1-f225.google.com
 [209.85.214.225])
 by mails.dpdk.org (Postfix) with ESMTP id 2AA9040041
 for <test-report@dpdk.org>; Fri, 20 Sep 2024 22:17:27 +0200 (CEST)
Received: by mail-pl1-f225.google.com with SMTP id
 d9443c01a7336-208cf673b8dso25066315ad.3
 for <test-report@dpdk.org>; Fri, 20 Sep 2024 13:17:27 -0700 (PDT)
DKIM-Signature: v=1; a=rsa-sha256; c=relaxed/relaxed;
 d=iol.unh.edu; s=unh-iol; t=1726863446; x=1727468246; darn=dpdk.org;
 h=references:in-reply-to:cc:to:from:subject:message-id:date:from:to
 :cc:subject:date:message-id:reply-to;
 bh=hlGjt7/QR49oLu32jAuaP94kfxg9EugxCFcp8oFSM+E=;
 b=fk3aKjP5pmsbK8r33vNq97bvmBUPjdNU7coGS0vaa9OOJMEDA4uKqdiTN+TNI6+gQf
 0JBS1RonWAxriVRZZr9J3CYjS+Jbl8pO6SDsXaxxH10wfsTtaIM5Vi68+kbtf5WJke31
 OVYAl8rf52XufBGqGR9jZYgVnmRsto8rpbZkU=
X-Google-DKIM-Signature: v=1; a=rsa-sha256; c=relaxed/relaxed;
 d=1e100.net; s=20230601; t=1726863446; x=1727468246;
 h=references:in-reply-to:cc:to:from:subject:message-id:date
 :x-gm-message-state:from:to:cc:subject:date:message-id:reply-to;
 bh=hlGjt7/QR49oLu32jAuaP94kfxg9EugxCFcp8oFSM+E=;
 b=iBM25b4xXuG5p1ivmSPPN7Cljda64NSH8WDnLzfUTmMYvho9aTDL2+kmGdpxKNGZq4
 B528Ow7S6A7czkE1yWWt7DC+hT5CFbCJP/0yDarQRw8s+kmPuxvaMSiNkqKkB/IUdEHt
 3LAK3/m4WfOB96UR2XT7X4UbPaAUqtf0QRN5ss0/VWkiKsbvmk6Ytgk/lHzt99vQ+/zJ
 ikdPqFctZczwHw6R/dYj6jYsOVUE677Oq4n6pGxJQWdkiQ3Vg2eUkaeJUDOOBwjc2Adv
 e96bYXX10HU+cbAjLltizZaYyiRgQKs8ODFJi/YtPJVgq6omnNqSg+wo6xGmBoA5xcUX
 K8/A==
X-Gm-Message-State: AOJu0YwhZqRPvld8d8ayT6lJf9+kk/ByxXFpY3XSVRPSiWX/SzRfZerP
 s9Sbnrk6QsKqWfKz/njzJhqtYb5xTGHWEXiUWF2FR4Wt8IgCPuuDHXCSj5zSWLIchxBSbsG9ruL
 kFSS6r04Heo8phQwAzeAS9gaAhLFSeg/McOlALyHc2ZGugMrdrfHhA2HO
X-Google-Smtp-Source: AGHT+IHcRKkGbRSOYVECwIuoIvnSLjwwvs/ma9+oobv0+EBiP3YZqhRWav5pRFVTOdjvencQ9nO0vZRJHFnQ
X-Received: by 2002:a17:903:24d:b0:206:a79c:ba2e with SMTP id
 d9443c01a7336-208d9854db4mr57387375ad.43.1726863446288; 
 Fri, 20 Sep 2024 13:17:26 -0700 (PDT)
Received: from postal.iol.unh.edu (postal.iol.unh.edu.
 [2606:4100:3880:1234::84]) by smtp-relay.gmail.com with ESMTPS id
 d9443c01a7336-207945da40dsm4406305ad.29.2024.09.20.13.17.26
 (version=TLS1_2 cipher=ECDHE-ECDSA-AES128-GCM-SHA256 bits=128/128);
 Fri, 20 Sep 2024 13:17:26 -0700 (PDT)
X-Relaying-Domain: iol.unh.edu
Date: Fri, 20 Sep 2024 13:17:26 -0700 (PDT)
Message-ID: <66edd856.170a0220.370e2.deabSMTPIN_ADDED_MISSING@mx.google.com>
Received: from [172.21.0.3] (unknown [172.18.0.240])
 by postal.iol.unh.edu (Postfix) with ESMTP id 528926050A6B;
 Fri, 20 Sep 2024 16:17:25 -0400 (EDT)
Subject: |FAILURE| pw144359-144364 [PATCH] [v3,6/6] app/crypto-perf: support 
From: dpdklab@iol.unh.edu
To: Test Report <test-report@dpdk.org>
Cc: dpdk-test-reports@iol.unh.edu,
 Gowrishankar Muthukrishnan <gmuthukrishn@marvell.com>
In-Reply-To: <20240920130950.1297-6-gmuthukrishn@marvell.com>
References: <20240920130950.1297-6-gmuthukrishn@marvell.com>
Content-Type: text/plain
X-BeenThere: test-report@dpdk.org
X-Mailman-Version: 2.1.29
Precedence: list
List-Id: automatic DPDK test reports <test-report.dpdk.org>
List-Unsubscribe: <https://mails.dpdk.org/options/test-report>,
 <mailto:test-report-request@dpdk.org?subject=unsubscribe>
List-Archive: <http://mails.dpdk.org/archives/test-report/>
List-Post: <mailto:test-report@dpdk.org>
List-Help: <mailto:test-report-request@dpdk.org?subject=help>
List-Subscribe: <https://mails.dpdk.org/listinfo/test-report>,
 <mailto:test-report-request@dpdk.org?subject=subscribe>
Errors-To: test-report-bounces@dpdk.org

Test-Label: iol-unit-arm64-testing
Test-Status: FAILURE
http://dpdk.org/patch/144364

_Testing issues_

Submitter: Gowrishankar Muthukrishnan <gmuthukrishn@marvell.com>
Date: Friday, September 20 2024 13:09:48 
DPDK git baseline: Repo:dpdk
  Branch: master
  CommitID:3b50d6c67a3c033a49739a0bd1a132aee6d9e324

144359-144364 --> testing issues

Upstream job id: Generic-Unit-Test-DPDK#265114

Test environment and result as below:

+-----------------------------+----------------+---------------------------+------------------------------+
|         Environment         | dpdk_unit_test | cryptodev_sw_zuc_autotest | cryptodev_sw_snow3g_autotest |
+=============================+================+===========================+==============================+
| Fedora 38 (ARM)             | FAIL           | SKIPPED                   | SKIPPED                      |
+-----------------------------+----------------+---------------------------+------------------------------+
| 32-bit Ubuntu 20.04.4 (ARM) | PEND           | SKIPPED                   | SKIPPED                      |
+-----------------------------+----------------+---------------------------+------------------------------+
| Fedora 38 (ARM Clang)       | FAIL           | SKIPPED                   | SKIPPED                      |
+-----------------------------+----------------+---------------------------+------------------------------+
| Fedora 39 (ARM)             | FAIL           | SKIPPED                   | SKIPPED                      |
+-----------------------------+----------------+---------------------------+------------------------------+
| Fedora 39 (ARM Clang)       | PEND           | SKIPPED                   | SKIPPED                      |
+-----------------------------+----------------+---------------------------+------------------------------+
| Fedora 40 (ARM)             | PEND           | SKIPPED                   | SKIPPED                      |
+-----------------------------+----------------+---------------------------+------------------------------+
| Fedora 40 (ARM Clang)       | PEND           | SKIPPED                   | SKIPPED                      |
+-----------------------------+----------------+---------------------------+------------------------------+
| RHEL9 (ARM)                 | PEND           | SKIPPED                   | SKIPPED                      |
+-----------------------------+----------------+---------------------------+------------------------------+
| Ubuntu 20.04 (ARM)          | PEND           | SKIPPED                   | SKIPPED                      |
+-----------------------------+----------------+---------------------------+------------------------------+
| Ubuntu 24.04 (ARM)          | PEND           | SKIPPED                   | SKIPPED                      |
+-----------------------------+----------------+---------------------------+------------------------------+
| Ubuntu 22.04 (ARM)          | PEND           | SKIPPED                   | SKIPPED                      |
+-----------------------------+----------------+---------------------------+------------------------------+
| Debian 12 (arm)             | SKIPPED        | PASS                      | PEND                         |
+-----------------------------+----------------+---------------------------+------------------------------+

==== Unit test summary for Fedora 39 (ARM) (dpdk_unit_test): ====
ninja: Entering directory `/home-local/jenkins-local/jenkins-agent/workspace/Generic-Unit-Test-DPDK/dpdk/build'
ninja: no work to do.
  1/112 DPDK:fast-tests / acl_autotest          OK       5.16 s 
  2/112 DPDK:fast-tests / argparse_autotest     OK       0.17 s 
  3/112 DPDK:fast-tests / atomic_autotest       OK       4.33 s 
  4/112 DPDK:fast-tests / bitcount_autotest     OK       0.17 s 
  5/112 DPDK:fast-tests / bitmap_autotest       OK       0.17 s 
  6/112 DPDK:fast-tests / bitops_autotest       OK       0.17 s 
  7/112 DPDK:fast-tests / bitratestats_autotest  OK       0.17 s 
  8/112 DPDK:fast-tests / bpf_autotest          OK       0.17 s 
  9/112 DPDK:fast-tests / bpf_convert_autotest  OK       0.17 s 
 10/112 DPDK:fast-tests / byteorder_autotest    OK       0.17 s 
 11/112 DPDK:fast-tests / cksum_autotest        OK       0.17 s 
 12/112 DPDK:fast-tests / cmdline_autotest      OK       0.17 s 
 13/112 DPDK:fast-tests / common_autotest       OK       1.02 s 
 14/112 DPDK:fast-tests / compressdev_autotest  SKIP     0.07 s 
 15/112 DPDK:fast-tests / cpuflags_autotest     OK       0.17 s 
 16/112 DPDK:fast-tests / crc_autotest          OK       0.17 s 
 17/112 DPDK:fast-tests / user_delay_us         OK       0.17 s 
 18/112 DPDK:fast-tests / debug_autotest        OK       0.92 s 
 19/112 DPDK:fast-tests / devargs_autotest      OK       0.17 s 
 20/112 DPDK:fast-tests / dispatcher_autotest   OK       2.32 s 
 21/112 DPDK:fast-tests / distributor_autotest  OK       0.82 s 
 22/112 DPDK:fast-tests / eal_flags_c_opt_autotest  OK       0.77 s 
 23/112 DPDK:fast-tests / eal_flags_main_opt_autotest  OK       0.22 s 
 24/112 DPDK:fast-tests / eal_flags_n_opt_autotest  OK       0.22 s 
 25/112 DPDK:fast-tests / eal_flags_hpet_autotest  OK       0.17 s 
 26/112 DPDK:fast-tests / eal_flags_no_huge_autotest  OK       0.27 s 
 27/112 DPDK:fast-tests / eal_flags_a_opt_autotest  OK       0.32 s 
 28/112 DPDK:fast-tests / eal_flags_b_opt_autotest  OK       0.33 s 
 29/112 DPDK:fast-tests / eal_flags_vdev_opt_autotest  OK       0.27 s 
 30/112 DPDK:fast-tests / eal_flags_r_opt_autotest  OK       0.22 s 
 31/112 DPDK:fast-tests / eal_flags_mem_autotest  OK       0.32 s 
 32/112 DPDK:fast-tests / eal_flags_file_prefix_autotest  OK       2.63 s 
 33/112 DPDK:fast-tests / eal_flags_misc_autotest  OK       0.92 s 
 34/112 DPDK:fast-tests / eal_fs_autotest       OK       0.17 s 
 35/112 DPDK:fast-tests / errno_autotest        OK       0.17 s 
 36/112 DPDK:fast-tests / ethdev_link_status    OK       0.17 s 
 37/112 DPDK:fast-tests / event_eth_tx_adapter_autotest  OK       1.07 s 
 38/112 DPDK:fast-tests / event_ring_autotest   OK       0.17 s 
 39/112 DPDK:fast-tests / eventdev_common_autotest  OK       0.17 s 
 40/112 DPDK:fast-tests / eventdev_selftest_sw  OK      10.14 s 
 41/112 DPDK:fast-tests / fbarray_autotest      OK       0.17 s 
 42/112 DPDK:fast-tests / fib_autotest          OK       0.87 s 
 43/112 DPDK:fast-tests / fib6_autotest         OK       0.92 s 
 44/112 DPDK:fast-tests / func_reentrancy_autotest  OK       0.82 s 
 45/112 DPDK:fast-tests / graph_autotest        OK       0.17 s 
 46/112 DPDK:fast-tests / node_list_dump        OK       0.17 s 
 47/112 DPDK:fast-tests / hash_autotest         OK       0.57 s 
 48/112 DPDK:fast-tests / hash_readwrite_func_autotest  OK       8.09 s 
 49/112 DPDK:fast-tests / interrupt_autotest    OK       1.17 s 
 50/112 DPDK:fast-tests / ipfrag_autotest       OK       0.07 s 
 51/112 DPDK:fast-tests / ipsec_autotest        SKIP     0.17 s 
 52/112 DPDK:fast-tests / kvargs_autotest       OK       0.17 s 
 53/112 DPDK:fast-tests / latencystats_autotest  OK       0.17 s 
 54/112 DPDK:fast-tests / lcores_autotest       OK      95.92 s 
 55/112 DPDK:fast-tests / logs_autotest         OK       0.17 s 
 56/112 DPDK:fast-tests / lpm_autotest          OK       1.73 s 
 57/112 DPDK:fast-tests / lpm6_autotest         OK       4.88 s 
 58/112 DPDK:fast-tests / malloc_autotest       OK       0.42 s 
 59/112 DPDK:fast-tests / mbuf_autotest         OK       4.53 s 
 60/112 DPDK:fast-tests / mcslock_autotest      OK       0.77 s 
 61/112 DPDK:fast-tests / member_autotest       OK       1.48 s 
 62/112 DPDK:fast-tests / memcpy_autotest       OK       5.60 s 
 63/112 DPDK:fast-tests / memory_autotest       OK       0.07 s 
 64/112 DPDK:fast-tests / mempool_autotest      OK       0.52 s 
 65/112 DPDK:fast-tests / memzone_autotest      OK       0.08 s 
 66/112 DPDK:fast-tests / meter_autotest        OK       0.22 s 
 67/112 DPDK:fast-tests / metrics_autotest      OK       0.17 s 
 68/112 DPDK:fast-tests / multiprocess_autotest  OK       0.22 s 
 69/112 DPDK:fast-tests / net_ether_autotest    OK       0.92 s 
 70/112 DPDK:fast-tests / pdcp_autotest         SKIP     0.07 s 
 71/112 DPDK:fast-tests / pdump_autotest        OK       0.42 s 
 72/112 DPDK:fast-tests / per_lcore_autotest    OK       0.27 s 
 73/112 DPDK:fast-tests / pflock_autotest       OK       0.47 s 
 74/112 DPDK:fast-tests / pie_autotest          OK       0.17 s 
 75/112 DPDK:fast-tests / ring_pmd_autotest     OK       0.17 s 
 76/112 DPDK:fast-tests / power_autotest        OK       0.17 s 
 77/112 DPDK:fast-tests / power_cpufreq_autotest  SKIP     0.07 s 
 78/112 DPDK:fast-tests / power_intel_uncore_autotest  SKIP     0.17 s 
 79/112 DPDK:fast-tests / power_kvm_vm_autotest  SKIP     0.07 s 
 80/112 DPDK:fast-tests / prefetch_autotest     OK       0.22 s 
 81/112 DPDK:fast-tests / ptr_compress_autotest  OK       0.17 s 
 82/112 DPDK:fast-tests / rawdev_autotest       OK       0.17 s 
 83/112 DPDK:fast-tests / rcu_qsbr_autotest     OK       0.62 s 
 84/112 DPDK:fast-tests / reorder_autotest      OK       0.42 s 
 85/112 DPDK:fast-tests / rib_autotest          OK       3.93 s 
 86/112 DPDK:fast-tests / rib6_autotest         OK       4.04 s 
 87/112 DPDK:fast-tests / ring_autotest         OK       0.17 s 
 88/112 DPDK:fast-tests / rwlock_test1_autotest  OK       0.50 s 
 89/112 DPDK:fast-tests / rwlock_rda_autotest   OK       5.18 s 
 90/112 DPDK:fast-tests / rwlock_rds_wrm_autotest  OK       5.19 s 
 91/112 DPDK:fast-tests / rwlock_rde_wro_autotest  OK       5.18 s 
 92/112 DPDK:fast-tests / sched_autotest        OK       0.17 s 
 93/112 DPDK:fast-tests / security_autotest     OK       0.12 s 
 94/112 DPDK:fast-tests / seqlock_autotest      OK       2.17 s 
 95/112 DPDK:fast-tests / service_autotest      OK       2.87 s 
 96/112 DPDK:fast-tests / spinlock_autotest     OK       0.22 s 
 97/112 DPDK:fast-tests / stack_autotest        OK       0.32 s 
 98/112 DPDK:fast-tests / stack_lf_autotest     OK       0.32 s 
 99/112 DPDK:fast-tests / string_autotest       OK       0.17 s 
100/112 DPDK:fast-tests / table_autotest        OK       7.20 s 
101/112 DPDK:fast-tests / tailq_autotest        OK       0.17 s 
102/112 DPDK:fast-tests / telemetry_data_autotest  OK       0.17 s 
103/112 DPDK:fast-tests / telemetry_json_autotest  OK       0.17 s 
104/112 DPDK:fast-tests / thash_autotest        OK       0.17 s 
105/112 DPDK:fast-tests / threads_autotest      OK       0.32 s 
106/112 DPDK:fast-tests / ticketlock_autotest   OK       0.17 s 
107/112 DPDK:fast-tests / timer_autotest        OK       2.82 s 
108/112 DPDK:fast-tests / trace_autotest        OK       0.17 s 
109/112 DPDK:fast-tests / trace_autotest_with_traces  OK       0.17 s 
110/112 DPDK:fast-tests / vdev_autotest         OK       0.17 s 
111/112 DPDK:fast-tests / version_autotest      OK       0.17 s 
112/112 DPDK:fast-tests / telemetry_all         SKIP     0.01 s 

Ok:                  105
Expected Fail:         0
Fail:                  0
Unexpected Pass:       0
Skipped:               7
Timeout:               0

Full log written to /home-local/jenkins-local/jenkins-agent/workspace/Generic-Unit-Test-DPDK/dpdk/build/meson-logs/testlog.txt
ninja: Entering directory `/home-local/jenkins-local/jenkins-agent/workspace/Generic-Unit-Test-DPDK/dpdk/build'
ninja: no work to do.
1/2 DPDK:driver-tests / cryptodev_openssl_autotest  OK       0.77 s 
2/2 DPDK:driver-tests / cryptodev_openssl_asym_autotest  FAIL     0.17 s (exit status 255 or signal 127 SIGinvalid)

Ok:                    1
Expected Fail:         0
Fail:                  1
Unexpected Pass:       0
Skipped:               0
Timeout:               0

Full log written to /home-local/jenkins-local/jenkins-agent/workspace/Generic-Unit-Test-DPDK/dpdk/build/meson-logs/testlog.txt



Test log output from the failed test cryptodev_openssl_asym_autotest:

Sorry, we were not able to find the logs for this test.
Download the log output from the CI site for this test run.
==== End log output ====

Fedora 38 (ARM)
	Kernel: Depends on container host
	Compiler: gcc 13.2.1 20240316 (Red Hat 13.2.1-7)

32-bit Ubuntu 20.04.4 (ARM)
	Kernel: 5.4.0-155-generic aarch64
	Compiler: gcc 9.4

Fedora 38 (ARM Clang)
	Kernel: Depends on container host
	Compiler: clang 16.0.6 (Fedora 16.0.6-4.fc38)

Fedora 39 (ARM)
	Kernel: Depends on container host
	Compiler: gcc 13.3.1 20240522 (Red Hat 13.3.1-1)

Fedora 39 (ARM Clang)
	Kernel: Depends on container host
	Compiler: clang 17.0.6 (Fedora 17.0.6-2.fc39)

Fedora 40 (ARM)
	Kernel: Depends on container host
	Compiler: gcc 14.2.1 20240801 (Red Hat 14.2.1-1)

Fedora 40 (ARM Clang)
	Kernel: Depends on container host
	Compiler: clang 18.1.6 (Fedora 18.1.6-3.fc40)

RHEL9 (ARM)
	Kernel: Depends on container host
	Compiler: gcc 11.4.1 20231218 (Red Hat 11.4.1-3)

Ubuntu 20.04 (ARM)
	Kernel: Depends on container host
	Compiler: gcc (Ubuntu 9.4.0-1ubuntu1~20.04.2) 9.4.0

Ubuntu 24.04 (ARM)
	Kernel: Depends on container host
	Compiler: gcc (Ubuntu 13.2.0-23ubuntu4) 13.2.0

Ubuntu 22.04 (ARM)
	Kernel: Depends on container host
	Compiler: gcc (Ubuntu 11.4.0-1ubuntu1~22.04) 11.4.0

Debian 12 (arm)
	Kernel: Depends on container host
	Compiler: gcc (Debian 12.2.0-14) 12.2.0

To view detailed results, visit:
https://lab.dpdk.org/results/dashboard/patchsets/31100/

UNH-IOL DPDK Community Lab

To manage your email subscriptions, visit: 
https://lab.dpdk.org/results/dashboard/preferences/subscriptions/