From mboxrd@z Thu Jan  1 00:00:00 1970
Return-Path: <test-report-bounces@dpdk.org>
Received: from mails.dpdk.org (mails.dpdk.org [217.70.189.124])
	by inbox.dpdk.org (Postfix) with ESMTP id 4EFCA459EE
	for <public@inbox.dpdk.org>; Sat, 21 Sep 2024 18:06:05 +0200 (CEST)
Received: from mails.dpdk.org (localhost [127.0.0.1])
	by mails.dpdk.org (Postfix) with ESMTP id 486A740041;
	Sat, 21 Sep 2024 18:06:05 +0200 (CEST)
Received: from mail-il1-f226.google.com (mail-il1-f226.google.com
 [209.85.166.226])
 by mails.dpdk.org (Postfix) with ESMTP id 6B3FE4003C
 for <test-report@dpdk.org>; Sat, 21 Sep 2024 18:06:04 +0200 (CEST)
Received: by mail-il1-f226.google.com with SMTP id
 e9e14a558f8ab-3a08dc09ac6so16958025ab.3
 for <test-report@dpdk.org>; Sat, 21 Sep 2024 09:06:04 -0700 (PDT)
DKIM-Signature: v=1; a=rsa-sha256; c=relaxed/relaxed;
 d=iol.unh.edu; s=unh-iol; t=1726934764; x=1727539564; darn=dpdk.org;
 h=references:in-reply-to:cc:to:from:subject:message-id:date:from:to
 :cc:subject:date:message-id:reply-to;
 bh=DjmbM5+mV/ZIMoivskAErgJQ44Y1Lh7t+K1/Qx9suHc=;
 b=Vr2JoHD6se9E1xqRriG0a6AM3bGo09C0HPGo+QShdjeXvas09kPOMGtpG9milYtGr3
 ilc4tXV1pzB3Gqzng2T2NppyDdm9gZ29k/3C+C+sjro7u9Z0IqPo4Q4ImF3wAHJ9td5t
 SN+xD/rW5MFHDr9P7obZ3yIVduLgsZGX5Xzqk=
X-Google-DKIM-Signature: v=1; a=rsa-sha256; c=relaxed/relaxed;
 d=1e100.net; s=20230601; t=1726934764; x=1727539564;
 h=references:in-reply-to:cc:to:from:subject:message-id:date
 :x-gm-message-state:from:to:cc:subject:date:message-id:reply-to;
 bh=DjmbM5+mV/ZIMoivskAErgJQ44Y1Lh7t+K1/Qx9suHc=;
 b=kEYAkcY8hcAfOq9z/vn+xvzwMcAzcjj/8CrFevweqjRqLbVdQNRnp0hgV6o8TzUwxx
 4mmzgv29O45g+keFno9TxP/7nihfsH9+iKQeHj/WSlCvqJerBI2TrpQ2AdKY4c+y0p3L
 TBY8zWEtc3KED2DPCVTYGOSxFm/Mi69eQk6v2nonURhoUsZShb8H77ImHT4j8sNyfiBS
 UKYXbAIu8nrnWdBzxyQid4fQFzpDwyckUJk+rhlseppAvHVBC8TI16o6r0Q7kvZD/S3W
 +EY9dgU26vAXP2zpB5662RzD26nYVO3dv7W7AeoaGkVUsO4Mkufs8leuOn/Uog5uUAi6
 Gm5w==
X-Gm-Message-State: AOJu0YzSnA4ay9AvKXWw62+DuM3NGFCEskhIGOI1cJ9dllHEyiLZ53yr
 y6rTq1T86RnRo2FkaktKi5CFllqMsakrMGmWIUwpHV5rSskV70B4oGRpMNIxHsWIcZV8PlYVgSt
 dSYMe/G4Kfig7hb9ungQd5KxKvW4otyxtgPwAn531eCMN1+1pM//RSOSL
X-Google-Smtp-Source: AGHT+IE49WFW0Y8S6FfSae2VHBbivnuuf+kgttEWKlUn6B2JAhRuxw1Xp8hupnlWLEvAK+NKR2eArSjHBWBL
X-Received: by 2002:a05:6e02:b26:b0:3a0:bd91:3842 with SMTP id
 e9e14a558f8ab-3a0c8d3a7bdmr55555005ab.24.1726934763726; 
 Sat, 21 Sep 2024 09:06:03 -0700 (PDT)
Received: from postal.iol.unh.edu (postal.iol.unh.edu.
 [2606:4100:3880:1234::84]) by smtp-relay.gmail.com with ESMTPS id
 e9e14a558f8ab-3a0cdff6446sm1454315ab.49.2024.09.21.09.06.03
 (version=TLS1_2 cipher=ECDHE-ECDSA-AES128-GCM-SHA256 bits=128/128);
 Sat, 21 Sep 2024 09:06:03 -0700 (PDT)
X-Relaying-Domain: iol.unh.edu
Date: Sat, 21 Sep 2024 09:06:03 -0700 (PDT)
Message-ID: <66eeeeeb.050a0220.86527.8b54SMTPIN_ADDED_MISSING@mx.google.com>
Received: from [172.17.0.2] (unknown [172.18.0.217])
 by postal.iol.unh.edu (Postfix) with ESMTP id 3B2BD6050A6E;
 Sat, 21 Sep 2024 12:06:03 -0400 (EDT)
Subject: |FAILURE| pw144369 [PATCH] [RFC,v3] mempool: obey configured cache s
From: dpdklab@iol.unh.edu
To: Test Report <test-report@dpdk.org>
Cc: dpdk-test-reports@iol.unh.edu, Morten Brorup <mb@smartsharesystems.com>
In-Reply-To: <20240920171350.841532-1-mb@smartsharesystems.com>
References: <20240920171350.841532-1-mb@smartsharesystems.com>
Content-Type: text/plain
X-BeenThere: test-report@dpdk.org
X-Mailman-Version: 2.1.29
Precedence: list
List-Id: automatic DPDK test reports <test-report.dpdk.org>
List-Unsubscribe: <https://mails.dpdk.org/options/test-report>,
 <mailto:test-report-request@dpdk.org?subject=unsubscribe>
List-Archive: <http://mails.dpdk.org/archives/test-report/>
List-Post: <mailto:test-report@dpdk.org>
List-Help: <mailto:test-report-request@dpdk.org?subject=help>
List-Subscribe: <https://mails.dpdk.org/listinfo/test-report>,
 <mailto:test-report-request@dpdk.org?subject=subscribe>
Errors-To: test-report-bounces@dpdk.org

Test-Label: iol-compile-arm64-testing
Test-Status: FAILURE
http://dpdk.org/patch/144369

_Testing issues_

Submitter: Morten Brorup <mb@smartsharesystems.com>
Date: Friday, September 20 2024 17:13:50 
DPDK git baseline: Repo:dpdk
  Branch: master
  CommitID:41dd9a6bc2d9c6e20e139ad713cc9d172572dd43

144369 --> testing issues

Upstream job id: Generic-DPDK-Compile-Meson#304456

Test environment and result as below:

+----------------------------------------+--------------------+
|              Environment               | dpdk_meson_compile |
+========================================+====================+
| RHEL9 (ARM)                            | FAIL               |
+----------------------------------------+--------------------+
| Ubuntu 20.04 ARM GCC Cross Compile     | FAIL               |
+----------------------------------------+--------------------+
| Ubuntu 20.04 ARM SVE                   | PASS               |
+----------------------------------------+--------------------+
| Debian 12 with MUSDK                   | FAIL               |
+----------------------------------------+--------------------+
| Fedora 38 (ARM)                        | FAIL               |
+----------------------------------------+--------------------+
| Fedora 37 (ARM)                        | FAIL               |
+----------------------------------------+--------------------+
| Fedora 38 (ARM Clang)                  | FAIL               |
+----------------------------------------+--------------------+
| Fedora 39 (ARM)                        | FAIL               |
+----------------------------------------+--------------------+
| Ubuntu 22.04 (ARM)                     | FAIL               |
+----------------------------------------+--------------------+
| Fedora 40 (ARM)                        | FAIL               |
+----------------------------------------+--------------------+
| Fedora 40 (ARM Clang)                  | FAIL               |
+----------------------------------------+--------------------+
| Ubuntu 20.04 (ARM)                     | FAIL               |
+----------------------------------------+--------------------+
| Ubuntu 24.04 (ARM)                     | FAIL               |
+----------------------------------------+--------------------+
| CentOS Stream 9 (ARM)                  | FAIL               |
+----------------------------------------+--------------------+
| Debian 11 (Buster) (ARM)               | FAIL               |
+----------------------------------------+--------------------+
| Ubuntu 20.04 ARM Clang Cross Compile   | FAIL               |
+----------------------------------------+--------------------+
| Debian 12 (arm)                        | FAIL               |
+----------------------------------------+--------------------+
| Ubuntu 20.04 aarch32 GCC Cross Compile | FAIL               |
+----------------------------------------+--------------------+
| Fedora 39 (ARM Clang)                  | FAIL               |
+----------------------------------------+--------------------+

==== 20 line log output for Fedora 39 (ARM Clang) (dpdk_meson_compile): ====
376 | #define __rte_noinline __attribute__((noinline))
|                                       ^~~~~~~~
../drivers/common/dpaax/compat.h:58:18: note: expanded from macro 'noinline'
58 | #define noinline        __rte_noinline
|                         ^~~~~~~~~~~~~~
In file included from ../drivers/bus/dpaa/base/qbman/bman_driver.c:10:
In file included from ../drivers/bus/dpaa/include/fsl_usd.h:14:
In file included from ../drivers/bus/dpaa/include/fsl_qman.h:17:
In file included from ../lib/eventdev/rte_eventdev.h:248:
../lib/mempool/rte_mempool.h:1536:8: error: unknown attribute '__rte_noinline' ignored [-Werror,-Wunknown-attributes]
1536 | static __rte_noinline int
|        ^~~~~~~~~~~~~~
../lib/eal/include/rte_common.h:376:39: note: expanded from macro '__rte_noinline'
376 | #define __rte_noinline __attribute__((noinline))
|                                       ^~~~~~~~
../drivers/common/dpaax/compat.h:58:18: note: expanded from macro 'noinline'
58 | #define noinline        __rte_noinline
|                         ^~~~~~~~~~~~~~
2 errors generated.
ninja: build stopped: subcommand failed.
==== End log output ====

RHEL9 (ARM)
	Kernel: Depends on container host
	Compiler: gcc 11.4.1 20231218 (Red Hat 11.4.1-3)

Ubuntu 20.04 ARM GCC Cross Compile
	Kernel: Depends on container host
	Compiler: aarch64-linux-gnu-gcc (Ubuntu 9.4.0-1ubuntu1~20.04.2) 9.4.0

Ubuntu 20.04 ARM SVE
	Kernel: Depends on container host
	Compiler: gcc (Ubuntu 10.5.0-1ubuntu1~20.04) 10.5.0

Debian 12 with MUSDK
	Kernel: Depends on container host
	Compiler: gcc (Debian 12.2.0-14) 12.2.0

Fedora 38 (ARM)
	Kernel: Depends on container host
	Compiler: gcc 13.2.1 20240316 (Red Hat 13.2.1-7)

Fedora 37 (ARM)
	Kernel: Depends on container host
	Compiler: gcc 12.3.1 20230508 (Red Hat 12.3.1-1)

Fedora 38 (ARM Clang)
	Kernel: Depends on container host
	Compiler: clang 16.0.6 (Fedora 16.0.6-4.fc38)

Fedora 39 (ARM)
	Kernel: Depends on container host
	Compiler: gcc 13.3.1 20240522 (Red Hat 13.3.1-1)

Ubuntu 22.04 (ARM)
	Kernel: Depends on container host
	Compiler: gcc (Ubuntu 11.4.0-1ubuntu1~22.04) 11.4.0

Fedora 40 (ARM)
	Kernel: Depends on container host
	Compiler: gcc 14.2.1 20240801 (Red Hat 14.2.1-1)

Fedora 40 (ARM Clang)
	Kernel: Depends on container host
	Compiler: clang 18.1.6 (Fedora 18.1.6-3.fc40)

Ubuntu 20.04 (ARM)
	Kernel: Depends on container host
	Compiler: gcc (Ubuntu 9.4.0-1ubuntu1~20.04.2) 9.4.0

Ubuntu 24.04 (ARM)
	Kernel: Depends on container host
	Compiler: gcc (Ubuntu 13.2.0-23ubuntu4) 13.2.0

CentOS Stream 9 (ARM)
	Kernel: Depends on container host
	Compiler: gcc 11.4.1 20231218 (Red Hat 11.4.1-3)

Debian 11 (Buster) (ARM)
	Kernel: Depends on container host
	Compiler: gcc (Debian 10.2.1-6) 10.2.1 20210110

Ubuntu 20.04 ARM Clang Cross Compile
	Kernel: Depends on container host
	Compiler: clang 10.0.0-4ubuntu1

Debian 12 (arm)
	Kernel: Depends on container host
	Compiler: gcc (Debian 12.2.0-14) 12.2.0

Ubuntu 20.04 aarch32 GCC Cross Compile
	Kernel: Depends on container host
	Compiler: gcc 9.4.0

Fedora 39 (ARM Clang)
	Kernel: Depends on container host
	Compiler: clang 17.0.6 (Fedora 17.0.6-2.fc39)

To view detailed results, visit:
https://lab.dpdk.org/results/dashboard/patchsets/31104/

UNH-IOL DPDK Community Lab

To manage your email subscriptions, visit: 
https://lab.dpdk.org/results/dashboard/preferences/subscriptions/