From mboxrd@z Thu Jan  1 00:00:00 1970
Return-Path: <test-report-bounces@dpdk.org>
Received: from mails.dpdk.org (mails.dpdk.org [217.70.189.124])
	by inbox.dpdk.org (Postfix) with ESMTP id 2EB61459FA
	for <public@inbox.dpdk.org>; Sat, 28 Sep 2024 01:07:15 +0200 (CEST)
Received: from mails.dpdk.org (localhost [127.0.0.1])
	by mails.dpdk.org (Postfix) with ESMTP id 11EFB4025D;
	Sat, 28 Sep 2024 01:07:15 +0200 (CEST)
Received: from mail-yb1-f225.google.com (mail-yb1-f225.google.com
 [209.85.219.225])
 by mails.dpdk.org (Postfix) with ESMTP id B5AA940156
 for <test-report@dpdk.org>; Sat, 28 Sep 2024 01:07:13 +0200 (CEST)
Received: by mail-yb1-f225.google.com with SMTP id
 3f1490d57ef6-e260850140fso1088588276.2
 for <test-report@dpdk.org>; Fri, 27 Sep 2024 16:07:13 -0700 (PDT)
DKIM-Signature: v=1; a=rsa-sha256; c=relaxed/relaxed;
 d=iol.unh.edu; s=unh-iol; t=1727478433; x=1728083233; darn=dpdk.org;
 h=references:in-reply-to:cc:to:from:subject:message-id:date:from:to
 :cc:subject:date:message-id:reply-to;
 bh=in5S6QNmEJncTEqGmJI+nz5rAPRfzYLAfgB1ifzaDP8=;
 b=M1vmwc6HFc2rqNpzFo5eYhy+3GxtBZnkzR2WLkSNmUvIP4O6HRmRzBKnqJJ5iujQvf
 rS9VwL5msiuKo6DZ/b9AE5aUziQiJmVgf4E81GHxuPv/Yns21dOcUOmUFavimoIjakkZ
 HGVTl7vzarnZIj17ed5XYm4Cx1w+dsuRBxzvE=
X-Google-DKIM-Signature: v=1; a=rsa-sha256; c=relaxed/relaxed;
 d=1e100.net; s=20230601; t=1727478433; x=1728083233;
 h=references:in-reply-to:cc:to:from:subject:message-id:date
 :x-gm-message-state:from:to:cc:subject:date:message-id:reply-to;
 bh=in5S6QNmEJncTEqGmJI+nz5rAPRfzYLAfgB1ifzaDP8=;
 b=jjOjUaUSKs5I3gybJlt/5J5pVM6UKbtS6A7v3KwNAP96jA5OjjKtJ2GVHvhz1ZqmVF
 X8at+0oZdRQgKKbeiQPamrr3XFMXi9nXhIpkmIU6UQ/4qIMaIsBGoD9PS2RHQpXRDrHd
 ui3Q8kr8pfZvmcIIjZNZrkpccd4C6CpGgElbs5bHLW1JASpg7ZmvEXSOeA460aom2z4v
 3OWsoUKHjZVvxziC33LOUGmHKhLwiQEyCc/CvgI7RTeDhwIzykm7PgIyfnyu2cwTorP/
 kunFMOdAa0tJ+GQ3Rfyn93IV0XJflVvbSSYl7Aok/bjhy/uJIr28Tm/kBcOOM9uBVOdf
 8tAA==
X-Gm-Message-State: AOJu0YzWP9trbTYfpMTe25fwQvdA9fpQkkR/Q7URfKoBA9WyKOPFuThn
 QI2ykw2/clWwkz84x+27ZW00yBKR0hSKOwQ5dx3EIGisZbjjAY/hc2nXN8Npl4ytvK/nx68Ab/Z
 aOx+dZtlDViyOOX2bAIdYmCLwuLU7kS1rTC4ziOpP
X-Google-Smtp-Source: AGHT+IFbKwfW6UUTIhGIiPDc/GG15/MhzWruD1dgY2F8/bciM33oE5C6uQIOuKHDsQuGaiegbZzYTkgMoa/+
X-Received: by 2002:a05:6902:2b8f:b0:e1d:2fce:1618 with SMTP id
 3f1490d57ef6-e2604b6ccd7mr4564888276.13.1727478433032; 
 Fri, 27 Sep 2024 16:07:13 -0700 (PDT)
Received: from postal.iol.unh.edu (postal.iol.unh.edu. [132.177.123.84])
 by smtp-relay.gmail.com with ESMTPS id
 3f1490d57ef6-e25e4bfc12bsm130020276.22.2024.09.27.16.07.12
 (version=TLS1_2 cipher=ECDHE-ECDSA-AES128-GCM-SHA256 bits=128/128);
 Fri, 27 Sep 2024 16:07:13 -0700 (PDT)
X-Relaying-Domain: iol.unh.edu
Date: Fri, 27 Sep 2024 16:07:13 -0700 (PDT)
Message-ID: <66f73aa1.250a0220.6a53d.9090SMTPIN_ADDED_MISSING@mx.google.com>
Received: from [172.17.0.4] (unknown [172.18.0.217])
 by postal.iol.unh.edu (Postfix) with ESMTP id 94B55605C351;
 Fri, 27 Sep 2024 19:07:12 -0400 (EDT)
Subject: |FAILURE| pw144535-144550 [PATCH] [16/16] mempool: annotate mempool 
From: dpdklab@iol.unh.edu
To: Test Report <test-report@dpdk.org>
Cc: dpdk-test-reports@iol.unh.edu,
 Stephen Hemminger <stephen@networkplumber.org>
In-Reply-To: <20240927204742.546164-17-stephen@networkplumber.org>
References: <20240927204742.546164-17-stephen@networkplumber.org>
Content-Type: text/plain
X-BeenThere: test-report@dpdk.org
X-Mailman-Version: 2.1.29
Precedence: list
List-Id: automatic DPDK test reports <test-report.dpdk.org>
List-Unsubscribe: <https://mails.dpdk.org/options/test-report>,
 <mailto:test-report-request@dpdk.org?subject=unsubscribe>
List-Archive: <http://mails.dpdk.org/archives/test-report/>
List-Post: <mailto:test-report@dpdk.org>
List-Help: <mailto:test-report-request@dpdk.org?subject=help>
List-Subscribe: <https://mails.dpdk.org/listinfo/test-report>,
 <mailto:test-report-request@dpdk.org?subject=subscribe>
Errors-To: test-report-bounces@dpdk.org

Test-Label: iol-compile-amd64-testing
Test-Status: FAILURE
http://dpdk.org/patch/144550

_Testing issues_

Submitter: Stephen Hemminger <stephen@networkplumber.org>
Date: Friday, September 27 2024 20:45:52 
DPDK git baseline: Repo:dpdk
  Branch: master
  CommitID:41dd9a6bc2d9c6e20e139ad713cc9d172572dd43

144535-144550 --> testing issues

Upstream job id: Generic-DPDK-Compile-Meson#306466

Test environment and result as below:

+---------------------+--------------------+------------------+-------------------+----------------------+-----------------------+-------------------+
|     Environment     | dpdk_meson_compile | dpdk_compile_ovs | dpdk_compile_spdk | dpdk_mingw64_compile | dpdk_win_llvm_compile | dpdk_msvc_compile |
+=====================+====================+==================+===================+======================+=======================+===================+
| CentOS Stream 9     | PASS               | PASS             | PASS              | SKIPPED              | SKIPPED               | SKIPPED           |
+---------------------+--------------------+------------------+-------------------+----------------------+-----------------------+-------------------+
| Debian Bullseye     | PASS               | PASS             | PASS              | SKIPPED              | SKIPPED               | SKIPPED           |
+---------------------+--------------------+------------------+-------------------+----------------------+-----------------------+-------------------+
| Debian 12           | FAIL               | WARN             | WARN              | SKIPPED              | SKIPPED               | SKIPPED           |
+---------------------+--------------------+------------------+-------------------+----------------------+-----------------------+-------------------+
| Fedora 37           | FAIL               | WARN             | WARN              | SKIPPED              | SKIPPED               | SKIPPED           |
+---------------------+--------------------+------------------+-------------------+----------------------+-----------------------+-------------------+
| Fedora 39 (Clang)   | PASS               | PASS             | PASS              | SKIPPED              | SKIPPED               | SKIPPED           |
+---------------------+--------------------+------------------+-------------------+----------------------+-----------------------+-------------------+
| Fedora 38 (Clang)   | PASS               | PASS             | PASS              | SKIPPED              | SKIPPED               | SKIPPED           |
+---------------------+--------------------+------------------+-------------------+----------------------+-----------------------+-------------------+
| Fedora 38           | PASS               | PASS             | PASS              | SKIPPED              | SKIPPED               | SKIPPED           |
+---------------------+--------------------+------------------+-------------------+----------------------+-----------------------+-------------------+
| Fedora 40 (Clang)   | PASS               | PASS             | PASS              | SKIPPED              | SKIPPED               | SKIPPED           |
+---------------------+--------------------+------------------+-------------------+----------------------+-----------------------+-------------------+
| Fedora 39           | PASS               | PASS             | PASS              | SKIPPED              | SKIPPED               | SKIPPED           |
+---------------------+--------------------+------------------+-------------------+----------------------+-----------------------+-------------------+
| Fedora 40           | PASS               | PASS             | PASS              | SKIPPED              | SKIPPED               | SKIPPED           |
+---------------------+--------------------+------------------+-------------------+----------------------+-----------------------+-------------------+
| openSUSE Leap 15    | PASS               | PASS             | SKIPPED           | SKIPPED              | SKIPPED               | SKIPPED           |
+---------------------+--------------------+------------------+-------------------+----------------------+-----------------------+-------------------+
| RHEL8               | PASS               | PASS             | SKIPPED           | SKIPPED              | SKIPPED               | SKIPPED           |
+---------------------+--------------------+------------------+-------------------+----------------------+-----------------------+-------------------+
| RHEL9               | PASS               | PASS             | SKIPPED           | SKIPPED              | SKIPPED               | SKIPPED           |
+---------------------+--------------------+------------------+-------------------+----------------------+-----------------------+-------------------+
| Ubuntu 20.04        | PASS               | PASS             | SKIPPED           | SKIPPED              | SKIPPED               | SKIPPED           |
+---------------------+--------------------+------------------+-------------------+----------------------+-----------------------+-------------------+
| Ubuntu 22.04        | PASS               | PASS             | PASS              | SKIPPED              | SKIPPED               | SKIPPED           |
+---------------------+--------------------+------------------+-------------------+----------------------+-----------------------+-------------------+
| Ubuntu 24.04        | PASS               | PASS             | PASS              | SKIPPED              | SKIPPED               | SKIPPED           |
+---------------------+--------------------+------------------+-------------------+----------------------+-----------------------+-------------------+
| Alpine              | PASS               | PASS             | SKIPPED           | SKIPPED              | SKIPPED               | SKIPPED           |
+---------------------+--------------------+------------------+-------------------+----------------------+-----------------------+-------------------+
| FreeBSD 13.3        | PASS               | SKIPPED          | SKIPPED           | SKIPPED              | SKIPPED               | SKIPPED           |
+---------------------+--------------------+------------------+-------------------+----------------------+-----------------------+-------------------+
| FreeBSD 14.1        | PASS               | SKIPPED          | SKIPPED           | SKIPPED              | SKIPPED               | SKIPPED           |
+---------------------+--------------------+------------------+-------------------+----------------------+-----------------------+-------------------+
| Windows Server 2022 | SKIPPED            | SKIPPED          | SKIPPED           | FAIL                 | PASS                  | PASS              |
+---------------------+--------------------+------------------+-------------------+----------------------+-----------------------+-------------------+

==== 20 line log output for Windows Server 2022 (dpdk_mingw64_compile): ====
346 |         LIST_FOREACH(pos, head, list)
|         ^~~~~~~~~~~~
../drivers/common/idpf/base/idpf_controlq.c:266:9: note: in expansion of macro 'LIST_FOR_EACH_ENTRY_SAFE'
266 |         LIST_FOR_EACH_ENTRY_SAFE(cq, tmp, &hw->cq_list_head,
|         ^~~~~~~~~~~~~~~~~~~~~~~~
In function 'idpf_ctlq_remove',
inlined from 'idpf_ctlq_deinit' at ../drivers/common/idpf/base/idpf_controlq.c:268:3:
../drivers/common/idpf/base/idpf_osdep.h:197:33: note: call to 'rte_free' here
197 | #define idpf_free(h, m)         rte_free(m)
|                                 ^~~~~~~~~~~
../drivers/common/idpf/base/idpf_controlq.c:217:9: note: in expansion of macro 'idpf_free'
217 |         idpf_free(hw, cq);
|         ^~~~~~~~~
cc1.exe: all warnings being treated as errors
[143/762] Compiling C object drivers/libtmp_rte_common_idpf.a.p/common_idpf_idpf_common_rxtx.c.obj
[144/762] Linking static target drivers/libtmp_rte_bus_vdev.a
[145/762] Compiling C object drivers/libtmp_rte_bus_auxiliary.a.p/bus_auxiliary_auxiliary_params.c.obj
[146/762] Compiling C object drivers/libtmp_rte_common_idpf.a.p/common_idpf_base_idpf_controlq_setup.c.obj
[147/762] Compiling C object drivers/libtmp_rte_bus_auxiliary.a.p/bus_auxiliary_auxiliary_common.c.obj
ninja: build stopped: subcommand failed.
==== End log output ====

CentOS Stream 9
	Kernel: Depends on container host
	Compiler: gcc 11.4.1 20231218 (Red Hat 11.4.1-3)

Debian Bullseye
	Kernel: Depends on container host
	Compiler: gcc (Debian 10.2.1-6) 10.2.1 20210110

Debian 12
	Kernel: Depends on container host
	Compiler: gcc (Debian 12.2.0-14) 12.2.0

Fedora 37
	Kernel: Depends on container host system
	Compiler: gcc 12.3.1 20230508 (Red Hat 12.3.1-1)

Fedora 39 (Clang)
	Kernel: Depends on container host
	Compiler: clang 17.0.6 (Fedora 17.0.6-2.fc39)

Fedora 38 (Clang)
	Kernel: Depends on container host
	Compiler: clang 16.0.6 (Fedora 16.0.6-4.fc38)

Fedora 38
	Kernel: Depends on container host
	Compiler: gcc 13.2.1 20240316 (Red Hat 13.2.1-7)

Fedora 40 (Clang)
	Kernel: Depends on container host
	Compiler: clang 18.1.6 (Fedora 18.1.6-3.fc40)

Fedora 39
	Kernel: Depends on container host
	Compiler: gcc 13.3.1 20240522 (Red Hat 13.3.1-1)

Fedora 40
	Kernel: Depends on container host
	Compiler: gcc 14.2.1 20240801 (Red Hat 14.2.1-1)

openSUSE Leap 15
	Kernel: Depends on container host
	Compiler: gcc (SUSE Linux) 7.5.0

RHEL8
	Kernel: Depends on container host
	Compiler: gcc 8.5.0 20210514 (Red Hat 8.5.0-22)

RHEL9
	Kernel: Depends on container host
	Compiler: gcc 11.4.1 20231218 (Red Hat 11.4.1-3)

Ubuntu 20.04
	Kernel: Depends on container host
	Compiler: gcc (Ubuntu 9.4.0-1ubuntu1~20.04.2) 9.4.0

Ubuntu 22.04
	Kernel: Depends on container host
	Compiler: gcc (Ubuntu 11.4.0-1ubuntu1~22.04) 11.4.0

Ubuntu 24.04
	Kernel: Depends on container host
	Compiler: gcc (Ubuntu 13.2.0-23ubuntu4) 13.2.0

Alpine
	Kernel: Depends on container host
	Compiler: gcc (Alpine 13.2.1_git20240309) 13.2.1 20240309

FreeBSD 13.3
	Kernel: 13.3-RELEASE-p5
	Compiler: clang 17.0.6

FreeBSD 14.1
	Kernel: 14.1-RELEASE-p3
	Compiler: clang 18.1.5

Windows Server 2022
	Kernel: 10.0.20348.2031
	Compiler: clang 15.0.7, gcc 14.1.0 (MinGW), and MSVC VS 19.39.33521

To view detailed results, visit:
https://lab.dpdk.org/results/dashboard/patchsets/31161/

UNH-IOL DPDK Community Lab

To manage your email subscriptions, visit: 
https://lab.dpdk.org/results/dashboard/preferences/subscriptions/