From mboxrd@z Thu Jan  1 00:00:00 1970
Return-Path: <test-report-bounces@dpdk.org>
Received: from mails.dpdk.org (mails.dpdk.org [217.70.189.124])
	by inbox.dpdk.org (Postfix) with ESMTP id 43E98459FA
	for <public@inbox.dpdk.org>; Sat, 28 Sep 2024 01:19:02 +0200 (CEST)
Received: from mails.dpdk.org (localhost [127.0.0.1])
	by mails.dpdk.org (Postfix) with ESMTP id 172BC40156;
	Sat, 28 Sep 2024 01:19:02 +0200 (CEST)
Received: from mail-pl1-f228.google.com (mail-pl1-f228.google.com
 [209.85.214.228])
 by mails.dpdk.org (Postfix) with ESMTP id D67DA40144
 for <test-report@dpdk.org>; Sat, 28 Sep 2024 01:18:59 +0200 (CEST)
Received: by mail-pl1-f228.google.com with SMTP id
 d9443c01a7336-20b49ee353cso9443025ad.2
 for <test-report@dpdk.org>; Fri, 27 Sep 2024 16:18:59 -0700 (PDT)
DKIM-Signature: v=1; a=rsa-sha256; c=relaxed/relaxed;
 d=iol.unh.edu; s=unh-iol; t=1727479139; x=1728083939; darn=dpdk.org;
 h=references:in-reply-to:cc:to:from:subject:message-id:date:from:to
 :cc:subject:date:message-id:reply-to;
 bh=QpSbzzQ+BK506uItJvQMn21FVJUzZW81IeTAHhA2v54=;
 b=C53Sb2K/HNs0BkKzmmPLVjPZ94aT3qCsiINY+06SNYcpPfbGAWFXzUFoynnTkU4A7r
 SnQGDg+ouGO2E+yVlApWM5b4MFEER/mprE4yl2IvoH/psxVUrnvACMe1QA5IgLIlu+7E
 PL7KhRf+5N4d09DTYl7SbR89WadFCMUu/qNBA=
X-Google-DKIM-Signature: v=1; a=rsa-sha256; c=relaxed/relaxed;
 d=1e100.net; s=20230601; t=1727479139; x=1728083939;
 h=references:in-reply-to:cc:to:from:subject:message-id:date
 :x-gm-message-state:from:to:cc:subject:date:message-id:reply-to;
 bh=QpSbzzQ+BK506uItJvQMn21FVJUzZW81IeTAHhA2v54=;
 b=UEW9nBaWQOfuU/PEDWBOE9AALJs99ZfFPruAaGcIdYKQpm9KQustMI8P1l2M5sQdIR
 Vg86Q40JJ9cZVaxwT+o7G1k95J/WKI6ojqY/rZ0SW/jWb34qhQOz6WjIlInGXobQYKbJ
 vbQ38qXWDNr1cm3hq/FS/H+mXSTOdJNSwbShpAD/W2K2L+ToZIIwSmRr6S0ZV1E26Row
 PUghNAgNPQ7LnXWp5a0oV8yAyuGK4yOTXrwrrpTa8kuVkoZMKwOaBDNSbFGb7eoETBgk
 sCbbAwMx+AbAJW82x/+SrpSYUx1+L6rlLs/hLrkTy13VmAsulhEeOHTvzXtwy7OzsiMA
 mkXQ==
X-Gm-Message-State: AOJu0Yxva/FdFRs6kuAaAutGzJrijnJhbS3gnLrNQ3AXjmKMWjvZWdjR
 mxOsGOE7KalJr72iWWX7ZbrSxQN+cfChPFFrngP9y24X90z93h1kDXAuIDx+QkaiwgFGg0Xp9aN
 eOsCZBvd5WGiVt9YBQn7wb+J5GxC1/IgxWRiaa1bfBT2Mj6O+
X-Google-Smtp-Source: AGHT+IFcF/OQbG/E93zNZxtx8O6eOsMctgO9MYYlWjvuEAnEIDj091Rgsu3Opm+1hLeTtRXUfVazTxrExHgD
X-Received: by 2002:a17:902:e54f:b0:207:8e13:138a with SMTP id
 d9443c01a7336-20b37b9292dmr89992415ad.45.1727479138716; 
 Fri, 27 Sep 2024 16:18:58 -0700 (PDT)
Received: from postal.iol.unh.edu (postal.iol.unh.edu.
 [2606:4100:3880:1234::84]) by smtp-relay.gmail.com with ESMTPS id
 d9443c01a7336-20b37e66a0bsm712795ad.145.2024.09.27.16.18.58
 (version=TLS1_2 cipher=ECDHE-ECDSA-AES128-GCM-SHA256 bits=128/128);
 Fri, 27 Sep 2024 16:18:58 -0700 (PDT)
X-Relaying-Domain: iol.unh.edu
Date: Fri, 27 Sep 2024 16:18:58 -0700 (PDT)
Message-ID: <66f73d62.170a0220.4c75c.5239SMTPIN_ADDED_MISSING@mx.google.com>
Received: from [172.17.0.4] (unknown [172.18.0.217])
 by postal.iol.unh.edu (Postfix) with ESMTP id C22A3605C351;
 Fri, 27 Sep 2024 19:18:57 -0400 (EDT)
Subject: |FAILURE| pw144501-144534 [PATCH] [v2,47/47] net/bnxt: tf_ulp: add s
From: dpdklab@iol.unh.edu
To: Test Report <test-report@dpdk.org>
Cc: dpdk-test-reports@iol.unh.edu,
 Sriharsha Basavapatna <sriharsha.basavapatna@broadcom.com>
In-Reply-To: <20240927180829.525350-48-sriharsha.basavapatna@broadcom.com>
References: <20240927180829.525350-48-sriharsha.basavapatna@broadcom.com>
Content-Type: text/plain
X-BeenThere: test-report@dpdk.org
X-Mailman-Version: 2.1.29
Precedence: list
List-Id: automatic DPDK test reports <test-report.dpdk.org>
List-Unsubscribe: <https://mails.dpdk.org/options/test-report>,
 <mailto:test-report-request@dpdk.org?subject=unsubscribe>
List-Archive: <http://mails.dpdk.org/archives/test-report/>
List-Post: <mailto:test-report@dpdk.org>
List-Help: <mailto:test-report-request@dpdk.org?subject=help>
List-Subscribe: <https://mails.dpdk.org/listinfo/test-report>,
 <mailto:test-report-request@dpdk.org?subject=subscribe>
Errors-To: test-report-bounces@dpdk.org

Test-Label: iol-unit-amd64-testing
Test-Status: FAILURE
http://dpdk.org/patch/144534

_Testing issues_

Submitter: Sriharsha Basavapatna <sriharsha.basavapatna@broadcom.com>
Date: Friday, September 27 2024 18:08:29 
DPDK git baseline: Repo:dpdk
  Branch: master
  CommitID:e4299cf61002cfd1bbad806c73cf6fa6ded9bc1c

144501-144534 --> testing issues

Upstream job id: Generic-Unit-Test-DPDK#267191

Test environment and result as below:

+---------------------+----------------+
|     Environment     | dpdk_unit_test |
+=====================+================+
| Windows Server 2022 | PASS           |
+---------------------+----------------+
| CentOS Stream 9     | PASS           |
+---------------------+----------------+
| Debian Bullseye     | PASS           |
+---------------------+----------------+
| Debian 12           | PASS           |
+---------------------+----------------+
| Fedora 37           | PASS           |
+---------------------+----------------+
| Fedora 38           | PASS           |
+---------------------+----------------+
| Fedora 38 (Clang)   | WARN           |
+---------------------+----------------+
| Fedora 39           | PEND           |
+---------------------+----------------+
| Fedora 40           | PEND           |
+---------------------+----------------+
| Fedora 39 (Clang)   | PEND           |
+---------------------+----------------+
| Fedora 40 (Clang)   | PEND           |
+---------------------+----------------+
| RHEL8               | PEND           |
+---------------------+----------------+
| RHEL9               | PEND           |
+---------------------+----------------+
| Ubuntu 20.04        | PEND           |
+---------------------+----------------+
| Ubuntu 22.04        | PEND           |
+---------------------+----------------+
| Ubuntu 24.04        | PEND           |
+---------------------+----------------+

==== 20 line log output for Fedora 38 (Clang) (dpdk_unit_test): ====
[1135/2979] Generating rte_net_bnx2x.pmd.c with a custom command.
[1136/2979] Compiling C object 'drivers/a715181@@rte_net_bnx2x@sta/meson-generated_.._rte_net_bnx2x.pmd.c.o'.
[1137/2979] Linking static target drivers/librte_net_bnx2x.a.
[1138/2979] Compiling C object 'drivers/a715181@@rte_net_bnx2x@sha/meson-generated_.._rte_net_bnx2x.pmd.c.o'.
[1139/2979] Linking target drivers/librte_net_bnx2x.so.25.0.
[1140/2979] Compiling C object 'drivers/a715181@@tmp_rte_net_bnxt@sta/net_bnxt_bnxt_filter.c.o'.
[1141/2979] Compiling C object 'drivers/a715181@@tmp_rte_net_bnxt@sta/net_bnxt_bnxt_ethdev.c.o'.
[1142/2979] Compiling C object 'drivers/a715181@@tmp_rte_net_bnxt@sta/net_bnxt_bnxt_flow.c.o'.
[1143/2979] Compiling C object 'drivers/a715181@@tmp_rte_net_bnxt@sta/net_bnxt_bnxt_irq.c.o'.
[1144/2979] Compiling C object 'drivers/a715181@@tmp_rte_net_bnxt@sta/net_bnxt_bnxt_mpc.c.o'.
FAILED: drivers/a715181@@tmp_rte_net_bnxt@sta/net_bnxt_bnxt_mpc.c.o
clang -Idrivers/a715181@@tmp_rte_net_bnxt@sta -Idrivers -I../drivers -Idrivers/net/bnxt -I../drivers/net/bnxt -Idrivers/net/bnxt/tf_ulp -I../drivers/net/bnxt/tf_ulp -Idrivers/net/bnxt/tf_ulp/generic_templates -I../drivers/net/bnxt/tf_ulp/generic_templates -Idrivers/net/bnxt/tf_core -I../drivers/net/bnxt/tf_core -Idrivers/net/bnxt/tf_core/v3 -I../drivers/net/bnxt/tf_core/v3 -Idrivers/net/bnxt/hcapi/cfa -I../drivers/net/bnxt/hcapi/cfa -Idrivers/net/bnxt/hcapi/cfa_v3/./ -I../drivers/net/bnxt/hcapi/cfa_v3/./ -I../drivers/net/bnxt/hcapi/cfa_v3/./include -I../drivers/net/bnxt/hcapi/cfa_v3/./include/platform/dpdk/ -I../drivers/net/bnxt/hcapi/cfa_v3/./bld/p70 -I../drivers/net/bnxt/hcapi/cfa_v3/./bld/p70/host -I../drivers/net/bnxt/hcapi/cfa_v3/./bld/include -I../drivers/net/bnxt/hcapi/cfa_v3/./bld/include/host -I../drivers/net/bnxt/hcapi/cfa_v3/./bld/include/p70 -I../drivers/net/bnxt/hcapi/cfa_v3/./mm/include -I../drivers/net/bnxt/hcapi/cfa_v3/./tim/include -I../drivers/net/bnxt/hcapi/cfa_v3/
 ./tpm/include -Ilib/ethdev -I../lib/ethdev -I. -I../ -Iconfig -I../config -Ilib/eal/include -I../lib/eal/include -Ilib/eal/linux/include -I../lib/eal/linux/include -Ilib/eal/x86/include -I../lib/eal/x86/include -Ilib/eal/common -I../lib/eal/common -Ilib/eal -I../lib/eal -Ilib/kvargs -I../lib/kvargs -Ilib/log -I../lib/log -Ilib/telemetry/../metrics -I../lib/telemetry/../metrics -Ilib/telemetry -I../lib/telemetry -Ilib/net -I../lib/net -Ilib/mbuf -I../lib/mbuf -Ilib/mempool -I../lib/mempool -Ilib/ring -I../lib/ring -Ilib/meter -I../lib/meter -Idrivers/bus/pci -I../drivers/bus/pci -I../drivers/bus/pci/linux -Ilib/pci -I../lib/pci -Idrivers/bus/vdev -I../drivers/bus/vdev -Ilib/hash -I../lib/hash -Ilib/rcu -I../lib/rcu -Xclang -fcolor-diagnostics -pipe -D_FILE_OFFSET_BITS=64 -Wall -Winvalid-pch -Wextra -Werror -std=c11 -O3 -include rte_config.h -Wcast-qual -Wdeprecated -Wformat -Wformat-nonliteral -Wformat-security -Wmissing-declarations -Wmissing-prototypes -Wnested-externs -Wold-style-
 definition -Wpointer-arith -Wsign-compare -Wstrict-prototypes -Wundef -Wwrite-strings -Wno-address-of-packed-member -Wno-missing-field-initializers -D_GNU_SOURCE -fPIC -march=native -mrtm -DALLOW_EXPERIMENTAL_API -DALLOW_INTERNAL_API -DBNXT_TF_APP_ID=0 -DSUPPORT_CFA_HW_P70=1 -DCFA_BLD_PRINT_OBJ=1 -DRTE_LOG_DEFAULT_LOGTYPE=pmd.net.bnxt -MD -MQ 'drivers/a715181@@tmp_rte_net_bnxt@sta/net_bnxt_bnxt_mpc.c.o' -MF 'drivers/a715181@@tmp_rte_net_bnxt@sta/net_bnxt_bnxt_mpc.c.o.d' -o 'drivers/a715181@@tmp_rte_net_bnxt@sta/net_bnxt_bnxt_mpc.c.o' -c ../drivers/net/bnxt/bnxt_mpc.c
../drivers/net/bnxt/bnxt_mpc.c:578:24: error: unused function 'bnxt_mpc_bds_in_hw' [-Werror,-Wunused-function]
static inline uint32_t bnxt_mpc_bds_in_hw(struct bnxt_mpc_txq *mpc_queue)
^
1 error generated.
[1145/2979] Compiling C object 'drivers/a715181@@tmp_rte_net_bnxt@sta/net_bnxt_bnxt_hwrm.c.o'.
[1146/2979] Generating rte_common_sfc_efx.sym_chk with a meson_exe.py custom command.
[1147/2979] Generating rte_common_cnxk.sym_chk with a meson_exe.py custom command.
ninja: build stopped: subcommand failed.
==== End log output ====

Windows Server 2022
	Kernel: 10.0.20348.2031
	Compiler: clang 15.0.7, gcc 14.1.0 (MinGW), and MSVC VS 19.39.33521

CentOS Stream 9
	Kernel: Depends on container host
	Compiler: gcc 11.4.1 20231218 (Red Hat 11.4.1-3)

Debian Bullseye
	Kernel: Depends on container host
	Compiler: gcc (Debian 10.2.1-6) 10.2.1 20210110

Debian 12
	Kernel: Depends on container host
	Compiler: gcc (Debian 12.2.0-14) 12.2.0

Fedora 37
	Kernel: Depends on container host system
	Compiler: gcc 12.3.1 20230508 (Red Hat 12.3.1-1)

Fedora 38
	Kernel: Depends on container host
	Compiler: gcc 13.2.1 20240316 (Red Hat 13.2.1-7)

Fedora 38 (Clang)
	Kernel: Depends on container host
	Compiler: clang 16.0.6 (Fedora 16.0.6-4.fc38)

Fedora 39
	Kernel: Depends on container host
	Compiler: gcc 13.3.1 20240522 (Red Hat 13.3.1-1)

Fedora 40
	Kernel: Depends on container host
	Compiler: gcc 14.2.1 20240801 (Red Hat 14.2.1-1)

Fedora 39 (Clang)
	Kernel: Depends on container host
	Compiler: clang 17.0.6 (Fedora 17.0.6-2.fc39)

Fedora 40 (Clang)
	Kernel: Depends on container host
	Compiler: clang 18.1.6 (Fedora 18.1.6-3.fc40)

RHEL8
	Kernel: Depends on container host
	Compiler: gcc 8.5.0 20210514 (Red Hat 8.5.0-22)

RHEL9
	Kernel: Depends on container host
	Compiler: gcc 11.4.1 20231218 (Red Hat 11.4.1-3)

Ubuntu 20.04
	Kernel: Depends on container host
	Compiler: gcc (Ubuntu 9.4.0-1ubuntu1~20.04.2) 9.4.0

Ubuntu 22.04
	Kernel: Depends on container host
	Compiler: gcc (Ubuntu 11.4.0-1ubuntu1~22.04) 11.4.0

Ubuntu 24.04
	Kernel: Depends on container host
	Compiler: gcc (Ubuntu 13.2.0-23ubuntu4) 13.2.0

To view detailed results, visit:
https://lab.dpdk.org/results/dashboard/patchsets/31160/

UNH-IOL DPDK Community Lab

To manage your email subscriptions, visit: 
https://lab.dpdk.org/results/dashboard/preferences/subscriptions/