From mboxrd@z Thu Jan  1 00:00:00 1970
Return-Path: <test-report-bounces@dpdk.org>
Received: from mails.dpdk.org (mails.dpdk.org [217.70.189.124])
	by inbox.dpdk.org (Postfix) with ESMTP id A887745A4B
	for <public@inbox.dpdk.org>; Sat, 28 Sep 2024 10:17:29 +0200 (CEST)
Received: from mails.dpdk.org (localhost [127.0.0.1])
	by mails.dpdk.org (Postfix) with ESMTP id A4CB04027A;
	Sat, 28 Sep 2024 10:17:29 +0200 (CEST)
Received: from mail-ua1-f97.google.com (mail-ua1-f97.google.com
 [209.85.222.97]) by mails.dpdk.org (Postfix) with ESMTP id A3C1940269
 for <test-report@dpdk.org>; Sat, 28 Sep 2024 10:17:28 +0200 (CEST)
Received: by mail-ua1-f97.google.com with SMTP id
 a1e0cc1a2514c-84e8e8f1e9dso704327241.0
 for <test-report@dpdk.org>; Sat, 28 Sep 2024 01:17:28 -0700 (PDT)
DKIM-Signature: v=1; a=rsa-sha256; c=relaxed/relaxed;
 d=iol.unh.edu; s=unh-iol; t=1727511448; x=1728116248; darn=dpdk.org;
 h=cc:to:from:subject:message-id:date:from:to:cc:subject:date
 :message-id:reply-to;
 bh=Xz4K4p8f8XuECMadxLABSZjpyswAbQeQDTZb0C+LmoI=;
 b=EfmipobaTpfAmrzPRG3tVDZxfvc5xEG6zkYcgpK1rnsgQ9Absj0EAZjLMPxUY1cQh4
 NrD6bcfkLskM7W3KrvmJ/Ze1q2jN54vSghec0E8tz6kTmBsq5fWhossRDRI7vTuZ+Djw
 WXJfZ4Rm9RPe0YRKs4y3T3C/wPNJE6a3F74cw=
X-Google-DKIM-Signature: v=1; a=rsa-sha256; c=relaxed/relaxed;
 d=1e100.net; s=20230601; t=1727511448; x=1728116248;
 h=cc:to:from:subject:message-id:date:x-gm-message-state:from:to:cc
 :subject:date:message-id:reply-to;
 bh=Xz4K4p8f8XuECMadxLABSZjpyswAbQeQDTZb0C+LmoI=;
 b=KZu0zW4CGOB2Mu1s7larFAF4WXokYzieg0KrLdMBegcB7CTKd7h/ORUfzK3qruaS7w
 B87K6BjP4r1kmUTHcpLYTXWwpFIwJ7ov8IQYiVklcNzCsOfH1YOOUmEXhboA74BQcVD4
 IVR7mME2j07bZjGTsFqpZ74hgi5w3IY1y3ZGVAL3tpwJ7x58inQmp8WrT5A8HZTvHKnH
 B6S3SmGt+eWEBqgzeIBropsqLecRSN8PwTtUZBidEcg011bCy5aVkdGTM3Z3eIPgWj2p
 +Z/+7ETV/NPf9Gn10RXeZf1Dj5wJDGIiZkI7m6KlS3P+JlG9J7Z0OvjJ5zgWJZaFXXtg
 kBlg==
X-Gm-Message-State: AOJu0Yz0fj/BgHFRnmxOUa4YOi0b4uKMKL3FtSpsv8gAmH4R4TMvad66
 XlmkbDlADD7G0hYMb7mBnyL6zgGbp/owxmmIIMcpLbtRaxfb3sLJmwjHOuvWZquC7jTwDM5GPtj
 Vd8uc6bpMa9KiON0wxIVH3Sa59EQvwRkrwBG4Nkx0wqrJzrU/
X-Google-Smtp-Source: AGHT+IG1Bbm+NScNR44L3xYk+XJElDe0X3SCRMfpYHvQq/7a/R/8X2RkyD41nXrgCg27oCsJ682WlJkNCbeG
X-Received: by 2002:a05:6102:b09:b0:49b:facb:15f0 with SMTP id
 ada2fe7eead31-4a2d7f2df2bmr4775365137.12.1727511447925; 
 Sat, 28 Sep 2024 01:17:27 -0700 (PDT)
Received: from postal.iol.unh.edu (postal.iol.unh.edu.
 [2606:4100:3880:1234::84]) by smtp-relay.gmail.com with ESMTPS id
 ada2fe7eead31-4a2b1d3e301sm109981137.1.2024.09.28.01.17.27
 (version=TLS1_2 cipher=ECDHE-ECDSA-AES128-GCM-SHA256 bits=128/128);
 Sat, 28 Sep 2024 01:17:27 -0700 (PDT)
X-Relaying-Domain: iol.unh.edu
Date: Sat, 28 Sep 2024 01:17:27 -0700 (PDT)
Message-ID: <66f7bb97.050a0220.3d72d5.807eSMTPIN_ADDED_MISSING@mx.google.com>
Received: from [172.21.0.2] (unknown [172.18.0.240])
 by postal.iol.unh.edu (Postfix) with ESMTP id 861BD6051839;
 Sat, 28 Sep 2024 04:17:27 -0400 (EDT)
Subject: |FAILURE| [GIT MASTER] d20fd65f258afb5b572fe686b7d1032aeb95e079
From: dpdklab@iol.unh.edu
To: Test Report <test-report@dpdk.org>
Cc: dpdk-test-reports@iol.unh.edu, Xueming Li <xuemingl@nvidia.com>,
 Christian Ehrhardt <christian.ehrhardt@canonical.com>,
 Kevin Traynor <ktraynor@redhat.com>, Luca Boccassi <bluca@debian.org>
Content-Type: text/plain
X-BeenThere: test-report@dpdk.org
X-Mailman-Version: 2.1.29
Precedence: list
List-Id: automatic DPDK test reports <test-report.dpdk.org>
List-Unsubscribe: <https://mails.dpdk.org/options/test-report>,
 <mailto:test-report-request@dpdk.org?subject=unsubscribe>
List-Archive: <http://mails.dpdk.org/archives/test-report/>
List-Post: <mailto:test-report@dpdk.org>
List-Help: <mailto:test-report-request@dpdk.org?subject=help>
List-Subscribe: <https://mails.dpdk.org/listinfo/test-report>,
 <mailto:test-report-request@dpdk.org?subject=subscribe>
Errors-To: test-report-bounces@dpdk.org

_Testing issues_

Branch: tags/v21.11

d20fd65f258afb5b572fe686b7d1032aeb95e079 --> testing issues

Upstream job id: Generic-Unit-Test-DPDK#267288

Test environment and result as below:

+---------------------+----------------+
|     Environment     | dpdk_unit_test |
+=====================+================+
| Windows Server 2022 | PASS           |
+---------------------+----------------+
| CentOS Stream 9     | FAIL           |
+---------------------+----------------+
| Debian Bullseye     | PASS           |
+---------------------+----------------+
| Debian 12           | FAIL           |
+---------------------+----------------+
| Fedora 37           | FAIL           |
+---------------------+----------------+
| Fedora 38 (Clang)   | FAIL           |
+---------------------+----------------+
| Fedora 39           | FAIL           |
+---------------------+----------------+
| Fedora 38           | FAIL           |
+---------------------+----------------+
| Fedora 39 (Clang)   | FAIL           |
+---------------------+----------------+
| RHEL 7              | PASS           |
+---------------------+----------------+
| Fedora 40 (Clang)   | FAIL           |
+---------------------+----------------+
| Fedora 40           | FAIL           |
+---------------------+----------------+
| RHEL8               | PASS           |
+---------------------+----------------+
| RHEL9               | FAIL           |
+---------------------+----------------+
| Ubuntu 20.04        | PASS           |
+---------------------+----------------+
| Ubuntu 22.04        | FAIL           |
+---------------------+----------------+
| Ubuntu 24.04        | FAIL           |
+---------------------+----------------+

==== Unit test summary for Ubuntu 24.04 (dpdk_unit_test): ====
ninja: Entering directory `/home-local/jenkins-local/jenkins-agent/workspace/Generic-Unit-Test-DPDK/dpdk/build'
ninja: no work to do.
  1/101 DPDK:fast-tests / acl_autotest          OK       2.58 s 
  2/101 DPDK:fast-tests / atomic_autotest       OK       0.37 s 
  3/101 DPDK:fast-tests / bitmap_autotest       OK       0.17 s 
  4/101 DPDK:fast-tests / bpf_autotest          OK       0.17 s 
  5/101 DPDK:fast-tests / bpf_convert_autotest  OK       0.17 s 
  6/101 DPDK:fast-tests / bitops_autotest       OK       0.17 s 
  7/101 DPDK:fast-tests / byteorder_autotest    OK       0.17 s 
  8/101 DPDK:fast-tests / cksum_autotest        OK       0.17 s 
  9/101 DPDK:fast-tests / cmdline_autotest      OK       0.17 s 
 10/101 DPDK:fast-tests / common_autotest       OK       0.47 s 
 11/101 DPDK:fast-tests / cpuflags_autotest     OK       0.17 s 
 12/101 DPDK:fast-tests / debug_autotest        OK       0.67 s 
 13/101 DPDK:fast-tests / devargs_autotest      OK       0.17 s 
 14/101 DPDK:fast-tests / eal_flags_c_opt_autotest  OK       0.67 s 
 15/101 DPDK:fast-tests / eal_flags_main_opt_autotest  OK       0.27 s 
 16/101 DPDK:fast-tests / eal_flags_n_opt_autotest  OK       0.47 s 
 17/101 DPDK:fast-tests / eal_flags_hpet_autotest  OK       0.22 s 
 18/101 DPDK:fast-tests / eal_flags_no_huge_autotest  OK       0.47 s 
 19/101 DPDK:fast-tests / eal_flags_a_opt_autotest  OK       0.32 s 
 20/101 DPDK:fast-tests / eal_flags_b_opt_autotest  OK       0.27 s 
 21/101 DPDK:fast-tests / eal_flags_vdev_opt_autotest  OK       0.57 s 
 22/101 DPDK:fast-tests / eal_flags_r_opt_autotest  OK       0.27 s 
 23/101 DPDK:fast-tests / eal_flags_mem_autotest  OK       0.67 s 
 24/101 DPDK:fast-tests / eal_flags_file_prefix_autotest  OK       2.98 s 
 25/101 DPDK:fast-tests / eal_flags_misc_autotest  OK       1.72 s 
 26/101 DPDK:fast-tests / eal_fs_autotest       OK       0.17 s 
 27/101 DPDK:fast-tests / errno_autotest        OK       0.17 s 
 28/101 DPDK:fast-tests / ethdev_link_status    OK       0.17 s 
 29/101 DPDK:fast-tests / event_ring_autotest   OK       0.17 s 
 30/101 DPDK:fast-tests / fib_autotest          OK       0.67 s 
 31/101 DPDK:fast-tests / fib6_autotest         OK       0.67 s 
 32/101 DPDK:fast-tests / func_reentrancy_autotest  OK       0.57 s 
 33/101 DPDK:fast-tests / flow_classify_autotest  OK       0.17 s 
 34/101 DPDK:fast-tests / graph_autotest        OK       0.17 s 
 35/101 DPDK:fast-tests / hash_autotest         OK       0.27 s 
 36/101 DPDK:fast-tests / interrupt_autotest    OK       1.17 s 
 37/101 DPDK:fast-tests / ipfrag_autotest       OK       0.17 s 
 38/101 DPDK:fast-tests / lcores_autotest       OK       1.42 s 
 39/101 DPDK:fast-tests / logs_autotest         OK       0.17 s 
 40/101 DPDK:fast-tests / lpm_autotest          OK       3.43 s 
 41/101 DPDK:fast-tests / lpm6_autotest         OK       4.74 s 
 42/101 DPDK:fast-tests / malloc_autotest       OK       0.47 s 
 43/101 DPDK:fast-tests / mbuf_autotest         OK       0.22 s 
 44/101 DPDK:fast-tests / mcslock_autotest      OK       0.47 s 
 45/101 DPDK:fast-tests / memcpy_autotest       OK       1.78 s 
 46/101 DPDK:fast-tests / memory_autotest       OK       0.17 s 
 47/101 DPDK:fast-tests / mempool_autotest      OK       0.42 s 
 48/101 DPDK:fast-tests / memzone_autotest      OK       0.17 s 
 49/101 DPDK:fast-tests / meter_autotest        OK       0.17 s 
 50/101 DPDK:fast-tests / multiprocess_autotest  OK       0.27 s 
 51/101 DPDK:fast-tests / node_list_dump        OK       0.17 s 
 52/101 DPDK:fast-tests / per_lcore_autotest    OK       0.27 s 
 53/101 DPDK:fast-tests / pflock_autotest       OK       0.27 s 
 54/101 DPDK:fast-tests / prefetch_autotest     OK       0.17 s 
 55/101 DPDK:fast-tests / rcu_qsbr_autotest     OK       0.27 s 
 56/101 DPDK:fast-tests / pie_autotest          OK       0.17 s 
 57/101 DPDK:fast-tests / rib_autotest          OK       4.13 s 
 58/101 DPDK:fast-tests / rib6_autotest         OK       4.14 s 
 59/101 DPDK:fast-tests / ring_autotest         OK       0.17 s 
 60/101 DPDK:fast-tests / rwlock_test1_autotest  OK       0.27 s 
 61/101 DPDK:fast-tests / rwlock_rda_autotest   OK       5.18 s 
 62/101 DPDK:fast-tests / rwlock_rds_wrm_autotest  OK       5.18 s 
 63/101 DPDK:fast-tests / rwlock_rde_wro_autotest  OK       5.18 s 
 64/101 DPDK:fast-tests / sched_autotest        OK       0.17 s 
 65/101 DPDK:fast-tests / security_autotest     OK       0.17 s 
 66/101 DPDK:fast-tests / spinlock_autotest     OK       0.17 s 
 67/101 DPDK:fast-tests / stack_autotest        OK       0.22 s 
 68/101 DPDK:fast-tests / stack_lf_autotest     OK       0.27 s 
 69/101 DPDK:fast-tests / string_autotest       OK       0.17 s 
 70/101 DPDK:fast-tests / table_autotest        OK       5.94 s 
 71/101 DPDK:fast-tests / tailq_autotest        OK       0.17 s 
 72/101 DPDK:fast-tests / ticketlock_autotest   OK       0.17 s 
 73/101 DPDK:fast-tests / timer_autotest        OK       2.52 s 
 74/101 DPDK:fast-tests / user_delay_us         OK       0.17 s 
 75/101 DPDK:fast-tests / version_autotest      OK       0.17 s 
 76/101 DPDK:fast-tests / crc_autotest          OK       0.17 s 
 77/101 DPDK:fast-tests / distributor_autotest  OK       0.87 s 
 78/101 DPDK:fast-tests / eventdev_common_autotest  OK       0.17 s 
 79/101 DPDK:fast-tests / fbarray_autotest      OK       0.17 s 
 80/101 DPDK:fast-tests / hash_readwrite_func_autotest  SKIP     0.17 s 
 81/101 DPDK:fast-tests / ipsec_autotest        SKIP     0.17 s 
 82/101 DPDK:fast-tests / kni_autotest          SKIP     0.17 s 
 83/101 DPDK:fast-tests / kvargs_autotest       OK       0.17 s 
 84/101 DPDK:fast-tests / member_autotest       OK       0.17 s 
 85/101 DPDK:fast-tests / power_cpufreq_autotest  SKIP     0.17 s 
 86/101 DPDK:fast-tests / power_autotest        OK       0.17 s 
 87/101 DPDK:fast-tests / power_kvm_vm_autotest  SKIP     0.17 s 
 88/101 DPDK:fast-tests / reorder_autotest      OK       0.22 s 
 89/101 DPDK:fast-tests / service_autotest      OK       1.07 s 
 90/101 DPDK:fast-tests / thash_autotest        OK       0.17 s 
 91/101 DPDK:fast-tests / trace_autotest        OK       0.17 s 
 92/101 DPDK:fast-tests / metrics_autotest      OK       0.17 s 
 93/101 DPDK:fast-tests / telemetry_json_autotest  OK       0.17 s 
 94/101 DPDK:fast-tests / telemetry_data_autotest  OK       0.17 s 
 95/101 DPDK:fast-tests / ring_pmd_autotest     OK       0.17 s 
 96/101 DPDK:fast-tests / event_eth_tx_adapter_autotest  OK       0.47 s 
 97/101 DPDK:fast-tests / bitratestats_autotest  OK       0.17 s 
 98/101 DPDK:fast-tests / latencystats_autotest  OK       0.17 s 
 99/101 DPDK:fast-tests / pdump_autotest        OK       5.24 s 
100/101 DPDK:fast-tests / vdev_autotest         OK       0.17 s 
101/101 DPDK:fast-tests / compressdev_autotest  SKIP     0.17 s 

Ok:                   95
Expected Fail:         0
Fail:                  0
Unexpected Pass:       0
Skipped:               6
Timeout:               0

Full log written to /home-local/jenkins-local/jenkins-agent/workspace/Generic-Unit-Test-DPDK/dpdk/build/meson-logs/testlog.txt
ninja: Entering directory `/home-local/jenkins-local/jenkins-agent/workspace/Generic-Unit-Test-DPDK/dpdk/build'
ninja: no work to do.
1/2 DPDK:driver-tests / cryptodev_openssl_autotest  FAIL     0.47 s (exit status 255 or signal 127 SIGinvalid)
2/2 DPDK:driver-tests / cryptodev_openssl_asym_autotest  OK       0.17 s 

Ok:                    1
Expected Fail:         0
Fail:                  1
Unexpected Pass:       0
Skipped:               0
Timeout:               0

Full log written to /home-local/jenkins-local/jenkins-agent/workspace/Generic-Unit-Test-DPDK/dpdk/build/meson-logs/testlog.txt



Test log output from the failed test cryptodev_openssl_autotest:

Sorry, we were not able to find the logs for this test.
Download the log output from the CI site for this test run.
==== End log output ====

Windows Server 2022
	Kernel: 10.0.20348.2031
	Compiler: clang 15.0.7, gcc 14.1.0 (MinGW), and MSVC VS 19.39.33521

CentOS Stream 9
	Kernel: Depends on container host
	Compiler: gcc 11.4.1 20231218 (Red Hat 11.4.1-3)

Debian Bullseye
	Kernel: Depends on container host
	Compiler: gcc (Debian 10.2.1-6) 10.2.1 20210110

Debian 12
	Kernel: Depends on container host
	Compiler: gcc (Debian 12.2.0-14) 12.2.0

Fedora 37
	Kernel: Depends on container host system
	Compiler: gcc 12.3.1 20230508 (Red Hat 12.3.1-1)

Fedora 38 (Clang)
	Kernel: Depends on container host
	Compiler: clang 16.0.6 (Fedora 16.0.6-4.fc38)

Fedora 39
	Kernel: Depends on container host
	Compiler: gcc 13.3.1 20240522 (Red Hat 13.3.1-1)

Fedora 38
	Kernel: Depends on container host
	Compiler: gcc 13.2.1 20240316 (Red Hat 13.2.1-7)

Fedora 39 (Clang)
	Kernel: Depends on container host
	Compiler: clang 17.0.6 (Fedora 17.0.6-2.fc39)

RHEL 7
	Kernel: Depends on container host
	Compiler: gcc 4.8.5 20150623 (Red Hat 4.8.5-44)

Fedora 40 (Clang)
	Kernel: Depends on container host
	Compiler: clang 18.1.6 (Fedora 18.1.6-3.fc40)

Fedora 40
	Kernel: Depends on container host
	Compiler: gcc 14.2.1 20240801 (Red Hat 14.2.1-1)

RHEL8
	Kernel: Depends on container host
	Compiler: gcc 8.5.0 20210514 (Red Hat 8.5.0-22)

RHEL9
	Kernel: Depends on container host
	Compiler: gcc 11.4.1 20231218 (Red Hat 11.4.1-3)

Ubuntu 20.04
	Kernel: Depends on container host
	Compiler: gcc (Ubuntu 9.4.0-1ubuntu1~20.04.2) 9.4.0

Ubuntu 22.04
	Kernel: Depends on container host
	Compiler: gcc (Ubuntu 11.4.0-1ubuntu1~22.04) 11.4.0

Ubuntu 24.04
	Kernel: Depends on container host
	Compiler: gcc (Ubuntu 13.2.0-23ubuntu4) 13.2.0

To view detailed results, visit:
https://lab.dpdk.org/results/dashboard/tarballs/30758/

UNH-IOL DPDK Community Lab

To manage your email subscriptions, visit: 
https://lab.dpdk.org/results/dashboard/preferences/subscriptions/