From mboxrd@z Thu Jan  1 00:00:00 1970
Return-Path: <test-report-bounces@dpdk.org>
Received: from mails.dpdk.org (mails.dpdk.org [217.70.189.124])
	by inbox.dpdk.org (Postfix) with ESMTP id 1495F45A53
	for <public@inbox.dpdk.org>; Sun, 29 Sep 2024 00:48:35 +0200 (CEST)
Received: from mails.dpdk.org (localhost [127.0.0.1])
	by mails.dpdk.org (Postfix) with ESMTP id 0F2DD4027F;
	Sun, 29 Sep 2024 00:48:35 +0200 (CEST)
Received: from mail-qv1-f100.google.com (mail-qv1-f100.google.com
 [209.85.219.100])
 by mails.dpdk.org (Postfix) with ESMTP id D159E4027D
 for <test-report@dpdk.org>; Sun, 29 Sep 2024 00:48:30 +0200 (CEST)
Received: by mail-qv1-f100.google.com with SMTP id
 6a1803df08f44-6cb2cba60e1so17444736d6.3
 for <test-report@dpdk.org>; Sat, 28 Sep 2024 15:48:30 -0700 (PDT)
DKIM-Signature: v=1; a=rsa-sha256; c=relaxed/relaxed;
 d=iol.unh.edu; s=unh-iol; t=1727563710; x=1728168510; darn=dpdk.org;
 h=references:in-reply-to:cc:to:from:subject:message-id:date:from:to
 :cc:subject:date:message-id:reply-to;
 bh=Jwb4Bq3Pj3hwnmd3ccdN14s37Yw1mGJPbNDjn3QDRTc=;
 b=GOcuuI6HbS3h+DpdBZLW3lOd8Q7w/nf8rYw6a1VzG0bYimieghUzHeYHLWk5+S+mkk
 5wpN3/XAQ5MJt/Ewqp3/7BjLnjahWZoAF+dvYYfB/nDmBGd5r7Ki3i0UBUlS/7uSs0DF
 gjNXy2uo0zjrSsCYrzMJ3HItMhWCl9dgcZr0s=
X-Google-DKIM-Signature: v=1; a=rsa-sha256; c=relaxed/relaxed;
 d=1e100.net; s=20230601; t=1727563710; x=1728168510;
 h=references:in-reply-to:cc:to:from:subject:message-id:date
 :x-gm-message-state:from:to:cc:subject:date:message-id:reply-to;
 bh=Jwb4Bq3Pj3hwnmd3ccdN14s37Yw1mGJPbNDjn3QDRTc=;
 b=FBpP5u+PZJaZz0w5edfn/lR+izLe2EKa22h1rl9gpPPouZRh50q1MxRoDd3h0nWepz
 d0XWG4UD3xD2aLEELrjs3ESUlrjUhFGoTsaTF06A0F7FmCC8kFqFnGRT4vHExFjiqTdf
 OSDh3gSG6Cy4rVJGS8r+m4KGgtCiJ9yFMerMh6vuQr/k8Hu/m/E8kWZtYtOCNDbbvnRk
 Sk8vjsJ/Gtgvi4E2PLVY6DA6jfj5C797hpeoPuB8lpeUCZh+Wq6j1lFkXNZApRvshkOd
 bvQMb1KYpkxFnKzVPOdAJvjXNHsixkL8IBSe1O0o/M6EXXt1R9fUIoniFjp/gVHvL4kb
 DMVQ==
X-Gm-Message-State: AOJu0YyfRH3ubaIrsAr3iAUrZQxfw6rK2Ls3riPERZVJqh74DgTcErT7
 8+J4RvtoL9yitGC9NX4/R8uMGoCod/aSDgk4RgsKyBS+UI85XWgsDY7/xbPZG/YGs3BV1MMw8Iu
 Xm5gx6+OLD1Gzg2diQ0BoKbsqIy8baNVDTihdTj0K
X-Google-Smtp-Source: AGHT+IHqIUbfbyoAG1whleNv9vwPlL3l7ucADFHDmP7in33JaZ7RI0AVN7kGi5S4LpsBwdwGsZn4pDLjYyqf
X-Received: by 2002:a05:6214:5f03:b0:6c7:c650:9859 with SMTP id
 6a1803df08f44-6cb3b64c7d3mr125685596d6.47.1727563710171; 
 Sat, 28 Sep 2024 15:48:30 -0700 (PDT)
Received: from postal.iol.unh.edu (postal.iol.unh.edu. [132.177.123.84])
 by smtp-relay.gmail.com with ESMTPS id
 6a1803df08f44-6cb3b682e32sm1362386d6.57.2024.09.28.15.48.30
 (version=TLS1_2 cipher=ECDHE-ECDSA-AES128-GCM-SHA256 bits=128/128);
 Sat, 28 Sep 2024 15:48:30 -0700 (PDT)
X-Relaying-Domain: iol.unh.edu
Date: Sat, 28 Sep 2024 15:48:30 -0700 (PDT)
Message-ID: <66f887be.0c0a0220.1df0b.a1bcSMTPIN_ADDED_MISSING@mx.google.com>
Received: from [172.21.0.4] (unknown [172.18.0.240])
 by postal.iol.unh.edu (Postfix) with ESMTP id D6D8F605C351;
 Sat, 28 Sep 2024 18:48:29 -0400 (EDT)
Subject: |FAILURE| pw144592-144607 [PATCH] [v2,16/16] eal: add alloc_function
From: dpdklab@iol.unh.edu
To: Test Report <test-report@dpdk.org>
Cc: dpdk-test-reports@iol.unh.edu,
 Stephen Hemminger <stephen@networkplumber.org>
In-Reply-To: <20240928164814.861933-17-stephen@networkplumber.org>
References: <20240928164814.861933-17-stephen@networkplumber.org>
Content-Type: text/plain
X-BeenThere: test-report@dpdk.org
X-Mailman-Version: 2.1.29
Precedence: list
List-Id: automatic DPDK test reports <test-report.dpdk.org>
List-Unsubscribe: <https://mails.dpdk.org/options/test-report>,
 <mailto:test-report-request@dpdk.org?subject=unsubscribe>
List-Archive: <http://mails.dpdk.org/archives/test-report/>
List-Post: <mailto:test-report@dpdk.org>
List-Help: <mailto:test-report-request@dpdk.org?subject=help>
List-Subscribe: <https://mails.dpdk.org/listinfo/test-report>,
 <mailto:test-report-request@dpdk.org?subject=subscribe>
Errors-To: test-report-bounces@dpdk.org

Test-Label: iol-unit-amd64-testing
Test-Status: FAILURE
http://dpdk.org/patch/144607

_Testing issues_

Submitter: Stephen Hemminger <stephen@networkplumber.org>
Date: Saturday, September 28 2024 16:47:24 
DPDK git baseline: Repo:dpdk
  Branch: master
  CommitID:bf0ff8df59c7e32f95c0b542cc4a7918f8a3da84

144592-144607 --> testing issues

Upstream job id: Generic-Unit-Test-DPDK#267445

Test environment and result as below:

+---------------------+----------------+
|     Environment     | dpdk_unit_test |
+=====================+================+
| Windows Server 2022 | PASS           |
+---------------------+----------------+
| CentOS Stream 9     | PEND           |
+---------------------+----------------+
| Debian Bullseye     | PEND           |
+---------------------+----------------+
| Debian 12           | WARN           |
+---------------------+----------------+
| Fedora 37           | WARN           |
+---------------------+----------------+
| Fedora 38           | PEND           |
+---------------------+----------------+
| Fedora 38 (Clang)   | PEND           |
+---------------------+----------------+
| Fedora 39           | PEND           |
+---------------------+----------------+
| Fedora 39 (Clang)   | PEND           |
+---------------------+----------------+
| Fedora 40           | PEND           |
+---------------------+----------------+
| Fedora 40 (Clang)   | PEND           |
+---------------------+----------------+
| RHEL8               | PEND           |
+---------------------+----------------+
| RHEL9               | PEND           |
+---------------------+----------------+
| Ubuntu 20.04        | PEND           |
+---------------------+----------------+
| Ubuntu 22.04        | PEND           |
+---------------------+----------------+
| Ubuntu 24.04        | PEND           |
+---------------------+----------------+

==== 20 line log output for Fedora 37 (dpdk_unit_test): ====
[2581/2933] Generating rte_baseband_fpga_5gnr_fec.pmd.c with a custom command.
[2582/2933] Compiling C object 'drivers/a715181@@rte_baseband_fpga_5gnr_fec@sta/meson-generated_.._rte_baseband_fpga_5gnr_fec.pmd.c.o'.
[2583/2933] Linking static target drivers/librte_baseband_fpga_5gnr_fec.a.
[2584/2933] Compiling C object 'drivers/a715181@@tmp_rte_baseband_la12xx@sta/baseband_la12xx_bbdev_la12xx.c.o'.
FAILED: drivers/a715181@@tmp_rte_baseband_la12xx@sta/baseband_la12xx_bbdev_la12xx.c.o
ccache cc -Idrivers/a715181@@tmp_rte_baseband_la12xx@sta -Idrivers -I../drivers -Idrivers/baseband/la12xx -I../drivers/baseband/la12xx -Ilib/bbdev -I../lib/bbdev -I. -I../ -Iconfig -I../config -Ilib/eal/include -I../lib/eal/include -Ilib/eal/linux/include -I../lib/eal/linux/include -Ilib/eal/x86/include -I../lib/eal/x86/include -Ilib/eal/common -I../lib/eal/common -Ilib/eal -I../lib/eal -Ilib/kvargs -I../lib/kvargs -Ilib/log -I../lib/log -Ilib/telemetry/../metrics -I../lib/telemetry/../metrics -Ilib/telemetry -I../lib/telemetry -Ilib/mbuf -I../lib/mbuf -Ilib/mempool -I../lib/mempool -Ilib/ring -I../lib/ring -Idrivers/bus/vdev -I../drivers/bus/vdev -fdiagnostics-color=always -pipe -D_FILE_OFFSET_BITS=64 -Wall -Winvalid-pch -Wextra -Werror -std=c11 -O3 -include rte_config.h -Wcast-qual -Wdeprecated -Wformat -Wformat-nonliteral -Wformat-security -Wmissing-declarations -Wmissing-prototypes -Wnested-externs -Wold-style-definition -Wpointer-arith -Wsign-compare -Wstrict-prototypes -Wundef 
 -Wwrite-strings -Wno-address-of-packed-member -Wno-packed-not-aligned -Wno-missing-field-initializers -Wno-zero-length-bounds -D_GNU_SOURCE -fPIC -march=native -mrtm -DALLOW_EXPERIMENTAL_API -DALLOW_INTERNAL_API -Wno-format-truncation -DRTE_LOG_DEFAULT_LOGTYPE=pmd.bb.la12xx -MD -MQ 'drivers/a715181@@tmp_rte_baseband_la12xx@sta/baseband_la12xx_bbdev_la12xx.c.o' -MF 'drivers/a715181@@tmp_rte_baseband_la12xx@sta/baseband_la12xx_bbdev_la12xx.c.o.d' -o 'drivers/a715181@@tmp_rte_baseband_la12xx@sta/baseband_la12xx_bbdev_la12xx.c.o' -c ../drivers/baseband/la12xx/bbdev_la12xx.c
In function 'setup_la12xx_dev',
inlined from 'la12xx_bbdev_create' at ../drivers/baseband/la12xx/bbdev_la12xx.c:1029:8,
inlined from 'la12xx_bbdev_probe' at ../drivers/baseband/la12xx/bbdev_la12xx.c:1075:9:
../drivers/baseband/la12xx/bbdev_la12xx.c:901:9: error: pointer 'hp_info' may be used after 'rte_free' [-Werror=use-after-free]
901 |         rte_free(hp);
|         ^~~~~~~~~~~~
../drivers/baseband/la12xx/bbdev_la12xx.c:791:17: note: call to 'rte_free' here
791 |                 rte_free(hp);
|                 ^~~~~~~~~~~~
cc1: all warnings being treated as errors
[2585/2933] Generating rte_baseband_fpga_5gnr_fec.sym_chk with a meson_exe.py custom command.
[2586/2933] Generating rte_baseband_fpga_lte_fec.sym_chk with a meson_exe.py custom command.
[2587/2933] Compiling C object 'drivers/a715181@@tmp_rte_baseband_acc@sta/baseband_acc_rte_vrb_pmd.c.o'.
ninja: build stopped: subcommand failed.
==== End log output ====

Windows Server 2022
	Kernel: 10.0.20348.2031
	Compiler: clang 15.0.7, gcc 14.1.0 (MinGW), and MSVC VS 19.39.33521

CentOS Stream 9
	Kernel: Depends on container host
	Compiler: gcc 11.4.1 20231218 (Red Hat 11.4.1-3)

Debian Bullseye
	Kernel: Depends on container host
	Compiler: gcc (Debian 10.2.1-6) 10.2.1 20210110

Debian 12
	Kernel: Depends on container host
	Compiler: gcc (Debian 12.2.0-14) 12.2.0

Fedora 37
	Kernel: Depends on container host system
	Compiler: gcc 12.3.1 20230508 (Red Hat 12.3.1-1)

Fedora 38
	Kernel: Depends on container host
	Compiler: gcc 13.2.1 20240316 (Red Hat 13.2.1-7)

Fedora 38 (Clang)
	Kernel: Depends on container host
	Compiler: clang 16.0.6 (Fedora 16.0.6-4.fc38)

Fedora 39
	Kernel: Depends on container host
	Compiler: gcc 13.3.1 20240522 (Red Hat 13.3.1-1)

Fedora 39 (Clang)
	Kernel: Depends on container host
	Compiler: clang 17.0.6 (Fedora 17.0.6-2.fc39)

Fedora 40
	Kernel: Depends on container host
	Compiler: gcc 14.2.1 20240801 (Red Hat 14.2.1-1)

Fedora 40 (Clang)
	Kernel: Depends on container host
	Compiler: clang 18.1.6 (Fedora 18.1.6-3.fc40)

RHEL8
	Kernel: Depends on container host
	Compiler: gcc 8.5.0 20210514 (Red Hat 8.5.0-22)

RHEL9
	Kernel: Depends on container host
	Compiler: gcc 11.4.1 20231218 (Red Hat 11.4.1-3)

Ubuntu 20.04
	Kernel: Depends on container host
	Compiler: gcc (Ubuntu 9.4.0-1ubuntu1~20.04.2) 9.4.0

Ubuntu 22.04
	Kernel: Depends on container host
	Compiler: gcc (Ubuntu 11.4.0-1ubuntu1~22.04) 11.4.0

Ubuntu 24.04
	Kernel: Depends on container host
	Compiler: gcc (Ubuntu 13.2.0-23ubuntu4) 13.2.0

To view detailed results, visit:
https://lab.dpdk.org/results/dashboard/patchsets/31168/

UNH-IOL DPDK Community Lab

To manage your email subscriptions, visit: 
https://lab.dpdk.org/results/dashboard/preferences/subscriptions/