From mboxrd@z Thu Jan  1 00:00:00 1970
Return-Path: <test-report-bounces@dpdk.org>
Received: from mails.dpdk.org (mails.dpdk.org [217.70.189.124])
	by inbox.dpdk.org (Postfix) with ESMTP id 82ACC45A7A
	for <public@inbox.dpdk.org>; Tue,  1 Oct 2024 14:51:22 +0200 (CEST)
Received: from mails.dpdk.org (localhost [127.0.0.1])
	by mails.dpdk.org (Postfix) with ESMTP id 7D46B4027E;
	Tue,  1 Oct 2024 14:51:22 +0200 (CEST)
Received: from mail-io1-f99.google.com (mail-io1-f99.google.com
 [209.85.166.99]) by mails.dpdk.org (Postfix) with ESMTP id 582374027C
 for <test-report@dpdk.org>; Tue,  1 Oct 2024 14:51:21 +0200 (CEST)
Received: by mail-io1-f99.google.com with SMTP id
 ca18e2360f4ac-82aef2c1e5fso207982339f.1
 for <test-report@dpdk.org>; Tue, 01 Oct 2024 05:51:21 -0700 (PDT)
DKIM-Signature: v=1; a=rsa-sha256; c=relaxed/relaxed;
 d=iol.unh.edu; s=unh-iol; t=1727787080; x=1728391880; darn=dpdk.org;
 h=references:in-reply-to:cc:to:from:subject:message-id:date:from:to
 :cc:subject:date:message-id:reply-to;
 bh=T9E925mrB6qM1puK2WabKzt7e9rOsxVSt+DKxp0ZjiU=;
 b=PFaWS3t5PRXnQ1Se0Lp1sew2wb9yEA3RPO4zpR+K6Kto18bJEUep37rM55+sD59mFH
 R8n+tfPgsXIvPY+k0cI15+CqCZNtjemSzX9/5p7hboP2VamEjulqKHd2QobTNze5rXf9
 +ZBNrc0M/+GHQI4tQfRogpFjHo8vWuBQslQ5Q=
X-Google-DKIM-Signature: v=1; a=rsa-sha256; c=relaxed/relaxed;
 d=1e100.net; s=20230601; t=1727787080; x=1728391880;
 h=references:in-reply-to:cc:to:from:subject:message-id:date
 :x-gm-message-state:from:to:cc:subject:date:message-id:reply-to;
 bh=T9E925mrB6qM1puK2WabKzt7e9rOsxVSt+DKxp0ZjiU=;
 b=VSdXntGp0FODuC7iQbLdkA2iUuxA3MbQyiCVjblIabsxz8f80igPjfh16xUp/TSn6A
 93Bb8p2sO4UcUtohxXCt9aPq28RndbiHQ4fKIDQOIK+sa/MSnZ05nh3SvLin4CbQR9LT
 3tRTvd/EJeUSsYNy424p8kMwbLEeKvPbBf+FPzhHAyA+BhNn5HkqWrV2aIs20Tmd3rar
 +OmhdIdRGzrEx+aY0g8/U8qbmOKJnleN85bHKtjUR0l2atho3OhwAXQiXvcg36igfdBj
 0B6E+FiVcR7gdSR3WeObIHAhsksHkORBFm7VfeO+WxFeodyyBxDFqWr48UUne02J+NDu
 kYvQ==
X-Gm-Message-State: AOJu0YznoacDgv4Y5iYu6pe1m3qJ4fDKiDakr1xBFS1uRCQXgbZH9WX2
 YLuKLxAafjdekXx5VKC+0tEun3SSNnndv3gFZDe24bYH0OvJYXhFuPlnx9UMxVLRL31ktdHiScc
 Dck30zmcQnITWq5tPfiwf9b3QcpUqK06amfIDj+Td
X-Google-Smtp-Source: AGHT+IGd0nwzj1O/2/D2RpMUl4O+CYr7l+Hp7TwmQ4V1YGaN2wAim39zlN8ZJu5yNLvK94g0+zEgiyrqZP4h
X-Received: by 2002:a05:6602:14c6:b0:82d:d07:daaa with SMTP id
 ca18e2360f4ac-834931d40abmr1296409239f.4.1727787080593; 
 Tue, 01 Oct 2024 05:51:20 -0700 (PDT)
Received: from postal.iol.unh.edu (postal.iol.unh.edu. [132.177.123.84])
 by smtp-relay.gmail.com with ESMTPS id
 8926c6da1cb9f-4d8888b457csm380633173.84.2024.10.01.05.51.20
 (version=TLS1_2 cipher=ECDHE-ECDSA-AES128-GCM-SHA256 bits=128/128);
 Tue, 01 Oct 2024 05:51:20 -0700 (PDT)
X-Relaying-Domain: iol.unh.edu
Date: Tue, 01 Oct 2024 05:51:20 -0700 (PDT)
Message-ID: <66fbf048.050a0220.231a56.d04fSMTPIN_ADDED_MISSING@mx.google.com>
Received: from [172.21.0.4] (unknown [172.18.0.240])
 by postal.iol.unh.edu (Postfix) with ESMTP id 101656050A6B;
 Tue,  1 Oct 2024 08:51:20 -0400 (EDT)
Subject: |FAILURE| pw144785-144790 [PATCH] [v3,6/6] examples: use eventdev pr
From: dpdklab@iol.unh.edu
To: Test Report <test-report@dpdk.org>
Cc: dpdk-test-reports@iol.unh.edu,
 Pavan Nikhilesh Bhagavatula <pbhagavatula@marvell.com>
In-Reply-To: <20241001061411.2537-7-pbhagavatula@marvell.com>
References: <20241001061411.2537-7-pbhagavatula@marvell.com>
Content-Type: text/plain
X-BeenThere: test-report@dpdk.org
X-Mailman-Version: 2.1.29
Precedence: list
List-Id: automatic DPDK test reports <test-report.dpdk.org>
List-Unsubscribe: <https://mails.dpdk.org/options/test-report>,
 <mailto:test-report-request@dpdk.org?subject=unsubscribe>
List-Archive: <http://mails.dpdk.org/archives/test-report/>
List-Post: <mailto:test-report@dpdk.org>
List-Help: <mailto:test-report-request@dpdk.org?subject=help>
List-Subscribe: <https://mails.dpdk.org/listinfo/test-report>,
 <mailto:test-report-request@dpdk.org?subject=subscribe>
Errors-To: test-report-bounces@dpdk.org

Test-Label: iol-unit-amd64-testing
Test-Status: FAILURE
http://dpdk.org/patch/144790

_Testing issues_

Submitter: Pavan Nikhilesh Bhagavatula <pbhagavatula@marvell.com>
Date: Tuesday, October 01 2024 06:14:11 
DPDK git baseline: Repo:dpdk
  Branch: master
  CommitID:52a4028e4c33df32c691aa88751a659534b9ef02

144785-144790 --> testing issues

Upstream job id: Generic-Unit-Test-DPDK#268472

Test environment and result as below:

+---------------------+----------------+
|     Environment     | dpdk_unit_test |
+=====================+================+
| Windows Server 2022 | PASS           |
+---------------------+----------------+
| CentOS Stream 9     | WARN           |
+---------------------+----------------+
| Debian Bullseye     | WARN           |
+---------------------+----------------+
| Fedora 37           | WARN           |
+---------------------+----------------+
| Debian 12           | WARN           |
+---------------------+----------------+
| Fedora 38           | WARN           |
+---------------------+----------------+
| Fedora 38 (Clang)   | WARN           |
+---------------------+----------------+
| Fedora 39           | WARN           |
+---------------------+----------------+
| Fedora 39 (Clang)   | WARN           |
+---------------------+----------------+
| Fedora 40           | WARN           |
+---------------------+----------------+
| Fedora 40 (Clang)   | WARN           |
+---------------------+----------------+
| RHEL8               | WARN           |
+---------------------+----------------+
| Ubuntu 20.04        | PEND           |
+---------------------+----------------+
| RHEL9               | WARN           |
+---------------------+----------------+
| Ubuntu 22.04        | WARN           |
+---------------------+----------------+
| Ubuntu 24.04        | PEND           |
+---------------------+----------------+

==== 20 line log output for Ubuntu 22.04 (dpdk_unit_test): ====
[2483/2940] Compiling C object 'drivers/a715181@@tmp_rte_event_cnxk@sta/event_cnxk_tx_cn9k_tx_all_offload.c.o'.
[2484/2940] Linking target drivers/librte_vdpa_sfc.so.25.0.
[2485/2940] Compiling C object 'drivers/a715181@@tmp_rte_event_cnxk@sta/event_cnxk_tx_cn10k_tx_all_offload.c.o'.
[2486/2940] Compiling C object 'drivers/a715181@@tmp_rte_event_cnxk@sta/event_cnxk_deq_cn10k_deq_all_offload.c.o'.
[2487/2940] Compiling C object 'drivers/a715181@@tmp_rte_event_cnxk@sta/event_cnxk_cn10k_worker.c.o'.
[2488/2940] Compiling C object 'drivers/a715181@@tmp_rte_event_dlb2@sta/event_dlb2_dlb2_iface.c.o'.
[2489/2940] Compiling C object 'drivers/a715181@@tmp_rte_event_dlb2@sta/event_dlb2_pf_dlb2_main.c.o'.
[2490/2940] Compiling C object 'drivers/a715181@@tmp_rte_event_dlb2@sta/event_dlb2_dlb2_xstats.c.o'.
[2491/2940] Compiling C object 'drivers/a715181@@tmp_rte_event_dlb2@sta/event_dlb2_dlb2.c.o'.
[2492/2940] Compiling C object 'drivers/a715181@@tmp_rte_event_cnxk@sta/event_cnxk_cn10k_eventdev.c.o'.
FAILED: drivers/a715181@@tmp_rte_event_cnxk@sta/event_cnxk_cn10k_eventdev.c.o
ccache cc -Idrivers/a715181@@tmp_rte_event_cnxk@sta -Idrivers -I../drivers -Idrivers/event/cnxk -I../drivers/event/cnxk -Ilib/eventdev -I../lib/eventdev -I. -I../ -Iconfig -I../config -Ilib/eal/include -I../lib/eal/include -Ilib/eal/linux/include -I../lib/eal/linux/include -Ilib/eal/x86/include -I../lib/eal/x86/include -Ilib/eal/common -I../lib/eal/common -Ilib/eal -I../lib/eal -Ilib/kvargs -I../lib/kvargs -Ilib/log -I../lib/log -Ilib/telemetry/../metrics -I../lib/telemetry/../metrics -Ilib/telemetry -I../lib/telemetry -Ilib/ring -I../lib/ring -Ilib/ethdev -I../lib/ethdev -Ilib/net -I../lib/net -Ilib/mbuf -I../lib/mbuf -Ilib/mempool -I../lib/mempool -Ilib/meter -I../lib/meter -Ilib/hash -I../lib/hash -Ilib/rcu -I../lib/rcu -Ilib/timer -I../lib/timer -Ilib/cryptodev -I../lib/cryptodev -Ilib/dmadev -I../lib/dmadev -Idrivers/bus/pci -I../drivers/bus/pci -I../drivers/bus/pci/linux -Ilib/pci -I../lib/pci -Idrivers/common/cnxk -I../drivers/common/cnxk -Idrivers/common/cnxk/../../bus/pci -I
 ../drivers/common/cnxk/../../bus/pci -Idrivers/common/cnxk/../../../lib/net -I../drivers/common/cnxk/../../../lib/net -Idrivers/common/cnxk/../../../lib/ethdev -I../drivers/common/cnxk/../../../lib/ethdev -Idrivers/common/cnxk/../../../lib/meter -I../drivers/common/cnxk/../../../lib/meter -Ilib/security -I../lib/security -Idrivers/net/cnxk -I../drivers/net/cnxk -Idrivers/bus/vdev -I../drivers/bus/vdev -Idrivers/mempool/cnxk -I../drivers/mempool/cnxk -Idrivers/crypto/cnxk -I../drivers/crypto/cnxk -Idrivers/crypto/cnxk/../../../lib/net -I../drivers/crypto/cnxk/../../../lib/net -Idrivers/crypto/cnxk/../../event/cnxk -I../drivers/crypto/cnxk/../../event/cnxk -Idrivers/dma/cnxk -I../drivers/dma/cnxk -Idrivers/dma/cnxk/../../event/cnxk -I../drivers/dma/cnxk/../../event/cnxk -fdiagnostics-color=always -pipe -D_FILE_OFFSET_BITS=64 -Wall -Winvalid-pch -Wextra -Werror -std=c11 -O3 -include rte_config.h -Wcast-qual -Wdeprecated -Wformat -Wformat-nonliteral -Wformat-security -Wmissing-declarati
 ons -Wmissing-prototypes -Wnested-externs -Wold-style-definition -Wpointer-arith -Wsign-compare -Wstrict-prototypes -Wundef -Wwrite-strings -Wno-address-of-packed-member -Wno-packed-not-aligned -Wno-missing-field-initializers -Wno-zero-length-bounds -D_GNU_SOURCE -fPIC -march=native -mrtm -DALLOW_EXPERIMENTAL_API -DALLOW_INTERNAL_API -Wno-format-truncation -flax-vector-conversions -Wno-strict-aliasing -DRTE_LOG_DEFAULT_LOGTYPE=pmd.event.cnxk -MD -MQ 'drivers/a715181@@tmp_rte_event_cnxk@sta/event_cnxk_cn10k_eventdev.c.o' -MF 'drivers/a715181@@tmp_rte_event_cnxk@sta/event_cnxk_cn10k_eventdev.c.o.d' -o 'drivers/a715181@@tmp_rte_event_cnxk@sta/event_cnxk_cn10k_eventdev.c.o' -c ../drivers/event/cnxk/cn10k_eventdev.c
../drivers/event/cnxk/cn10k_eventdev.c:22:1: error: 'cn10k_sso_hws_preschedule_modify' defined but not used [-Werror=unused-function]
22 | cn10k_sso_hws_preschedule_modify(void *port, rte_event_dev_preschedule_type_t type)
| ^~~~~~~~~~~~~~~~~~~~~~~~~~~~~~~~
cc1: all warnings being treated as errors
[2493/2940] Compiling C object 'drivers/a715181@@tmp_rte_event_dlb2@sta/event_dlb2_rte_pmd_dlb2.c.o'.
[2494/2940] Compiling C object 'drivers/a715181@@tmp_rte_event_dlb2@sta/event_dlb2_pf_dlb2_pf.c.o'.
[2495/2940] Compiling C object 'drivers/a715181@@tmp_rte_event_dlb2@sta/event_dlb2_pf_base_dlb2_resource.c.o'.
ninja: build stopped: subcommand failed.
==== End log output ====

Windows Server 2022
	Kernel: 10.0.20348.2031
	Compiler: clang 15.0.7, gcc 14.1.0 (MinGW), and MSVC VS 19.39.33521

CentOS Stream 9
	Kernel: Depends on container host
	Compiler: gcc 11.4.1 20231218 (Red Hat 11.4.1-3)

Debian Bullseye
	Kernel: Depends on container host
	Compiler: gcc (Debian 10.2.1-6) 10.2.1 20210110

Fedora 37
	Kernel: Depends on container host system
	Compiler: gcc 12.3.1 20230508 (Red Hat 12.3.1-1)

Debian 12
	Kernel: Depends on container host
	Compiler: gcc (Debian 12.2.0-14) 12.2.0

Fedora 38
	Kernel: Depends on container host
	Compiler: gcc 13.2.1 20240316 (Red Hat 13.2.1-7)

Fedora 38 (Clang)
	Kernel: Depends on container host
	Compiler: clang 16.0.6 (Fedora 16.0.6-4.fc38)

Fedora 39
	Kernel: Depends on container host
	Compiler: gcc 13.3.1 20240522 (Red Hat 13.3.1-1)

Fedora 39 (Clang)
	Kernel: Depends on container host
	Compiler: clang 17.0.6 (Fedora 17.0.6-2.fc39)

Fedora 40
	Kernel: Depends on container host
	Compiler: gcc 14.2.1 20240801 (Red Hat 14.2.1-1)

Fedora 40 (Clang)
	Kernel: Depends on container host
	Compiler: clang 18.1.6 (Fedora 18.1.6-3.fc40)

RHEL8
	Kernel: Depends on container host
	Compiler: gcc 8.5.0 20210514 (Red Hat 8.5.0-22)

Ubuntu 20.04
	Kernel: Depends on container host
	Compiler: gcc (Ubuntu 9.4.0-1ubuntu1~20.04.2) 9.4.0

RHEL9
	Kernel: Depends on container host
	Compiler: gcc 11.4.1 20231218 (Red Hat 11.4.1-3)

Ubuntu 22.04
	Kernel: Depends on container host
	Compiler: gcc (Ubuntu 11.4.0-1ubuntu1~22.04) 11.4.0

Ubuntu 24.04
	Kernel: Depends on container host
	Compiler: gcc (Ubuntu 13.2.0-23ubuntu4) 13.2.0

To view detailed results, visit:
https://lab.dpdk.org/results/dashboard/patchsets/31198/

UNH-IOL DPDK Community Lab

To manage your email subscriptions, visit: 
https://lab.dpdk.org/results/dashboard/preferences/subscriptions/