From mboxrd@z Thu Jan  1 00:00:00 1970
Return-Path: <test-report-bounces@dpdk.org>
Received: from mails.dpdk.org (mails.dpdk.org [217.70.189.124])
	by inbox.dpdk.org (Postfix) with ESMTP id 4C10D45A9D
	for <public@inbox.dpdk.org>; Wed,  2 Oct 2024 16:14:00 +0200 (CEST)
Received: from mails.dpdk.org (localhost [127.0.0.1])
	by mails.dpdk.org (Postfix) with ESMTP id 485104025E;
	Wed,  2 Oct 2024 16:14:00 +0200 (CEST)
Received: from mail-io1-f100.google.com (mail-io1-f100.google.com
 [209.85.166.100])
 by mails.dpdk.org (Postfix) with ESMTP id CFA7D4025C
 for <test-report@dpdk.org>; Wed,  2 Oct 2024 16:13:58 +0200 (CEST)
Received: by mail-io1-f100.google.com with SMTP id
 ca18e2360f4ac-82cdc21b5d8so353955539f.3
 for <test-report@dpdk.org>; Wed, 02 Oct 2024 07:13:58 -0700 (PDT)
DKIM-Signature: v=1; a=rsa-sha256; c=relaxed/relaxed;
 d=iol.unh.edu; s=unh-iol; t=1727878438; x=1728483238; darn=dpdk.org;
 h=references:in-reply-to:cc:to:from:subject:message-id:date:from:to
 :cc:subject:date:message-id:reply-to;
 bh=LRu6zNu4OsVjk7FqQB8ctcV/CgPI2fHN1v/Tiab1APk=;
 b=XuecwDihgX4+SRbT11hKXSZrv5LjoRp1Z+myG4l6mDhu7X2KwOjztyliiKGpA4/Cab
 RmDRAeR2Ynf82cRqJiqY6ja0jlSPQK09377vPPp1zF3kbGiR26VLpQBhpg2VPbQEprTW
 3M9KTcoW6H7S/cye8oXautBV6ES8JMMTKZt3g=
X-Google-DKIM-Signature: v=1; a=rsa-sha256; c=relaxed/relaxed;
 d=1e100.net; s=20230601; t=1727878438; x=1728483238;
 h=references:in-reply-to:cc:to:from:subject:message-id:date
 :x-gm-message-state:from:to:cc:subject:date:message-id:reply-to;
 bh=LRu6zNu4OsVjk7FqQB8ctcV/CgPI2fHN1v/Tiab1APk=;
 b=UxGZAmHmyQxxlFHYee6wRAoEtbPdAOBF0LD2+MIDKBmFSUS51gb9/PiLejXQXpw/k4
 iBXLHKob9OFccMv57bH40qxOQJlfqTrnG5458o7aESycsyE4rlRUCsfWQLO5SOVEAYBh
 uzEMEvzNhGDRTRn7tYihvO/H9ZaZHjijd9Iw9sUyFEX9FVu1RvqCE2qNQEvzzBS5XOKy
 tG3SPtzM1JuN21cv2z5VpFaEaor48K0CC+D5Huh4aLS89uflvLPL2PVkVYZuXSWrnxjY
 tK52kghTWSxssdQdgwuw3BpekP6rimfH+cGAUMQEyvorDx5RUnRjRRa73r4IYwXzyQ0L
 p70g==
X-Gm-Message-State: AOJu0Yx4VfVXVj3K5RpankSZmzPlyqzxLRnajnheGyuvrHmw/d8svihD
 xU0ypJLJNSAa5KSipabo9zk3LPDYy65vURVd5EQD6ot/cFNfVM8jiKJRZw/zIC8e6gMwBLfJuwq
 /eT4GgSA5x3RynZoJ4EVr+2H5wrG12CR5ztBZL8CphYQJJUKkVSxNG8h4
X-Google-Smtp-Source: AGHT+IE8iDifMlev3I2M19QXrrRNovu4jrQ1TBN9FpwboqJGeBAqEEmXu+WWwclVz7gOp8SNeFbrlKe1PUFZ
X-Received: by 2002:a05:6602:6014:b0:82d:79b:ee8d with SMTP id
 ca18e2360f4ac-834d8458c5cmr365273639f.4.1727878438138; 
 Wed, 02 Oct 2024 07:13:58 -0700 (PDT)
Received: from postal.iol.unh.edu (postal.iol.unh.edu.
 [2606:4100:3880:1234::84]) by smtp-relay.gmail.com with ESMTPS id
 8926c6da1cb9f-4d8888b3d74sm492537173.76.2024.10.02.07.13.58
 (version=TLS1_2 cipher=ECDHE-ECDSA-AES128-GCM-SHA256 bits=128/128);
 Wed, 02 Oct 2024 07:13:58 -0700 (PDT)
X-Relaying-Domain: iol.unh.edu
Date: Wed, 02 Oct 2024 07:13:58 -0700 (PDT)
Message-ID: <66fd5526.050a0220.c5226.574eSMTPIN_ADDED_MISSING@mx.google.com>
Received: from [172.17.0.2] (unknown [172.18.0.217])
 by postal.iol.unh.edu (Postfix) with ESMTP id A0B2E6050A6B;
 Wed,  2 Oct 2024 10:13:57 -0400 (EDT)
Subject: |WARNING| pw144734-144767 [PATCH] [v3,47/47] net/bnxt: tf_ulp: add s
From: dpdklab@iol.unh.edu
To: Test Report <test-report@dpdk.org>
Cc: dpdk-test-reports@iol.unh.edu
In-Reply-To: <20241001055833.757163-48-sriharsha.basavapatna@broadcom.com>
References: <20241001055833.757163-48-sriharsha.basavapatna@broadcom.com>
Content-Type: text/plain
X-BeenThere: test-report@dpdk.org
X-Mailman-Version: 2.1.29
Precedence: list
List-Id: automatic DPDK test reports <test-report.dpdk.org>
List-Unsubscribe: <https://mails.dpdk.org/options/test-report>,
 <mailto:test-report-request@dpdk.org?subject=unsubscribe>
List-Archive: <http://mails.dpdk.org/archives/test-report/>
List-Post: <mailto:test-report@dpdk.org>
List-Help: <mailto:test-report-request@dpdk.org?subject=help>
List-Subscribe: <https://mails.dpdk.org/listinfo/test-report>,
 <mailto:test-report-request@dpdk.org?subject=subscribe>
Errors-To: test-report-bounces@dpdk.org

Test-Label: iol-unit-amd64-testing
Test-Status: WARNING
http://dpdk.org/patch/144767

_Testing issues_

Submitter: Sriharsha Basavapatna <sriharsha.basavapatna@broadcom.com>
Date: Tuesday, October 01 2024 05:58:33 
DPDK git baseline: Repo:dpdk
  Branch: master
  CommitID:e4299cf61002cfd1bbad806c73cf6fa6ded9bc1c

144734-144767 --> testing issues

Upstream job id: Generic-Unit-Test-DPDK#269115

Test environment and result as below:

+---------------------+----------------+
|     Environment     | dpdk_unit_test |
+=====================+================+
| Windows Server 2022 | PASS           |
+---------------------+----------------+
| CentOS Stream 9     | PASS           |
+---------------------+----------------+
| Debian 12           | PASS           |
+---------------------+----------------+
| Debian Bullseye     | PASS           |
+---------------------+----------------+
| Fedora 37           | PASS           |
+---------------------+----------------+
| Fedora 38 (Clang)   | WARN           |
+---------------------+----------------+
| Fedora 38           | PASS           |
+---------------------+----------------+
| Fedora 39 (Clang)   | WARN           |
+---------------------+----------------+
| Fedora 39           | PASS           |
+---------------------+----------------+
| Fedora 40           | PASS           |
+---------------------+----------------+
| Fedora 40 (Clang)   | WARN           |
+---------------------+----------------+
| RHEL8               | PASS           |
+---------------------+----------------+
| Ubuntu 20.04        | PASS           |
+---------------------+----------------+
| RHEL9               | PASS           |
+---------------------+----------------+
| Ubuntu 22.04        | PASS           |
+---------------------+----------------+
| Ubuntu 24.04        | PASS           |
+---------------------+----------------+

==== 20 line log output for Fedora 40 (Clang) (dpdk_unit_test): ====
[1229/2979] Compiling C object 'drivers/a715181@@tmp_rte_net_bnxt@sta/net_bnxt_tf_core_tf_util.c.o'.
[1230/2979] Compiling C object 'drivers/a715181@@tmp_rte_net_bnxt@sta/net_bnxt_tf_core_tf_tcam_shared.c.o'.
[1231/2979] Compiling C object 'drivers/a715181@@tmp_rte_net_bnxt@sta/net_bnxt_tf_core_tf_tcam.c.o'.
[1232/2979] Compiling C object 'drivers/a715181@@tmp_rte_net_bnxt@sta/net_bnxt_tf_core_v3_tfc_cpm.c.o'.
[1233/2979] Compiling C object 'drivers/a715181@@tmp_rte_net_bnxt@sta/net_bnxt_tf_core_v3_tfc_global_id.c.o'.
[1234/2979] Compiling C object 'drivers/a715181@@tmp_rte_net_bnxt@sta/net_bnxt_tf_core_v3_tfc_em.c.o'.
FAILED: drivers/a715181@@tmp_rte_net_bnxt@sta/net_bnxt_tf_core_v3_tfc_em.c.o
clang -Idrivers/a715181@@tmp_rte_net_bnxt@sta -Idrivers -I../drivers -Idrivers/net/bnxt -I../drivers/net/bnxt -Idrivers/net/bnxt/tf_ulp -I../drivers/net/bnxt/tf_ulp -Idrivers/net/bnxt/tf_ulp/generic_templates -I../drivers/net/bnxt/tf_ulp/generic_templates -Idrivers/net/bnxt/tf_core -I../drivers/net/bnxt/tf_core -Idrivers/net/bnxt/tf_core/v3 -I../drivers/net/bnxt/tf_core/v3 -Idrivers/net/bnxt/hcapi/cfa -I../drivers/net/bnxt/hcapi/cfa -Idrivers/net/bnxt/hcapi/cfa_v3/./ -I../drivers/net/bnxt/hcapi/cfa_v3/./ -I../drivers/net/bnxt/hcapi/cfa_v3/./include -I../drivers/net/bnxt/hcapi/cfa_v3/./include/platform/dpdk/ -I../drivers/net/bnxt/hcapi/cfa_v3/./bld/p70 -I../drivers/net/bnxt/hcapi/cfa_v3/./bld/p70/host -I../drivers/net/bnxt/hcapi/cfa_v3/./bld/include -I../drivers/net/bnxt/hcapi/cfa_v3/./bld/include/host -I../drivers/net/bnxt/hcapi/cfa_v3/./bld/include/p70 -I../drivers/net/bnxt/hcapi/cfa_v3/./mm/include -I../drivers/net/bnxt/hcapi/cfa_v3/./tim/include -I../drivers/net/bnxt/hcapi/cfa_v3/
 ./tpm/include -Ilib/ethdev -I../lib/ethdev -I. -I../ -Iconfig -I../config -Ilib/eal/include -I../lib/eal/include -Ilib/eal/linux/include -I../lib/eal/linux/include -Ilib/eal/x86/include -I../lib/eal/x86/include -Ilib/eal/common -I../lib/eal/common -Ilib/eal -I../lib/eal -Ilib/kvargs -I../lib/kvargs -Ilib/log -I../lib/log -Ilib/telemetry/../metrics -I../lib/telemetry/../metrics -Ilib/telemetry -I../lib/telemetry -Ilib/net -I../lib/net -Ilib/mbuf -I../lib/mbuf -Ilib/mempool -I../lib/mempool -Ilib/ring -I../lib/ring -Ilib/meter -I../lib/meter -Idrivers/bus/pci -I../drivers/bus/pci -I../drivers/bus/pci/linux -Ilib/pci -I../lib/pci -Idrivers/bus/vdev -I../drivers/bus/vdev -Ilib/hash -I../lib/hash -Ilib/rcu -I../lib/rcu -Xclang -fcolor-diagnostics -pipe -D_FILE_OFFSET_BITS=64 -Wall -Winvalid-pch -Wextra -Werror -std=c11 -O3 -include rte_config.h -Wcast-qual -Wdeprecated -Wformat -Wformat-nonliteral -Wformat-security -Wmissing-declarations -Wmissing-prototypes -Wnested-externs -Wold-style-
 definition -Wpointer-arith -Wsign-compare -Wstrict-prototypes -Wundef -Wwrite-strings -Wno-address-of-packed-member -Wno-missing-field-initializers -D_GNU_SOURCE -fPIC -march=native -mrtm -DALLOW_EXPERIMENTAL_API -DALLOW_INTERNAL_API -Wno-format-truncation -DBNXT_TF_APP_ID=0 -DSUPPORT_CFA_HW_P70=1 -DCFA_BLD_PRINT_OBJ=1 -DRTE_LOG_DEFAULT_LOGTYPE=pmd.net.bnxt -MD -MQ 'drivers/a715181@@tmp_rte_net_bnxt@sta/net_bnxt_tf_core_v3_tfc_em.c.o' -MF 'drivers/a715181@@tmp_rte_net_bnxt@sta/net_bnxt_tf_core_v3_tfc_em.c.o.d' -o 'drivers/a715181@@tmp_rte_net_bnxt@sta/net_bnxt_tf_core_v3_tfc_em.c.o' -c ../drivers/net/bnxt/tf_core/v3/tfc_em.c
../drivers/net/bnxt/tf_core/v3/tfc_em.c:247:13: error: variable 'cmm' is uninitialized when used here [-Werror,-Wuninitialized]
247 |                         rte_free(cmm);
|                                  ^~~
../drivers/net/bnxt/tf_core/v3/tfc_em.c:125:21: note: initialize the variable 'cmm' to silence this warning
125 |         struct tfc_cmm *cmm;
|                            ^
|                             = NULL
1 error generated.
[1235/2979] Compiling C object 'drivers/a715181@@tmp_rte_net_bnxt@sta/net_bnxt_tf_core_v3_tfc_act.c.o'.
[1236/2979] Compiling C object 'drivers/a715181@@tmp_rte_net_bnxt@sta/net_bnxt_tf_core_v3_tfc_ident.c.o'.
[1237/2979] Compiling C object 'drivers/a715181@@tmp_rte_net_bnxt@sta/net_bnxt_tf_core_v3_tfc_idx_tbl.c.o'.
ninja: build stopped: subcommand failed.
==== End log output ====

Windows Server 2022
	Kernel: 10.0.20348.2031
	Compiler: clang 15.0.7, gcc 14.1.0 (MinGW), and MSVC VS 19.39.33521

CentOS Stream 9
	Kernel: Depends on container host
	Compiler: gcc 11.4.1 20231218 (Red Hat 11.4.1-3)

Debian 12
	Kernel: Depends on container host
	Compiler: gcc (Debian 12.2.0-14) 12.2.0

Debian Bullseye
	Kernel: Depends on container host
	Compiler: gcc (Debian 10.2.1-6) 10.2.1 20210110

Fedora 37
	Kernel: Depends on container host system
	Compiler: gcc 12.3.1 20230508 (Red Hat 12.3.1-1)

Fedora 38 (Clang)
	Kernel: Depends on container host
	Compiler: clang 16.0.6 (Fedora 16.0.6-4.fc38)

Fedora 38
	Kernel: Depends on container host
	Compiler: gcc 13.2.1 20240316 (Red Hat 13.2.1-7)

Fedora 39 (Clang)
	Kernel: Depends on container host
	Compiler: clang 17.0.6 (Fedora 17.0.6-2.fc39)

Fedora 39
	Kernel: Depends on container host
	Compiler: gcc 13.3.1 20240522 (Red Hat 13.3.1-1)

Fedora 40
	Kernel: Depends on container host
	Compiler: gcc 14.2.1 20240801 (Red Hat 14.2.1-1)

Fedora 40 (Clang)
	Kernel: Depends on container host
	Compiler: clang 18.1.6 (Fedora 18.1.6-3.fc40)

RHEL8
	Kernel: Depends on container host
	Compiler: gcc 8.5.0 20210514 (Red Hat 8.5.0-22)

Ubuntu 20.04
	Kernel: Depends on container host
	Compiler: gcc (Ubuntu 9.4.0-1ubuntu1~20.04.2) 9.4.0

RHEL9
	Kernel: Depends on container host
	Compiler: gcc 11.4.1 20231218 (Red Hat 11.4.1-3)

Ubuntu 22.04
	Kernel: Depends on container host
	Compiler: gcc (Ubuntu 11.4.0-1ubuntu1~22.04) 11.4.0

Ubuntu 24.04
	Kernel: Depends on container host
	Compiler: gcc (Ubuntu 13.2.0-23ubuntu4) 13.2.0

To view detailed results, visit:
https://lab.dpdk.org/results/dashboard/patchsets/31196/

UNH-IOL DPDK Community Lab

To manage your email subscriptions, visit: 
https://lab.dpdk.org/results/dashboard/preferences/subscriptions/