From mboxrd@z Thu Jan  1 00:00:00 1970
Return-Path: <test-report-bounces@dpdk.org>
Received: from mails.dpdk.org (mails.dpdk.org [217.70.189.124])
	by inbox.dpdk.org (Postfix) with ESMTP id 2799245A9F
	for <public@inbox.dpdk.org>; Wed,  2 Oct 2024 20:17:35 +0200 (CEST)
Received: from mails.dpdk.org (localhost [127.0.0.1])
	by mails.dpdk.org (Postfix) with ESMTP id E54A440299;
	Wed,  2 Oct 2024 20:17:34 +0200 (CEST)
Received: from mail-yb1-f225.google.com (mail-yb1-f225.google.com
 [209.85.219.225])
 by mails.dpdk.org (Postfix) with ESMTP id AABCE40268
 for <test-report@dpdk.org>; Wed,  2 Oct 2024 20:17:33 +0200 (CEST)
Received: by mail-yb1-f225.google.com with SMTP id
 3f1490d57ef6-e260b266805so95619276.0
 for <test-report@dpdk.org>; Wed, 02 Oct 2024 11:17:33 -0700 (PDT)
DKIM-Signature: v=1; a=rsa-sha256; c=relaxed/relaxed;
 d=iol.unh.edu; s=unh-iol; t=1727893053; x=1728497853; darn=dpdk.org;
 h=references:in-reply-to:cc:to:from:subject:message-id:date:from:to
 :cc:subject:date:message-id:reply-to;
 bh=lCgWq/m8sj2MbRFip8eeHOD40ie0tw4n+agzlLr2tiQ=;
 b=JAoZV5eSVzCEZrVzyonCtLP9vC9uQ51DqIiZvx8P2PGZHTo0VgigmQsfr4Am2IfKFb
 KUjVR5lo8B0PGPqtgGp1gMkn/aa2hBKFDxZH5AjIHWbigsixN69ESneX874Dem1gLvGk
 5vvsULVgHMMAOWu+jOMdmkvSUX3VRKiQ+JXgc=
X-Google-DKIM-Signature: v=1; a=rsa-sha256; c=relaxed/relaxed;
 d=1e100.net; s=20230601; t=1727893053; x=1728497853;
 h=references:in-reply-to:cc:to:from:subject:message-id:date
 :x-gm-message-state:from:to:cc:subject:date:message-id:reply-to;
 bh=lCgWq/m8sj2MbRFip8eeHOD40ie0tw4n+agzlLr2tiQ=;
 b=McyXgQKA+lh+nsjHEYH6fgoTFZl/cfyPq/nINhDqfciQeDwDtdbDLgO1fOazbW5W1m
 bnXuNPmdiJ1pAIFF+kqG2YqmjWvH3fuHi/82e+sNMFpIYSm/oOsvJSnaQWnMKL5ioGED
 2PdE3wyrMcFGdxBaMwpg1o6cZg05lVcaN+AT9JmYZtnKoes9IdULGsUNLurgG1I/sVHz
 Ee40ONXO351fHCi1NAUat7mq3klZAUdPgVfudy7uDiBh2+t69V/FcUPU3oE2jc0Urcgp
 QHLdBP0/Fckdt/5T0v3L7dyNkj0g5uLNOECmUC6J5f9IGsRi7pTj2ITvaVXSvkQ6Sgo9
 nKrg==
X-Gm-Message-State: AOJu0Yxan6PCTYdYD+R14TzDlMogpkrUJVcNUSwNCcKMFQHkMj5Uclq4
 UACN57V3LGD+vk0fJXe66yKf8IGTUim1jKHo6ecNEJUrWojeDT8Ftr71ElSuWhvUVCRTAJAQTLQ
 L22GO7cFXDNzsglZgmr3OpxMRWM6shR98
X-Google-Smtp-Source: AGHT+IGxrZDmMUxM8V8SudeMydQKST27jt5KRBoVNMdSrd0wG4GTpINapLaDPkGzk7P/XLK7msbPk8CxyESn
X-Received: by 2002:a05:6902:2209:b0:e1d:9338:a4d7 with SMTP id
 3f1490d57ef6-e2638416e6dmr3276833276.44.1727893052934; 
 Wed, 02 Oct 2024 11:17:32 -0700 (PDT)
Received: from postal.iol.unh.edu (postal.iol.unh.edu. [132.177.123.84])
 by smtp-relay.gmail.com with ESMTPS id
 3f1490d57ef6-e25e4bfc025sm583600276.27.2024.10.02.11.17.32
 (version=TLS1_2 cipher=ECDHE-ECDSA-AES128-GCM-SHA256 bits=128/128);
 Wed, 02 Oct 2024 11:17:32 -0700 (PDT)
X-Relaying-Domain: iol.unh.edu
Date: Wed, 02 Oct 2024 11:17:32 -0700 (PDT)
Message-ID: <66fd8e3c.250a0220.376b89.c5caSMTPIN_ADDED_MISSING@mx.google.com>
Received: from [172.21.0.4] (unknown [172.18.0.240])
 by postal.iol.unh.edu (Postfix) with ESMTP id 89661605C351;
 Wed,  2 Oct 2024 14:17:32 -0400 (EDT)
Subject: |FAILURE| pw144734-144767 [PATCH] [v3,47/47] net/bnxt: tf_ulp: add s
From: dpdklab@iol.unh.edu
To: Test Report <test-report@dpdk.org>
Cc: dpdk-test-reports@iol.unh.edu,
 Sriharsha Basavapatna <sriharsha.basavapatna@broadcom.com>
In-Reply-To: <20241001055833.757163-48-sriharsha.basavapatna@broadcom.com>
References: <20241001055833.757163-48-sriharsha.basavapatna@broadcom.com>
Content-Type: text/plain
X-BeenThere: test-report@dpdk.org
X-Mailman-Version: 2.1.29
Precedence: list
List-Id: automatic DPDK test reports <test-report.dpdk.org>
List-Unsubscribe: <https://mails.dpdk.org/options/test-report>,
 <mailto:test-report-request@dpdk.org?subject=unsubscribe>
List-Archive: <http://mails.dpdk.org/archives/test-report/>
List-Post: <mailto:test-report@dpdk.org>
List-Help: <mailto:test-report-request@dpdk.org?subject=help>
List-Subscribe: <https://mails.dpdk.org/listinfo/test-report>,
 <mailto:test-report-request@dpdk.org?subject=subscribe>
Errors-To: test-report-bounces@dpdk.org

Test-Label: iol-compile-arm64-testing
Test-Status: FAILURE
http://dpdk.org/patch/144767

_Testing issues_

Submitter: Sriharsha Basavapatna <sriharsha.basavapatna@broadcom.com>
Date: Tuesday, October 01 2024 05:58:33 
DPDK git baseline: Repo:dpdk
  Branch: master
  CommitID:e4299cf61002cfd1bbad806c73cf6fa6ded9bc1c

144734-144767 --> testing issues

Upstream job id: Generic-DPDK-Compile-Meson#308751

Test environment and result as below:

+----------------------------------------+--------------------+
|              Environment               | dpdk_meson_compile |
+========================================+====================+
| RHEL9 (ARM)                            | PASS               |
+----------------------------------------+--------------------+
| Ubuntu 20.04 ARM GCC Cross Compile     | PASS               |
+----------------------------------------+--------------------+
| Ubuntu 20.04 ARM SVE                   | PASS               |
+----------------------------------------+--------------------+
| Debian 12 with MUSDK                   | PASS               |
+----------------------------------------+--------------------+
| Fedora 37 (ARM)                        | PASS               |
+----------------------------------------+--------------------+
| Fedora 38 (ARM)                        | PASS               |
+----------------------------------------+--------------------+
| Fedora 38 (ARM Clang)                  | FAIL               |
+----------------------------------------+--------------------+
| Fedora 39 (ARM Clang)                  | FAIL               |
+----------------------------------------+--------------------+
| Fedora 40 (ARM)                        | PASS               |
+----------------------------------------+--------------------+
| Fedora 40 (ARM Clang)                  | FAIL               |
+----------------------------------------+--------------------+
| Ubuntu 20.04 (ARM)                     | PASS               |
+----------------------------------------+--------------------+
| Ubuntu 24.04 (ARM)                     | PASS               |
+----------------------------------------+--------------------+
| CentOS Stream 9 (ARM)                  | PASS               |
+----------------------------------------+--------------------+
| Debian 11 (Buster) (ARM)               | PASS               |
+----------------------------------------+--------------------+
| Debian 12 (arm)                        | PASS               |
+----------------------------------------+--------------------+
| Ubuntu 20.04 ARM Clang Cross Compile   | FAIL               |
+----------------------------------------+--------------------+
| Ubuntu 20.04 aarch32 GCC Cross Compile | PASS               |
+----------------------------------------+--------------------+
| Ubuntu 22.04 (ARM)                     | PASS               |
+----------------------------------------+--------------------+
| Fedora 39 (ARM)                        | PASS               |
+----------------------------------------+--------------------+

==== 20 line log output for Ubuntu 20.04 ARM Clang Cross Compile (dpdk_meson_compile): ====
[1162/3229] Compiling C object 'drivers/a715181@@tmp_rte_net_bnxt@sta/net_bnxt_tf_core_tf_tbl.c.o'.
[1163/3229] Compiling C object 'drivers/a715181@@tmp_rte_net_bnxt@sta/net_bnxt_tf_core_tf_tbl_sram.c.o'.
[1164/3229] Compiling C object 'drivers/a715181@@tmp_rte_net_bnxt@sta/net_bnxt_tf_core_tf_tcam.c.o'.
[1165/3229] Compiling C object 'drivers/a715181@@tmp_rte_net_bnxt@sta/net_bnxt_tf_core_tf_tcam_mgr_msg.c.o'.
[1166/3229] Compiling C object 'drivers/a715181@@tmp_rte_net_bnxt@sta/net_bnxt_tf_core_tf_tcam_shared.c.o'.
[1167/3229] Compiling C object 'drivers/a715181@@tmp_rte_net_bnxt@sta/net_bnxt_tf_core_tf_util.c.o'.
[1168/3229] Compiling C object 'drivers/a715181@@tmp_rte_net_bnxt@sta/net_bnxt_tf_core_v3_tfc_act.c.o'.
[1169/3229] Compiling C object 'drivers/a715181@@tmp_rte_net_bnxt@sta/net_bnxt_tf_core_v3_tfc_cpm.c.o'.
[1170/3229] Compiling C object 'drivers/a715181@@tmp_rte_net_bnxt@sta/net_bnxt_tf_core_v3_tfc_em.c.o'.
FAILED: drivers/a715181@@tmp_rte_net_bnxt@sta/net_bnxt_tf_core_v3_tfc_em.c.o
ccache clang -Idrivers/a715181@@tmp_rte_net_bnxt@sta -Idrivers -I../drivers -Idrivers/net/bnxt -I../drivers/net/bnxt -Idrivers/net/bnxt/tf_ulp -I../drivers/net/bnxt/tf_ulp -Idrivers/net/bnxt/tf_ulp/generic_templates -I../drivers/net/bnxt/tf_ulp/generic_templates -Idrivers/net/bnxt/tf_core -I../drivers/net/bnxt/tf_core -Idrivers/net/bnxt/tf_core/v3 -I../drivers/net/bnxt/tf_core/v3 -Idrivers/net/bnxt/hcapi/cfa -I../drivers/net/bnxt/hcapi/cfa -Idrivers/net/bnxt/hcapi/cfa_v3/./ -I../drivers/net/bnxt/hcapi/cfa_v3/./ -I../drivers/net/bnxt/hcapi/cfa_v3/./include -I../drivers/net/bnxt/hcapi/cfa_v3/./include/platform/dpdk/ -I../drivers/net/bnxt/hcapi/cfa_v3/./bld/p70 -I../drivers/net/bnxt/hcapi/cfa_v3/./bld/p70/host -I../drivers/net/bnxt/hcapi/cfa_v3/./bld/include -I../drivers/net/bnxt/hcapi/cfa_v3/./bld/include/host -I../drivers/net/bnxt/hcapi/cfa_v3/./bld/include/p70 -I../drivers/net/bnxt/hcapi/cfa_v3/./mm/include -I../drivers/net/bnxt/hcapi/cfa_v3/./tim/include -I../drivers/net/bnxt/hcapi/
 cfa_v3/./tpm/include -Ilib/ethdev -I../lib/ethdev -I. -I../ -Iconfig -I../config -Ilib/eal/include -I../lib/eal/include -Ilib/eal/linux/include -I../lib/eal/linux/include -Ilib/eal/arm/include -I../lib/eal/arm/include -Ilib/eal/common -I../lib/eal/common -Ilib/eal -I../lib/eal -Ilib/kvargs -I../lib/kvargs -Ilib/log -I../lib/log -Ilib/telemetry/../metrics -I../lib/telemetry/../metrics -Ilib/telemetry -I../lib/telemetry -Ilib/net -I../lib/net -Ilib/mbuf -I../lib/mbuf -Ilib/mempool -I../lib/mempool -Ilib/ring -I../lib/ring -Ilib/meter -I../lib/meter -Idrivers/bus/pci -I../drivers/bus/pci -I../drivers/bus/pci/linux -Ilib/pci -I../lib/pci -Idrivers/bus/vdev -I../drivers/bus/vdev -Ilib/hash -I../lib/hash -Ilib/rcu -I../lib/rcu -Xclang -fcolor-diagnostics -pipe -D_FILE_OFFSET_BITS=64 -Wall -Winvalid-pch -Wextra -Werror -std=c11 -O3 -include rte_config.h -Wcast-qual -Wdeprecated -Wformat -Wformat-nonliteral -Wformat-security -Wmissing-declarations -Wmissing-prototypes -Wnested-externs -Wold
 -style-definition -Wpointer-arith -Wsign-compare -Wstrict-prototypes -Wundef -Wwrite-strings -Wno-address-of-packed-member -Wno-missing-field-initializers -D_GNU_SOURCE -target aarch64-linux-gnu --sysroot /usr/aarch64-linux-gnu -fPIC -march=armv8-a+crc -DALLOW_EXPERIMENTAL_API -DALLOW_INTERNAL_API -DBNXT_TF_APP_ID=0 -DSUPPORT_CFA_HW_P70=1 -DCFA_BLD_PRINT_OBJ=1 -DRTE_LOG_DEFAULT_LOGTYPE=pmd.net.bnxt -MD -MQ 'drivers/a715181@@tmp_rte_net_bnxt@sta/net_bnxt_tf_core_v3_tfc_em.c.o' -MF 'drivers/a715181@@tmp_rte_net_bnxt@sta/net_bnxt_tf_core_v3_tfc_em.c.o.d' -o 'drivers/a715181@@tmp_rte_net_bnxt@sta/net_bnxt_tf_core_v3_tfc_em.c.o' -c ../drivers/net/bnxt/tf_core/v3/tfc_em.c
../drivers/net/bnxt/tf_core/v3/tfc_em.c:247:13: error: variable 'cmm' is uninitialized when used here [-Werror,-Wuninitialized]
rte_free(cmm);
^~~
../drivers/net/bnxt/tf_core/v3/tfc_em.c:125:21: note: initialize the variable 'cmm' to silence this warning
struct tfc_cmm *cmm;
^
= NULL
1 error generated.
ninja: build stopped: subcommand failed.
==== End log output ====

RHEL9 (ARM)
	Kernel: Depends on container host
	Compiler: gcc 11.4.1 20231218 (Red Hat 11.4.1-3)

Ubuntu 20.04 ARM GCC Cross Compile
	Kernel: Depends on container host
	Compiler: aarch64-linux-gnu-gcc (Ubuntu 9.4.0-1ubuntu1~20.04.2) 9.4.0

Ubuntu 20.04 ARM SVE
	Kernel: Depends on container host
	Compiler: gcc (Ubuntu 10.5.0-1ubuntu1~20.04) 10.5.0

Debian 12 with MUSDK
	Kernel: Depends on container host
	Compiler: gcc (Debian 12.2.0-14) 12.2.0

Fedora 37 (ARM)
	Kernel: Depends on container host
	Compiler: gcc 12.3.1 20230508 (Red Hat 12.3.1-1)

Fedora 38 (ARM)
	Kernel: Depends on container host
	Compiler: gcc 13.2.1 20240316 (Red Hat 13.2.1-7)

Fedora 38 (ARM Clang)
	Kernel: Depends on container host
	Compiler: clang 16.0.6 (Fedora 16.0.6-4.fc38)

Fedora 39 (ARM Clang)
	Kernel: Depends on container host
	Compiler: clang 17.0.6 (Fedora 17.0.6-2.fc39)

Fedora 40 (ARM)
	Kernel: Depends on container host
	Compiler: gcc 14.2.1 20240801 (Red Hat 14.2.1-1)

Fedora 40 (ARM Clang)
	Kernel: Depends on container host
	Compiler: clang 18.1.6 (Fedora 18.1.6-3.fc40)

Ubuntu 20.04 (ARM)
	Kernel: Depends on container host
	Compiler: gcc (Ubuntu 9.4.0-1ubuntu1~20.04.2) 9.4.0

Ubuntu 24.04 (ARM)
	Kernel: Depends on container host
	Compiler: gcc (Ubuntu 13.2.0-23ubuntu4) 13.2.0

CentOS Stream 9 (ARM)
	Kernel: Depends on container host
	Compiler: gcc 11.4.1 20231218 (Red Hat 11.4.1-3)

Debian 11 (Buster) (ARM)
	Kernel: Depends on container host
	Compiler: gcc (Debian 10.2.1-6) 10.2.1 20210110

Debian 12 (arm)
	Kernel: Depends on container host
	Compiler: gcc (Debian 12.2.0-14) 12.2.0

Ubuntu 20.04 ARM Clang Cross Compile
	Kernel: Depends on container host
	Compiler: clang 10.0.0-4ubuntu1

Ubuntu 20.04 aarch32 GCC Cross Compile
	Kernel: Depends on container host
	Compiler: gcc 9.4.0

Ubuntu 22.04 (ARM)
	Kernel: Depends on container host
	Compiler: gcc (Ubuntu 11.4.0-1ubuntu1~22.04) 11.4.0

Fedora 39 (ARM)
	Kernel: Depends on container host
	Compiler: gcc 13.3.1 20240522 (Red Hat 13.3.1-1)

To view detailed results, visit:
https://lab.dpdk.org/results/dashboard/patchsets/31196/

UNH-IOL DPDK Community Lab

To manage your email subscriptions, visit: 
https://lab.dpdk.org/results/dashboard/preferences/subscriptions/