From mboxrd@z Thu Jan  1 00:00:00 1970
Return-Path: <test-report-bounces@dpdk.org>
Received: from mails.dpdk.org (mails.dpdk.org [217.70.189.124])
	by inbox.dpdk.org (Postfix) with ESMTP id 4BDC145A81
	for <public@inbox.dpdk.org>; Thu,  3 Oct 2024 14:46:37 +0200 (CEST)
Received: from mails.dpdk.org (localhost [127.0.0.1])
	by mails.dpdk.org (Postfix) with ESMTP id 4371E40261;
	Thu,  3 Oct 2024 14:46:37 +0200 (CEST)
Received: from mail-pl1-f227.google.com (mail-pl1-f227.google.com
 [209.85.214.227])
 by mails.dpdk.org (Postfix) with ESMTP id 21C524014F
 for <test-report@dpdk.org>; Thu,  3 Oct 2024 14:46:36 +0200 (CEST)
Received: by mail-pl1-f227.google.com with SMTP id
 d9443c01a7336-20b6458ee37so9260585ad.1
 for <test-report@dpdk.org>; Thu, 03 Oct 2024 05:46:36 -0700 (PDT)
DKIM-Signature: v=1; a=rsa-sha256; c=relaxed/relaxed;
 d=iol.unh.edu; s=unh-iol; t=1727959595; x=1728564395; darn=dpdk.org;
 h=references:in-reply-to:cc:to:from:subject:message-id:date:from:to
 :cc:subject:date:message-id:reply-to;
 bh=QslD/X8r9C9cc2WyU8dRJtTkHncsrtdqDMHiSjlgfPs=;
 b=ASYj3F2Mds5LXNO5nMfOD8z3iv29cSv261nm1Z3yTYl3s8Wc3//8ZOxtIpXp24uw6W
 SYQqcQkJkC9LUOlTY62B+zipzsVa3LTwlUR0XmAtEMf06TCbdvBB+heUPMvu+J8/q7Ql
 wURScPkVUuQjFZMgqpe2rX+nLtAgUZeFKcQw4=
X-Google-DKIM-Signature: v=1; a=rsa-sha256; c=relaxed/relaxed;
 d=1e100.net; s=20230601; t=1727959595; x=1728564395;
 h=references:in-reply-to:cc:to:from:subject:message-id:date
 :x-gm-message-state:from:to:cc:subject:date:message-id:reply-to;
 bh=QslD/X8r9C9cc2WyU8dRJtTkHncsrtdqDMHiSjlgfPs=;
 b=OWyli9MJasn7A/sm46goBHqYOCG5Bw/1iW6qYwQswQzrgiL9NVcC9KhqJPhz/DQKrp
 pYLmfZIOoDJwrWDz1jAz4quEU/h4vGSjvjp2h/5i7jbJRNi0S01Ktx/0SvmjwW57/NQN
 p5VGVu8iYPZkHDwVMMBYISIAhL4hWCOG+WML9HyndgGhnA1NcxJAXvd2d6peUBKZel6y
 uYCWkqxaglPSTT5MY2aKrc5BHbaeRgtaeVJmc0WZ8itfxeqTuHObBBHWUGUbbQxp1tkm
 7Q/zX9UxVNDCdlXXjnyuabmPE2FsG7L6psmzKuYg5mDUcHWwuldfl8uWD8d45rVgBd31
 dJuw==
X-Gm-Message-State: AOJu0Yyu3p51KuSlakLqZMpRJjQmJVsjX1FV7eXpnz48kxOp1P2EjRJm
 UGQzIgOeBsu+yuE13amivStkbDQEqf2uhlODbkFll5g4tOmqToKq1QDI5NRnyEoezchOHd4orAO
 pUS/SyN3m+Lh/okd0N1XtpQfha3kA2UlEGg6BkHUqyh9D89exp3XegEE3
X-Google-Smtp-Source: AGHT+IHOOy59SgvhrB62Nxve0eDbbQL8JRl03jWAydRPABU06Ijxjp8eSXtGZtlvNDcxs+nOXjngkKHO5OD/
X-Received: by 2002:a17:90b:180c:b0:2d8:840b:9654 with SMTP id
 98e67ed59e1d1-2e18496918fmr7848885a91.34.1727959595195; 
 Thu, 03 Oct 2024 05:46:35 -0700 (PDT)
Received: from postal.iol.unh.edu (postal.iol.unh.edu.
 [2606:4100:3880:1234::84]) by smtp-relay.gmail.com with ESMTPS id
 98e67ed59e1d1-2e18f96aa9dsm209880a91.13.2024.10.03.05.46.35
 (version=TLS1_2 cipher=ECDHE-ECDSA-AES128-GCM-SHA256 bits=128/128);
 Thu, 03 Oct 2024 05:46:35 -0700 (PDT)
X-Relaying-Domain: iol.unh.edu
Date: Thu, 03 Oct 2024 05:46:35 -0700 (PDT)
Message-ID: <66fe922b.170a0220.2b0979.f186SMTPIN_ADDED_MISSING@mx.google.com>
Received: from [172.21.0.2] (unknown [172.18.0.240])
 by postal.iol.unh.edu (Postfix) with ESMTP id 61E496050A6B;
 Thu,  3 Oct 2024 08:46:34 -0400 (EDT)
Subject: |FAILURE| pw144954 [PATCH] [v2] service: fix deadlock on worker lcor
From: dpdklab@iol.unh.edu
To: Test Report <test-report@dpdk.org>
Cc: dpdk-test-reports@iol.unh.edu, David Marchand <david.marchand@redhat.com>
In-Reply-To: <20241003065702.3051158-1-david.marchand@redhat.com>
References: <20241003065702.3051158-1-david.marchand@redhat.com>
Content-Type: text/plain
X-BeenThere: test-report@dpdk.org
X-Mailman-Version: 2.1.29
Precedence: list
List-Id: automatic DPDK test reports <test-report.dpdk.org>
List-Unsubscribe: <https://mails.dpdk.org/options/test-report>,
 <mailto:test-report-request@dpdk.org?subject=unsubscribe>
List-Archive: <http://mails.dpdk.org/archives/test-report/>
List-Post: <mailto:test-report@dpdk.org>
List-Help: <mailto:test-report-request@dpdk.org?subject=help>
List-Subscribe: <https://mails.dpdk.org/listinfo/test-report>,
 <mailto:test-report-request@dpdk.org?subject=subscribe>
Errors-To: test-report-bounces@dpdk.org

Test-Label: iol-unit-amd64-testing
Test-Status: FAILURE
http://dpdk.org/patch/144954

_Testing issues_

Submitter: David Marchand <david.marchand@redhat.com>
Date: Thursday, October 03 2024 06:57:02 
DPDK git baseline: Repo:dpdk
  Branch: master
  CommitID:c6a1564c27f9d4642cd07f1836480ad467116567

144954 --> testing issues

Upstream job id: Generic-Unit-Test-DPDK#269531

Test environment and result as below:

+---------------------+----------------+
|     Environment     | dpdk_unit_test |
+=====================+================+
| Windows Server 2022 | PASS           |
+---------------------+----------------+
| CentOS Stream 9     | FAIL           |
+---------------------+----------------+
| Debian Bullseye     | FAIL           |
+---------------------+----------------+
| Fedora 37           | FAIL           |
+---------------------+----------------+
| Fedora 38           | FAIL           |
+---------------------+----------------+
| Fedora 38 (Clang)   | FAIL           |
+---------------------+----------------+
| Fedora 39 (Clang)   | FAIL           |
+---------------------+----------------+
| Fedora 40           | FAIL           |
+---------------------+----------------+
| Fedora 40 (Clang)   | PEND           |
+---------------------+----------------+
| RHEL8               | FAIL           |
+---------------------+----------------+
| RHEL9               | FAIL           |
+---------------------+----------------+
| Ubuntu 20.04        | FAIL           |
+---------------------+----------------+
| Ubuntu 22.04        | PEND           |
+---------------------+----------------+
| Ubuntu 24.04        | PEND           |
+---------------------+----------------+
| Debian 12           | PEND           |
+---------------------+----------------+
| Fedora 39           | PEND           |
+---------------------+----------------+

==== Unit test summary for Ubuntu 20.04 (dpdk_unit_test): ====
ninja: Entering directory `/home-local/jenkins-local/jenkins-agent/workspace/Generic-Unit-Test-DPDK/dpdk/build'
ninja: no work to do.
  1/112 DPDK:fast-tests / acl_autotest          OK       4.72 s 
  2/112 DPDK:fast-tests / argparse_autotest     OK       0.22 s 
  3/112 DPDK:fast-tests / atomic_autotest       OK       0.83 s 
  4/112 DPDK:fast-tests / bitcount_autotest     OK       0.18 s 
  5/112 DPDK:fast-tests / bitmap_autotest       OK       0.21 s 
  6/112 DPDK:fast-tests / bitops_autotest       OK       0.31 s 
  7/112 DPDK:fast-tests / bitratestats_autotest  OK       0.31 s 
  8/112 DPDK:fast-tests / bpf_autotest          OK       0.37 s 
  9/112 DPDK:fast-tests / bpf_convert_autotest  OK       0.34 s 
 10/112 DPDK:fast-tests / byteorder_autotest    OK       0.35 s 
 11/112 DPDK:fast-tests / cksum_autotest        OK       0.30 s 
 12/112 DPDK:fast-tests / cmdline_autotest      OK       0.29 s 
 13/112 DPDK:fast-tests / common_autotest       OK       0.56 s 
 14/112 DPDK:fast-tests / compressdev_autotest  SKIP     0.17 s 
 15/112 DPDK:fast-tests / cpuflags_autotest     OK       0.22 s 
 16/112 DPDK:fast-tests / crc_autotest          OK       0.23 s 
 17/112 DPDK:fast-tests / user_delay_us         OK       0.25 s 
 18/112 DPDK:fast-tests / debug_autotest        OK      13.62 s 
 19/112 DPDK:fast-tests / devargs_autotest      OK       0.27 s 
 20/112 DPDK:fast-tests / dispatcher_autotest   SKIP     0.14 s 
 21/112 DPDK:fast-tests / distributor_autotest  OK       1.46 s 
 22/112 DPDK:fast-tests / eal_flags_c_opt_autotest  OK       1.37 s 
 23/112 DPDK:fast-tests / eal_flags_main_opt_autotest  OK       0.60 s 
 24/112 DPDK:fast-tests / eal_flags_n_opt_autotest  OK       0.48 s 
 25/112 DPDK:fast-tests / eal_flags_hpet_autotest  OK       0.28 s 
 26/112 DPDK:fast-tests / eal_flags_no_huge_autotest  OK       0.54 s 
 27/112 DPDK:fast-tests / eal_flags_a_opt_autotest  OK       0.44 s 
 28/112 DPDK:fast-tests / eal_flags_b_opt_autotest  OK       0.52 s 
 29/112 DPDK:fast-tests / eal_flags_vdev_opt_autotest  OK       0.63 s 
 30/112 DPDK:fast-tests / eal_flags_r_opt_autotest  OK       0.41 s 
 31/112 DPDK:fast-tests / eal_flags_mem_autotest  OK       0.86 s 
 32/112 DPDK:fast-tests / eal_flags_file_prefix_autotest  FAIL     0.41 s (exit status 255 or signal 127 SIGinvalid)
 33/112 DPDK:fast-tests / eal_flags_misc_autotest  OK       2.22 s 
 34/112 DPDK:fast-tests / eal_fs_autotest       OK       0.22 s 
 35/112 DPDK:fast-tests / errno_autotest        OK       0.18 s 
 36/112 DPDK:fast-tests / ethdev_link_status    OK       0.22 s 
 37/112 DPDK:fast-tests / event_eth_tx_adapter_autotest  OK       0.60 s 
 38/112 DPDK:fast-tests / event_ring_autotest   OK       0.26 s 
 39/112 DPDK:fast-tests / eventdev_common_autotest  OK       0.30 s 
 40/112 DPDK:fast-tests / eventdev_selftest_sw  OK       0.48 s 
 41/112 DPDK:fast-tests / fbarray_autotest      OK       0.24 s 
 42/112 DPDK:fast-tests / fib_autotest          OK       0.95 s 
 43/112 DPDK:fast-tests / fib6_autotest         OK       1.28 s 
 44/112 DPDK:fast-tests / func_reentrancy_autotest  OK       0.94 s 
 45/112 DPDK:fast-tests / graph_autotest        OK       0.28 s 
 46/112 DPDK:fast-tests / node_list_dump        OK       0.31 s 
 47/112 DPDK:fast-tests / hash_autotest         OK       0.54 s 
 48/112 DPDK:fast-tests / hash_readwrite_func_autotest  SKIP     0.29 s 
 49/112 DPDK:fast-tests / interrupt_autotest    OK       1.46 s 
 50/112 DPDK:fast-tests / ipfrag_autotest       OK       0.16 s 
 51/112 DPDK:fast-tests / ipsec_autotest        SKIP     0.20 s 
 52/112 DPDK:fast-tests / kvargs_autotest       OK       0.22 s 
 53/112 DPDK:fast-tests / latencystats_autotest  OK       0.22 s 
 54/112 DPDK:fast-tests / lcores_autotest       OK      26.39 s 
 55/112 DPDK:fast-tests / logs_autotest         OK       0.22 s 
 56/112 DPDK:fast-tests / lpm_autotest          OK       2.51 s 
 57/112 DPDK:fast-tests / lpm6_autotest         OK       4.14 s 
 58/112 DPDK:fast-tests / malloc_autotest       OK       0.81 s 
 59/112 DPDK:fast-tests / mbuf_autotest         OK       0.21 s 
 60/112 DPDK:fast-tests / mcslock_autotest      OK       0.62 s 
 61/112 DPDK:fast-tests / member_autotest       OK       1.05 s 
 62/112 DPDK:fast-tests / memcpy_autotest       OK       3.11 s 
 63/112 DPDK:fast-tests / memory_autotest       OK       0.17 s 
 64/112 DPDK:fast-tests / mempool_autotest      OK       0.45 s 
 65/112 DPDK:fast-tests / memzone_autotest      OK       0.17 s 
 66/112 DPDK:fast-tests / meter_autotest        OK       0.18 s 
 67/112 DPDK:fast-tests / metrics_autotest      OK       0.27 s 
 68/112 DPDK:fast-tests / multiprocess_autotest  OK       0.29 s 
 69/112 DPDK:fast-tests / net_ether_autotest    OK       0.77 s 
 70/112 DPDK:fast-tests / pdcp_autotest         SKIP     0.25 s 
 71/112 DPDK:fast-tests / pdump_autotest        OK       0.32 s 
 72/112 DPDK:fast-tests / per_lcore_autotest    OK       0.44 s 
 73/112 DPDK:fast-tests / pflock_autotest       OK       0.57 s 
 74/112 DPDK:fast-tests / pie_autotest          OK       0.19 s 
 75/112 DPDK:fast-tests / ring_pmd_autotest     OK       0.25 s 
 76/112 DPDK:fast-tests / power_autotest        OK       0.28 s 
 77/112 DPDK:fast-tests / power_cpufreq_autotest  SKIP     0.20 s 
 78/112 DPDK:fast-tests / power_intel_uncore_autotest  SKIP     0.30 s 
 79/112 DPDK:fast-tests / power_kvm_vm_autotest  SKIP     0.17 s 
 80/112 DPDK:fast-tests / prefetch_autotest     OK       0.22 s 
 81/112 DPDK:fast-tests / ptr_compress_autotest  OK       0.22 s 
 82/112 DPDK:fast-tests / rawdev_autotest       OK       0.22 s 
 83/112 DPDK:fast-tests / rcu_qsbr_autotest     OK       0.32 s 
 84/112 DPDK:fast-tests / reorder_autotest      OK       0.38 s 
 85/112 DPDK:fast-tests / rib_autotest          OK       5.27 s 
 86/112 DPDK:fast-tests / rib6_autotest         OK       6.37 s 
 87/112 DPDK:fast-tests / ring_autotest         OK       0.31 s 
 88/112 DPDK:fast-tests / rwlock_test1_autotest  OK       0.44 s 
 89/112 DPDK:fast-tests / rwlock_rda_autotest   OK       5.19 s 
 90/112 DPDK:fast-tests / rwlock_rds_wrm_autotest  OK       5.25 s 
 91/112 DPDK:fast-tests / rwlock_rde_wro_autotest  OK       5.30 s 
 92/112 DPDK:fast-tests / sched_autotest        OK       0.33 s 
 93/112 DPDK:fast-tests / security_autotest     OK       0.25 s 
 94/112 DPDK:fast-tests / seqlock_autotest      SKIP     0.22 s 
 95/112 DPDK:fast-tests / service_autotest      OK       0.39 s 
 96/112 DPDK:fast-tests / spinlock_autotest     OK       0.18 s 
 97/112 DPDK:fast-tests / stack_autotest        OK       0.21 s 
 98/112 DPDK:fast-tests / stack_lf_autotest     OK       0.26 s 
 99/112 DPDK:fast-tests / string_autotest       OK       0.23 s 
100/112 DPDK:fast-tests / table_autotest        OK       6.87 s 
101/112 DPDK:fast-tests / tailq_autotest        OK       0.22 s 
102/112 DPDK:fast-tests / telemetry_data_autotest  OK       0.26 s 
103/112 DPDK:fast-tests / telemetry_json_autotest  OK       0.29 s 
104/112 DPDK:fast-tests / thash_autotest        OK       0.24 s 
105/112 DPDK:fast-tests / threads_autotest      OK       0.41 s 
106/112 DPDK:fast-tests / ticketlock_autotest   OK       0.35 s 
107/112 DPDK:fast-tests / timer_autotest        OK       2.63 s 
108/112 DPDK:fast-tests / trace_autotest        OK       0.37 s 
109/112 DPDK:fast-tests / trace_autotest_with_traces  OK       0.22 s 
110/112 DPDK:fast-tests / vdev_autotest         OK       0.22 s 
111/112 DPDK:fast-tests / version_autotest      OK       0.21 s 
112/112 DPDK:fast-tests / telemetry_all         OK       1.14 s 

Ok:                  102
Expected Fail:         0
Fail:                  1
Unexpected Pass:       0
Skipped:               9
Timeout:               0

Full log written to /home-local/jenkins-local/jenkins-agent/workspace/Generic-Unit-Test-DPDK/dpdk/build/meson-logs/testlog.txt



Test log output from the failed test eal_flags_file_prefix_autotest:

Sorry, we were not able to find the logs for this test.
Download the log output from the CI site for this test run.
==== End log output ====

Windows Server 2022
	Kernel: 10.0.20348.2031
	Compiler: clang 15.0.7, gcc 14.1.0 (MinGW), and MSVC VS 19.39.33521

CentOS Stream 9
	Kernel: Depends on container host
	Compiler: gcc 11.4.1 20231218 (Red Hat 11.4.1-3)

Debian Bullseye
	Kernel: Depends on container host
	Compiler: gcc (Debian 10.2.1-6) 10.2.1 20210110

Fedora 37
	Kernel: Depends on container host system
	Compiler: gcc 12.3.1 20230508 (Red Hat 12.3.1-1)

Fedora 38
	Kernel: Depends on container host
	Compiler: gcc 13.2.1 20240316 (Red Hat 13.2.1-7)

Fedora 38 (Clang)
	Kernel: Depends on container host
	Compiler: clang 16.0.6 (Fedora 16.0.6-4.fc38)

Fedora 39 (Clang)
	Kernel: Depends on container host
	Compiler: clang 17.0.6 (Fedora 17.0.6-2.fc39)

Fedora 40
	Kernel: Depends on container host
	Compiler: gcc 14.2.1 20240801 (Red Hat 14.2.1-1)

Fedora 40 (Clang)
	Kernel: Depends on container host
	Compiler: clang 18.1.6 (Fedora 18.1.6-3.fc40)

RHEL8
	Kernel: Depends on container host
	Compiler: gcc 8.5.0 20210514 (Red Hat 8.5.0-22)

RHEL9
	Kernel: Depends on container host
	Compiler: gcc 11.4.1 20231218 (Red Hat 11.4.1-3)

Ubuntu 20.04
	Kernel: Depends on container host
	Compiler: gcc (Ubuntu 9.4.0-1ubuntu1~20.04.2) 9.4.0

Ubuntu 22.04
	Kernel: Depends on container host
	Compiler: gcc (Ubuntu 11.4.0-1ubuntu1~22.04) 11.4.0

Ubuntu 24.04
	Kernel: Depends on container host
	Compiler: gcc (Ubuntu 13.2.0-23ubuntu4) 13.2.0

Debian 12
	Kernel: Depends on container host
	Compiler: gcc (Debian 12.2.0-14) 12.2.0

Fedora 39
	Kernel: Depends on container host
	Compiler: gcc 13.3.1 20240522 (Red Hat 13.3.1-1)

To view detailed results, visit:
https://lab.dpdk.org/results/dashboard/patchsets/31230/

UNH-IOL DPDK Community Lab

To manage your email subscriptions, visit: 
https://lab.dpdk.org/results/dashboard/preferences/subscriptions/