From mboxrd@z Thu Jan  1 00:00:00 1970
Return-Path: <test-report-bounces@dpdk.org>
Received: from mails.dpdk.org (mails.dpdk.org [217.70.189.124])
	by inbox.dpdk.org (Postfix) with ESMTP id 0A66645AEA
	for <public@inbox.dpdk.org>; Wed,  9 Oct 2024 06:25:02 +0200 (CEST)
Received: from mails.dpdk.org (localhost [127.0.0.1])
	by mails.dpdk.org (Postfix) with ESMTP id 0277F4029C;
	Wed,  9 Oct 2024 06:25:02 +0200 (CEST)
Received: from mail-il1-f227.google.com (mail-il1-f227.google.com
 [209.85.166.227])
 by mails.dpdk.org (Postfix) with ESMTP id 292A64028A
 for <test-report@dpdk.org>; Wed,  9 Oct 2024 06:25:00 +0200 (CEST)
Received: by mail-il1-f227.google.com with SMTP id
 e9e14a558f8ab-3a345142c25so17692595ab.3
 for <test-report@dpdk.org>; Tue, 08 Oct 2024 21:25:00 -0700 (PDT)
DKIM-Signature: v=1; a=rsa-sha256; c=relaxed/relaxed;
 d=iol.unh.edu; s=unh-iol; t=1728447899; x=1729052699; darn=dpdk.org;
 h=references:in-reply-to:cc:to:from:subject:message-id:date:from:to
 :cc:subject:date:message-id:reply-to;
 bh=wt2Autsg6H/HvlkD0+wlcpMM3e3CA2qvExacyiIwnq4=;
 b=IicDIxiYY9rftip+7T1XHusXAyPTSqFFMBt9IcXBodSdRmDgbtreaHWZ8ad2va1zF/
 qxAdr4DnbDSlbtpH0AabJQCBts3Kw6SVYhm7OTp5HYhYJcTFKHd62JYGhpQizSowaqba
 m5oZ+Vfxv3OBSd0IcS0aXfvIZXvSYc+J0lNUE=
X-Google-DKIM-Signature: v=1; a=rsa-sha256; c=relaxed/relaxed;
 d=1e100.net; s=20230601; t=1728447899; x=1729052699;
 h=references:in-reply-to:cc:to:from:subject:message-id:date
 :x-gm-message-state:from:to:cc:subject:date:message-id:reply-to;
 bh=wt2Autsg6H/HvlkD0+wlcpMM3e3CA2qvExacyiIwnq4=;
 b=kd6pzwVrZMh7gbX/cp2iHB09DzO4lEItCYhxQr+3r25djPoZYc0PXizMYGz6H1SsYJ
 57AH+4SRyZ1bFvEH3dwKcYcqn3DUMbSEhKXVRQPlKR6j1GsAGSEEqh3kkGJmpJ36pIby
 AVlowSiWLYvvw81Yu3MaciUvuQ3GS81Aq1Avmk3YoX8pKjBpU0YyS+g55SawtBe5CTJR
 5vscvG6bzEQEdKwi3vH5nSFQFuYDYtz5hKA6F2gc35Ix/Goa6yBzo2QwsVwS8CATYHdX
 BVTmPX1RgcDl/u/k2kgYqvnFZpXCO1zYgT7OKE7PILdX0Fh1r5d5lNY1FgKNSZ5L+2nk
 ha5w==
X-Gm-Message-State: AOJu0YzyV0KZ8J/44qhVUvfmnCmGjxQ1jOXIIYqEsXfNuyyQ8ODc11YH
 OO6ORaDfOeQsOZhbljz2OQwkyn/IQOp0NKs/bf9mGSY60vaPrPznIfKO2qkGiNBrx8Y7lXmk6xg
 q5Z4GWCRF6iOGv8esdiuS7U4zwlrZPEsH
X-Google-Smtp-Source: AGHT+IFBfDHFObyCj8WvUn201dMGGoBmGZuV/ehgAxRtjhYHZ1GLGrP5/gulcI6XxdCyaZx3dF9irWt+0J/C
X-Received: by 2002:a05:6e02:1c05:b0:3a0:bc39:2d72 with SMTP id
 e9e14a558f8ab-3a397cedffemr9132165ab.12.1728447899461; 
 Tue, 08 Oct 2024 21:24:59 -0700 (PDT)
Received: from postal.iol.unh.edu (postal.iol.unh.edu. [132.177.123.84])
 by smtp-relay.gmail.com with ESMTPS id
 e9e14a558f8ab-3a37a7ea320sm3298055ab.11.2024.10.08.21.24.59
 (version=TLS1_2 cipher=ECDHE-ECDSA-AES128-GCM-SHA256 bits=128/128);
 Tue, 08 Oct 2024 21:24:59 -0700 (PDT)
X-Relaying-Domain: iol.unh.edu
Date: Tue, 08 Oct 2024 21:24:59 -0700 (PDT)
Message-ID: <6706059b.050a0220.13efcd.6f13SMTPIN_ADDED_MISSING@mx.google.com>
Received: from [172.17.0.5] (unknown [172.18.0.217])
 by postal.iol.unh.edu (Postfix) with ESMTP id EFDA96050A6B;
 Wed,  9 Oct 2024 00:24:58 -0400 (EDT)
Subject: |FAILURE| pw145483-145487 [PATCH] [v3,5/5] maintainers: update for d
From: dpdklab@iol.unh.edu
To: Test Report <test-report@dpdk.org>
Cc: dpdk-test-reports@iol.unh.edu,
 Sivaprasad Tummala <Sivaprasad.Tummala@amd.com>
In-Reply-To: <20241008174309.1133051-6-sivaprasad.tummala@amd.com>
References: <20241008174309.1133051-6-sivaprasad.tummala@amd.com>
Content-Type: text/plain
X-BeenThere: test-report@dpdk.org
X-Mailman-Version: 2.1.29
Precedence: list
List-Id: automatic DPDK test reports <test-report.dpdk.org>
List-Unsubscribe: <https://mails.dpdk.org/options/test-report>,
 <mailto:test-report-request@dpdk.org?subject=unsubscribe>
List-Archive: <http://mails.dpdk.org/archives/test-report/>
List-Post: <mailto:test-report@dpdk.org>
List-Help: <mailto:test-report-request@dpdk.org?subject=help>
List-Subscribe: <https://mails.dpdk.org/listinfo/test-report>,
 <mailto:test-report-request@dpdk.org?subject=subscribe>
Errors-To: test-report-bounces@dpdk.org

Test-Label: iol-compile-arm64-testing
Test-Status: FAILURE
http://dpdk.org/patch/145487

_Testing issues_

Submitter: Sivaprasad Tummala <Sivaprasad.Tummala@amd.com>
Date: Tuesday, October 08 2024 17:43:08 
DPDK git baseline: Repo:dpdk
  Branch: master
  CommitID:e7bc451c996b5882c5d8267725f3d88118009c75

145483-145487 --> testing issues

Upstream job id: Generic-DPDK-Compile-Meson#312504

Test environment and result as below:

+----------------------------------------+--------------------+
|              Environment               | dpdk_meson_compile |
+========================================+====================+
| RHEL9 (ARM)                            | FAIL               |
+----------------------------------------+--------------------+
| Ubuntu 20.04 ARM GCC Cross Compile     | FAIL               |
+----------------------------------------+--------------------+
| Ubuntu 20.04 ARM SVE                   | PASS               |
+----------------------------------------+--------------------+
| Debian 12 with MUSDK                   | FAIL               |
+----------------------------------------+--------------------+
| Fedora 37 (ARM)                        | FAIL               |
+----------------------------------------+--------------------+
| Fedora 38 (ARM)                        | FAIL               |
+----------------------------------------+--------------------+
| Fedora 38 (ARM Clang)                  | PEND               |
+----------------------------------------+--------------------+
| Fedora 39 (ARM)                        | FAIL               |
+----------------------------------------+--------------------+
| Fedora 39 (ARM Clang)                  | PEND               |
+----------------------------------------+--------------------+
| Fedora 40 (ARM)                        | FAIL               |
+----------------------------------------+--------------------+
| Fedora 40 (ARM Clang)                  | PEND               |
+----------------------------------------+--------------------+
| Ubuntu 20.04 (ARM)                     | FAIL               |
+----------------------------------------+--------------------+
| Ubuntu 22.04 (ARM)                     | FAIL               |
+----------------------------------------+--------------------+
| Ubuntu 24.04 (ARM)                     | FAIL               |
+----------------------------------------+--------------------+
| CentOS Stream 9 (ARM)                  | FAIL               |
+----------------------------------------+--------------------+
| Debian 11 (Buster) (ARM)               | PEND               |
+----------------------------------------+--------------------+
| Debian 12 (arm)                        | PEND               |
+----------------------------------------+--------------------+
| Ubuntu 20.04 ARM Clang Cross Compile   | FAIL               |
+----------------------------------------+--------------------+
| Ubuntu 20.04 aarch32 GCC Cross Compile | FAIL               |
+----------------------------------------+--------------------+

==== 20 line log output for Ubuntu 20.04 aarch32 GCC Cross Compile (dpdk_meson_compile): ====
[337/2325] Generating member.sym_chk with a meson_exe.py custom command.
[338/2325] Linking target lib/librte_member.so.25.0.
[339/2325] Generating symbol file 'lib/76b5a35@@rte_member@sha/librte_member.so.25.0.symbols'.
[340/2325] Compiling C object 'lib/76b5a35@@rte_pcapng@sta/pcapng_rte_pcapng.c.o'.
[341/2325] Linking static target lib/librte_pcapng.a.
[342/2325] Generating pcapng.sym_chk with a meson_exe.py custom command.
[343/2325] Linking target lib/librte_pcapng.so.25.0.
[344/2325] Generating symbol file 'lib/76b5a35@@rte_pcapng@sha/librte_pcapng.so.25.0.symbols'.
[345/2325] Compiling C object 'lib/76b5a35@@rte_power@sta/power_power_common.c.o'.
[346/2325] Compiling C object 'lib/76b5a35@@rte_power@sta/power_rte_power.c.o'.
FAILED: lib/76b5a35@@rte_power@sta/power_rte_power.c.o
ccache arm-linux-gnueabihf-gcc -Ilib/76b5a35@@rte_power@sta -Ilib -I../lib -Ilib/power -I../lib/power -I. -I../ -Iconfig -I../config -Ilib/eal/include -I../lib/eal/include -Ilib/eal/linux/include -I../lib/eal/linux/include -Ilib/eal/arm/include -I../lib/eal/arm/include -Ilib/eal/common -I../lib/eal/common -Ilib/eal -I../lib/eal -Ilib/kvargs -I../lib/kvargs -Ilib/log -I../lib/log -Ilib/telemetry/../metrics -I../lib/telemetry/../metrics -Ilib/telemetry -I../lib/telemetry -Ilib/timer -I../lib/timer -Ilib/ethdev -I../lib/ethdev -Ilib/net -I../lib/net -Ilib/mbuf -I../lib/mbuf -Ilib/mempool -I../lib/mempool -Ilib/ring -I../lib/ring -Ilib/meter -I../lib/meter -fdiagnostics-color=always -pipe -D_FILE_OFFSET_BITS=64 -Wall -Winvalid-pch -Wextra -Werror -std=c11 -O3 -include rte_config.h -Wcast-qual -Wdeprecated -Wformat -Wformat-nonliteral -Wformat-security -Wmissing-declarations -Wmissing-prototypes -Wnested-externs -Wold-style-definition -Wpointer-arith -Wsign-compare -Wstrict-prototypes -Wu
 ndef -Wwrite-strings -Wno-address-of-packed-member -Wno-packed-not-aligned -Wno-missing-field-initializers -Wno-pointer-to-int-cast -D_GNU_SOURCE -fPIC -march=armv8-a+simd -mfpu=auto -DALLOW_EXPERIMENTAL_API -DALLOW_INTERNAL_API -Wno-format-truncation -Wno-cast-qual -DRTE_LOG_DEFAULT_LOGTYPE=lib.power -MD -MQ 'lib/76b5a35@@rte_power@sta/power_rte_power.c.o' -MF 'lib/76b5a35@@rte_power@sta/power_rte_power.c.o.d' -o 'lib/76b5a35@@rte_power@sta/power_rte_power.c.o' -c ../lib/power/rte_power.c
../lib/power/rte_power.c: In function 'rte_power_get_core_ops':
../lib/power/rte_power.c:113:2: error: implicit declaration of function 'RTE_ASSERT'; did you mean 'RTE_STR'? [-Werror=implicit-function-declaration]
113 |  RTE_ASSERT(global_power_core_ops != NULL);
|  ^~~~~~~~~~
|  RTE_STR
../lib/power/rte_power.c:113:2: error: nested extern declaration of 'RTE_ASSERT' [-Werror=nested-externs]
cc1: all warnings being treated as errors
ninja: build stopped: subcommand failed.
==== End log output ====

RHEL9 (ARM)
	Kernel: Depends on container host
	Compiler: gcc 11.4.1 20231218 (Red Hat 11.4.1-3)

Ubuntu 20.04 ARM GCC Cross Compile
	Kernel: Depends on container host
	Compiler: aarch64-linux-gnu-gcc (Ubuntu 9.4.0-1ubuntu1~20.04.2) 9.4.0

Ubuntu 20.04 ARM SVE
	Kernel: Depends on container host
	Compiler: gcc (Ubuntu 10.5.0-1ubuntu1~20.04) 10.5.0

Debian 12 with MUSDK
	Kernel: Depends on container host
	Compiler: gcc (Debian 12.2.0-14) 12.2.0

Fedora 37 (ARM)
	Kernel: Depends on container host
	Compiler: gcc 12.3.1 20230508 (Red Hat 12.3.1-1)

Fedora 38 (ARM)
	Kernel: Depends on container host
	Compiler: gcc 13.2.1 20240316 (Red Hat 13.2.1-7)

Fedora 38 (ARM Clang)
	Kernel: Depends on container host
	Compiler: clang 16.0.6 (Fedora 16.0.6-4.fc38)

Fedora 39 (ARM)
	Kernel: Depends on container host
	Compiler: gcc 13.3.1 20240522 (Red Hat 13.3.1-1)

Fedora 39 (ARM Clang)
	Kernel: Depends on container host
	Compiler: clang 17.0.6 (Fedora 17.0.6-2.fc39)

Fedora 40 (ARM)
	Kernel: Depends on container host
	Compiler: gcc 14.2.1 20240801 (Red Hat 14.2.1-1)

Fedora 40 (ARM Clang)
	Kernel: Depends on container host
	Compiler: clang 18.1.6 (Fedora 18.1.6-3.fc40)

Ubuntu 20.04 (ARM)
	Kernel: Depends on container host
	Compiler: gcc (Ubuntu 9.4.0-1ubuntu1~20.04.2) 9.4.0

Ubuntu 22.04 (ARM)
	Kernel: Depends on container host
	Compiler: gcc (Ubuntu 11.4.0-1ubuntu1~22.04) 11.4.0

Ubuntu 24.04 (ARM)
	Kernel: Depends on container host
	Compiler: gcc (Ubuntu 13.2.0-23ubuntu4) 13.2.0

CentOS Stream 9 (ARM)
	Kernel: Depends on container host
	Compiler: gcc 11.4.1 20231218 (Red Hat 11.4.1-3)

Debian 11 (Buster) (ARM)
	Kernel: Depends on container host
	Compiler: gcc (Debian 10.2.1-6) 10.2.1 20210110

Debian 12 (arm)
	Kernel: Depends on container host
	Compiler: gcc (Debian 12.2.0-14) 12.2.0

Ubuntu 20.04 ARM Clang Cross Compile
	Kernel: Depends on container host
	Compiler: clang 10.0.0-4ubuntu1

Ubuntu 20.04 aarch32 GCC Cross Compile
	Kernel: Depends on container host
	Compiler: gcc 9.4.0

To view detailed results, visit:
https://lab.dpdk.org/results/dashboard/patchsets/31358/

UNH-IOL DPDK Community Lab

To manage your email subscriptions, visit: 
https://lab.dpdk.org/results/dashboard/preferences/subscriptions/