From mboxrd@z Thu Jan  1 00:00:00 1970
Return-Path: <test-report-bounces@dpdk.org>
Received: from mails.dpdk.org (mails.dpdk.org [217.70.189.124])
	by inbox.dpdk.org (Postfix) with ESMTP id E182C45B0D
	for <public@inbox.dpdk.org>; Fri, 11 Oct 2024 07:39:00 +0200 (CEST)
Received: from mails.dpdk.org (localhost [127.0.0.1])
	by mails.dpdk.org (Postfix) with ESMTP id B5A1B40676;
	Fri, 11 Oct 2024 07:39:00 +0200 (CEST)
Received: from mail-pl1-f228.google.com (mail-pl1-f228.google.com
 [209.85.214.228])
 by mails.dpdk.org (Postfix) with ESMTP id DB08C402F2
 for <test-report@dpdk.org>; Fri, 11 Oct 2024 07:38:58 +0200 (CEST)
Received: by mail-pl1-f228.google.com with SMTP id
 d9443c01a7336-20c714cd9c8so13044665ad.0
 for <test-report@dpdk.org>; Thu, 10 Oct 2024 22:38:58 -0700 (PDT)
DKIM-Signature: v=1; a=rsa-sha256; c=relaxed/relaxed;
 d=iol.unh.edu; s=unh-iol; t=1728625138; x=1729229938; darn=dpdk.org;
 h=references:in-reply-to:cc:to:from:subject:message-id:date:from:to
 :cc:subject:date:message-id:reply-to;
 bh=o8/1pNk/HocWZrTrluTD2aKLqdOl1QCZmvtOb42qhS8=;
 b=IJZZ/0Zqn3ETb6DYIAPG0qzUat/alSD8NYgnxRZm1cnoB2NRps7rtGIpXxTDfDYWDR
 O3Bgw1S0SHSVlOaCJb50klj4a3I2YRLZoqtgkYyZ4j/0iw2dpKAgMh+YSRMKOe4RxRfb
 0P0nNQzGuSoQ7ULi18GWRxnPndxcH3kop/ZZ0=
X-Google-DKIM-Signature: v=1; a=rsa-sha256; c=relaxed/relaxed;
 d=1e100.net; s=20230601; t=1728625138; x=1729229938;
 h=references:in-reply-to:cc:to:from:subject:message-id:date
 :x-gm-message-state:from:to:cc:subject:date:message-id:reply-to;
 bh=o8/1pNk/HocWZrTrluTD2aKLqdOl1QCZmvtOb42qhS8=;
 b=DwYXPe8NwHfDfKBPDVpt1AxEU0MGpm2rWf3BviATRP+108r34BW5kEFTwOY8wjVZiG
 Wsi81HU+NeyD24kqOhsHFQ7/ZM20LIsF7w+l/ACNd5wHs/h24OHAtQG8FtxgeDpX7niL
 38PzfoSo9xVa+Lp2x59bUtr0FMZYel02Lu4CwSp1jsNe7/0Ig41RFquARKxzaQPJ7L87
 HbSTTGSMx8nmr8eSZ+HbcU8wY7iWZGTt0AMQh2MTxUVPIm/Jt6eYCAUWTefEOPAo4O7u
 t7wJ3svNjVjGCBd9VtdVReZelMNgNOwZ2TxwjcwO/+1GHoeL6cJKDIcRGAiPBYXCctii
 EWBA==
X-Gm-Message-State: AOJu0YxOamjP0Wo9DvlpehmDtgzQfQo5JV/3pd7wUi2vxLdOq7HPr/aE
 nsxH/bVR612qVNIR6mznRL7z+AsmKtVAkqcO282TstMEvJc8InGjxaS3kt9fb+pbKB2ZDNzrJIM
 Xjc5wKwbkNkOfo2a48094UYX9P1Idqb4ONndIABV+CZq1mStQQ+cFEokV
X-Google-Smtp-Source: AGHT+IFbo2NpO/5ruWLgDF7NNxFLb4q0Sjaj95esalcKe7NaZ8U9p0TxqdvgEkj87xN6kUNLT5JpZER9b5R6
X-Received: by 2002:a17:902:d2c8:b0:206:96bf:b0cf with SMTP id
 d9443c01a7336-20ca1315240mr21928755ad.0.1728625132101; 
 Thu, 10 Oct 2024 22:38:52 -0700 (PDT)
Received: from postal.iol.unh.edu (postal.iol.unh.edu.
 [2606:4100:3880:1234::84]) by smtp-relay.gmail.com with ESMTPS id
 d9443c01a7336-20c8c0f22e4sm364125ad.133.2024.10.10.22.38.51
 (version=TLS1_2 cipher=ECDHE-ECDSA-AES128-GCM-SHA256 bits=128/128);
 Thu, 10 Oct 2024 22:38:52 -0700 (PDT)
X-Relaying-Domain: iol.unh.edu
Date: Thu, 10 Oct 2024 22:38:52 -0700 (PDT)
Message-ID: <6708b9ec.170a0220.575bc.2452SMTPIN_ADDED_MISSING@mx.google.com>
Received: from [172.21.0.2] (unknown [172.18.0.240])
 by postal.iol.unh.edu (Postfix) with ESMTP id 865C06052471;
 Fri, 11 Oct 2024 01:38:51 -0400 (EDT)
Subject: |FAILURE| pw145704 [PATCH] [v2] doc: reword sample app guides
From: dpdklab@iol.unh.edu
To: Test Report <test-report@dpdk.org>
Cc: dpdk-test-reports@iol.unh.edu, Nandini Persad <nandinipersad361@gmail.com>
In-Reply-To: <20241010203209.63911-1-nandinipersad361@gmail.com>
References: <20241010203209.63911-1-nandinipersad361@gmail.com>
Content-Type: text/plain
X-BeenThere: test-report@dpdk.org
X-Mailman-Version: 2.1.29
Precedence: list
List-Id: automatic DPDK test reports <test-report.dpdk.org>
List-Unsubscribe: <https://mails.dpdk.org/options/test-report>,
 <mailto:test-report-request@dpdk.org?subject=unsubscribe>
List-Archive: <http://mails.dpdk.org/archives/test-report/>
List-Post: <mailto:test-report@dpdk.org>
List-Help: <mailto:test-report-request@dpdk.org?subject=help>
List-Subscribe: <https://mails.dpdk.org/listinfo/test-report>,
 <mailto:test-report-request@dpdk.org?subject=subscribe>
Errors-To: test-report-bounces@dpdk.org

Test-Label: iol-unit-amd64-testing
Test-Status: FAILURE
http://dpdk.org/patch/145704

_Testing issues_

Submitter: Nandini Persad <nandinipersad361@gmail.com>
Date: Thursday, October 10 2024 20:32:09 
DPDK git baseline: Repo:dpdk
  Branch: master
  CommitID:e0bf217330a89c30505f218ce89005cfb662af7c

145704 --> testing issues

Upstream job id: Generic-Unit-Test-DPDK#273502

Test environment and result as below:

+---------------------+----------------+
|     Environment     | dpdk_unit_test |
+=====================+================+
| Windows Server 2022 | PASS           |
+---------------------+----------------+
| CentOS Stream 9     | PASS           |
+---------------------+----------------+
| Debian Bullseye     | PASS           |
+---------------------+----------------+
| Debian 12           | PASS           |
+---------------------+----------------+
| Fedora 38           | PASS           |
+---------------------+----------------+
| Fedora 37           | FAIL           |
+---------------------+----------------+
| Fedora 38 (Clang)   | PASS           |
+---------------------+----------------+
| Fedora 39           | PASS           |
+---------------------+----------------+
| Fedora 39 (Clang)   | PASS           |
+---------------------+----------------+
| Fedora 40           | PASS           |
+---------------------+----------------+
| Fedora 40 (Clang)   | PASS           |
+---------------------+----------------+
| RHEL8               | PASS           |
+---------------------+----------------+
| RHEL9               | PASS           |
+---------------------+----------------+
| Ubuntu 20.04        | PASS           |
+---------------------+----------------+
| Ubuntu 22.04        | PASS           |
+---------------------+----------------+
| Ubuntu 24.04        | PASS           |
+---------------------+----------------+

==== Unit test summary for Fedora 37 (dpdk_unit_test): ====
ninja: Entering directory `/home-local/jenkins-local/jenkins-agent/workspace/Generic-Unit-Test-DPDK/dpdk/build'
ninja: no work to do.
  1/113 DPDK:fast-tests / acl_autotest          OK       2.57 s 
  2/113 DPDK:fast-tests / alarm_autotest        OK       1.17 s 
  3/113 DPDK:fast-tests / argparse_autotest     OK       0.22 s 
  4/113 DPDK:fast-tests / atomic_autotest       OK       0.37 s 
  5/113 DPDK:fast-tests / bitcount_autotest     OK       0.22 s 
  6/113 DPDK:fast-tests / bitmap_autotest       OK       0.22 s 
  7/113 DPDK:fast-tests / bitops_autotest       FAIL     1.67 s (exit status 255 or signal 127 SIGinvalid)
  8/113 DPDK:fast-tests / bitratestats_autotest  OK       0.22 s 
  9/113 DPDK:fast-tests / bpf_autotest          OK       0.22 s 
 10/113 DPDK:fast-tests / bpf_convert_autotest  OK       0.22 s 
 11/113 DPDK:fast-tests / byteorder_autotest    OK       0.22 s 
 12/113 DPDK:fast-tests / cksum_autotest        OK       0.22 s 
 13/113 DPDK:fast-tests / cmdline_autotest      OK       0.22 s 
 14/113 DPDK:fast-tests / common_autotest       OK       0.52 s 
 15/113 DPDK:fast-tests / compressdev_autotest  SKIP     0.17 s 
 16/113 DPDK:fast-tests / cpuflags_autotest     OK       0.22 s 
 17/113 DPDK:fast-tests / crc_autotest          OK       0.22 s 
 18/113 DPDK:fast-tests / user_delay_us         OK       0.22 s 
 19/113 DPDK:fast-tests / debug_autotest        OK       0.47 s 
 20/113 DPDK:fast-tests / devargs_autotest      OK       0.22 s 
 21/113 DPDK:fast-tests / dispatcher_autotest   SKIP     0.17 s 
 22/113 DPDK:fast-tests / distributor_autotest  OK       0.97 s 
 23/113 DPDK:fast-tests / eal_flags_c_opt_autotest  OK       0.72 s 
 24/113 DPDK:fast-tests / eal_flags_main_opt_autotest  OK       0.32 s 
 25/113 DPDK:fast-tests / eal_flags_n_opt_autotest  OK       0.48 s 
 26/113 DPDK:fast-tests / eal_flags_hpet_autotest  OK       0.22 s 
 27/113 DPDK:fast-tests / eal_flags_no_huge_autotest  OK       0.47 s 
 28/113 DPDK:fast-tests / eal_flags_a_opt_autotest  OK       0.40 s 
 29/113 DPDK:fast-tests / eal_flags_b_opt_autotest  OK       0.32 s 
 30/113 DPDK:fast-tests / eal_flags_vdev_opt_autotest  OK       0.57 s 
 31/113 DPDK:fast-tests / eal_flags_r_opt_autotest  OK       0.27 s 
 32/113 DPDK:fast-tests / eal_flags_mem_autotest  OK       0.72 s 
 33/113 DPDK:fast-tests / eal_flags_file_prefix_autotest  OK       6.95 s 
 34/113 DPDK:fast-tests / eal_flags_misc_autotest  OK       1.83 s 
 35/113 DPDK:fast-tests / eal_fs_autotest       OK       0.22 s 
 36/113 DPDK:fast-tests / errno_autotest        OK       0.17 s 
 37/113 DPDK:fast-tests / ethdev_link_status    OK       0.17 s 
 38/113 DPDK:fast-tests / event_eth_tx_adapter_autotest  OK       0.47 s 
 39/113 DPDK:fast-tests / event_ring_autotest   OK       0.22 s 
 40/113 DPDK:fast-tests / eventdev_common_autotest  OK       0.22 s 
 41/113 DPDK:fast-tests / eventdev_selftest_sw  OK       0.22 s 
 42/113 DPDK:fast-tests / fbarray_autotest      OK       0.22 s 
 43/113 DPDK:fast-tests / fib_autotest          OK       0.62 s 
 44/113 DPDK:fast-tests / fib6_autotest         OK       0.72 s 
 45/113 DPDK:fast-tests / func_reentrancy_autotest  OK       0.79 s 
 46/113 DPDK:fast-tests / graph_autotest        OK       0.24 s 
 47/113 DPDK:fast-tests / node_list_dump        OK       0.26 s 
 48/113 DPDK:fast-tests / hash_autotest         OK       0.51 s 
 49/113 DPDK:fast-tests / hash_readwrite_func_autotest  SKIP     0.24 s 
 50/113 DPDK:fast-tests / interrupt_autotest    OK       1.33 s 
 51/113 DPDK:fast-tests / ipfrag_autotest       OK       0.17 s 
 52/113 DPDK:fast-tests / ipsec_autotest        SKIP     0.22 s 
 53/113 DPDK:fast-tests / kvargs_autotest       OK       0.22 s 
 54/113 DPDK:fast-tests / latencystats_autotest  OK       0.18 s 
 55/113 DPDK:fast-tests / lcores_autotest       OK      24.26 s 
 56/113 DPDK:fast-tests / logs_autotest         OK       0.22 s 
 57/113 DPDK:fast-tests / lpm_autotest          OK       1.52 s 
 58/113 DPDK:fast-tests / lpm6_autotest         OK       2.53 s 
 59/113 DPDK:fast-tests / malloc_autotest       OK       1.02 s 
 60/113 DPDK:fast-tests / mbuf_autotest         OK       0.17 s 
 61/113 DPDK:fast-tests / mcslock_autotest      OK       0.47 s 
 62/113 DPDK:fast-tests / member_autotest       OK       0.82 s 
 63/113 DPDK:fast-tests / memcpy_autotest       OK       1.92 s 
 64/113 DPDK:fast-tests / memory_autotest       OK       0.17 s 
 65/113 DPDK:fast-tests / mempool_autotest      OK       0.47 s 
 66/113 DPDK:fast-tests / memzone_autotest      OK       0.17 s 
 67/113 DPDK:fast-tests / meter_autotest        OK       0.22 s 
 68/113 DPDK:fast-tests / metrics_autotest      OK       0.22 s 
 69/113 DPDK:fast-tests / multiprocess_autotest  OK       0.27 s 
 70/113 DPDK:fast-tests / net_ether_autotest    OK       0.53 s 
 71/113 DPDK:fast-tests / pdcp_autotest         SKIP     0.17 s 
 72/113 DPDK:fast-tests / pdump_autotest        OK       0.37 s 
 73/113 DPDK:fast-tests / per_lcore_autotest    OK       0.32 s 
 74/113 DPDK:fast-tests / pflock_autotest       OK       0.32 s 
 75/113 DPDK:fast-tests / pie_autotest          OK       0.22 s 
 76/113 DPDK:fast-tests / ring_pmd_autotest     OK       0.22 s 
 77/113 DPDK:fast-tests / power_autotest        OK       0.23 s 
 78/113 DPDK:fast-tests / power_cpufreq_autotest  SKIP     0.17 s 
 79/113 DPDK:fast-tests / power_intel_uncore_autotest  SKIP     0.22 s 
 80/113 DPDK:fast-tests / power_kvm_vm_autotest  SKIP     0.17 s 
 81/113 DPDK:fast-tests / prefetch_autotest     OK       0.22 s 
 82/113 DPDK:fast-tests / ptr_compress_autotest  OK       0.22 s 
 83/113 DPDK:fast-tests / rawdev_autotest       OK       0.22 s 
 84/113 DPDK:fast-tests / rcu_qsbr_autotest     OK       0.32 s 
 85/113 DPDK:fast-tests / reorder_autotest      OK       0.32 s 
 86/113 DPDK:fast-tests / rib_autotest          OK       3.63 s 
 87/113 DPDK:fast-tests / rib6_autotest         OK       3.73 s 
 88/113 DPDK:fast-tests / ring_autotest         OK       0.18 s 
 89/113 DPDK:fast-tests / rwlock_test1_autotest  OK       0.32 s 
 90/113 DPDK:fast-tests / rwlock_rda_autotest   OK       5.17 s 
 91/113 DPDK:fast-tests / rwlock_rds_wrm_autotest  OK       5.19 s 
 92/113 DPDK:fast-tests / rwlock_rde_wro_autotest  OK       5.21 s 
 93/113 DPDK:fast-tests / sched_autotest        OK       0.22 s 
 94/113 DPDK:fast-tests / security_autotest     OK       0.17 s 
 95/113 DPDK:fast-tests / seqlock_autotest      SKIP     0.22 s 
 96/113 DPDK:fast-tests / service_autotest      OK       0.32 s 
 97/113 DPDK:fast-tests / spinlock_autotest     OK       0.22 s 
 98/113 DPDK:fast-tests / stack_autotest        OK       0.22 s 
 99/113 DPDK:fast-tests / stack_lf_autotest     OK       0.27 s 
100/113 DPDK:fast-tests / string_autotest       OK       0.26 s 
101/113 DPDK:fast-tests / table_autotest        OK       5.84 s 
102/113 DPDK:fast-tests / tailq_autotest        OK       0.22 s 
103/113 DPDK:fast-tests / telemetry_data_autotest  OK       0.22 s 
104/113 DPDK:fast-tests / telemetry_json_autotest  OK       0.22 s 
105/113 DPDK:fast-tests / thash_autotest        OK       0.22 s 
106/113 DPDK:fast-tests / threads_autotest      OK       0.37 s 
107/113 DPDK:fast-tests / ticketlock_autotest   OK       0.22 s 
108/113 DPDK:fast-tests / timer_autotest        OK       2.53 s 
109/113 DPDK:fast-tests / trace_autotest        OK       0.22 s 
110/113 DPDK:fast-tests / trace_autotest_with_traces  OK       0.25 s 
111/113 DPDK:fast-tests / vdev_autotest         OK       0.25 s 
112/113 DPDK:fast-tests / version_autotest      OK       0.23 s 
113/113 DPDK:fast-tests / telemetry_all         SKIP     0.01 s 

Ok:                  102
Expected Fail:         0
Fail:                  1
Unexpected Pass:       0
Skipped:              10
Timeout:               0

Full log written to /home-local/jenkins-local/jenkins-agent/workspace/Generic-Unit-Test-DPDK/dpdk/build/meson-logs/testlog.txt



Test log output from the failed test bitops_autotest:

Sorry, we were not able to find the logs for this test.
Download the log output from the CI site for this test run.
==== End log output ====

Windows Server 2022
	Kernel: 10.0.20348.2031
	Compiler: clang 15.0.7, gcc 14.1.0 (MinGW), and MSVC VS 19.39.33521

CentOS Stream 9
	Kernel: Depends on container host
	Compiler: gcc 11.4.1 20231218 (Red Hat 11.4.1-3)

Debian Bullseye
	Kernel: Depends on container host
	Compiler: gcc (Debian 10.2.1-6) 10.2.1 20210110

Debian 12
	Kernel: Depends on container host
	Compiler: gcc (Debian 12.2.0-14) 12.2.0

Fedora 38
	Kernel: Depends on container host
	Compiler: gcc 13.2.1 20240316 (Red Hat 13.2.1-7)

Fedora 37
	Kernel: Depends on container host system
	Compiler: gcc 12.3.1 20230508 (Red Hat 12.3.1-1)

Fedora 38 (Clang)
	Kernel: Depends on container host
	Compiler: clang 16.0.6 (Fedora 16.0.6-4.fc38)

Fedora 39
	Kernel: Depends on container host
	Compiler: gcc 13.3.1 20240522 (Red Hat 13.3.1-1)

Fedora 39 (Clang)
	Kernel: Depends on container host
	Compiler: clang 17.0.6 (Fedora 17.0.6-2.fc39)

Fedora 40
	Kernel: Depends on container host
	Compiler: gcc 14.2.1 20240801 (Red Hat 14.2.1-1)

Fedora 40 (Clang)
	Kernel: Depends on container host
	Compiler: clang 18.1.6 (Fedora 18.1.6-3.fc40)

RHEL8
	Kernel: Depends on container host
	Compiler: gcc 8.5.0 20210514 (Red Hat 8.5.0-22)

RHEL9
	Kernel: Depends on container host
	Compiler: gcc 11.4.1 20231218 (Red Hat 11.4.1-3)

Ubuntu 20.04
	Kernel: Depends on container host
	Compiler: gcc (Ubuntu 9.4.0-1ubuntu1~20.04.2) 9.4.0

Ubuntu 22.04
	Kernel: Depends on container host
	Compiler: gcc (Ubuntu 11.4.0-1ubuntu1~22.04) 11.4.0

Ubuntu 24.04
	Kernel: Depends on container host
	Compiler: gcc (Ubuntu 13.2.0-23ubuntu4) 13.2.0

To view detailed results, visit:
https://lab.dpdk.org/results/dashboard/patchsets/31416/

UNH-IOL DPDK Community Lab

To manage your email subscriptions, visit: 
https://lab.dpdk.org/results/dashboard/preferences/subscriptions/