From mboxrd@z Thu Jan  1 00:00:00 1970
Return-Path: <test-report-bounces@dpdk.org>
Received: from mails.dpdk.org (mails.dpdk.org [217.70.189.124])
	by inbox.dpdk.org (Postfix) with ESMTP id 2064845B07
	for <public@inbox.dpdk.org>; Fri, 11 Oct 2024 13:29:16 +0200 (CEST)
Received: from mails.dpdk.org (localhost [127.0.0.1])
	by mails.dpdk.org (Postfix) with ESMTP id 1D603402D7;
	Fri, 11 Oct 2024 13:29:16 +0200 (CEST)
Received: from mail-yb1-f226.google.com (mail-yb1-f226.google.com
 [209.85.219.226])
 by mails.dpdk.org (Postfix) with ESMTP id BD8B84028B
 for <test-report@dpdk.org>; Fri, 11 Oct 2024 13:29:14 +0200 (CEST)
Received: by mail-yb1-f226.google.com with SMTP id
 3f1490d57ef6-e292926104bso242720276.0
 for <test-report@dpdk.org>; Fri, 11 Oct 2024 04:29:14 -0700 (PDT)
DKIM-Signature: v=1; a=rsa-sha256; c=relaxed/relaxed;
 d=iol.unh.edu; s=unh-iol; t=1728646154; x=1729250954; darn=dpdk.org;
 h=references:in-reply-to:cc:to:from:subject:message-id:date:from:to
 :cc:subject:date:message-id:reply-to;
 bh=L31VIUjCsuSjvyXKOytnmTwMBUGos6QstJvbTaJEzvA=;
 b=QjoX28XX4ouYq2tWkOLXDWTzUghDmGuqpTJ1jPjIJyp4T5oP2StfW86OM8QGt2xOL2
 XwrPFjjfnU+aHGteFc6ooImlz8xjni1OYZ9vxSmBcrDx9oIqQ/FxruG/VxcOXQRJa4/J
 O+RXLTGo1sqCUreMPJda+Fpcb0SuwFcbXtNMk=
X-Google-DKIM-Signature: v=1; a=rsa-sha256; c=relaxed/relaxed;
 d=1e100.net; s=20230601; t=1728646154; x=1729250954;
 h=references:in-reply-to:cc:to:from:subject:message-id:date
 :x-gm-message-state:from:to:cc:subject:date:message-id:reply-to;
 bh=L31VIUjCsuSjvyXKOytnmTwMBUGos6QstJvbTaJEzvA=;
 b=ghQeAJs/RMoMu4w5MpGHfMB8yvYa3LMKy/A6Qahuetsz3QkdTeWIUk7Y+JlMGPqlKP
 s7E2REWfcMn+5gLZAPH0zh/wejzoynt4DUjrsXUiXTDmGpHf0/AqBmCng9T1cZ6DC5Gq
 J7q54xxeJLHVg6b9ebMQ6iW4NVHCZ0EI6PXpZiSFdqPG4saAtWJbZibCm9ZIJxTOiF6A
 8NZQD9DH9gLsoxtTd01ynaFzkJMi9xsMGIpTAHRKibfFmB2CCbadj71BYfL0beMt/XUD
 aphe9JK2ZEKA1yPvXIyeklnqaNnksltmyF69d/i/17uArE/35qOXCh/dW50TwZQcmABu
 bDCA==
X-Gm-Message-State: AOJu0YxtBkIAp50TW7DBuGmZA6DHtzHP/tG7Q2bJjQ1+CDAzC22uWuq/
 Cl2h/muGQPuuE5hieK88CMmPWz9VHLKSKIw1a51ntukfmuenQdGZjXy+IdL7Khs0g47IsgAvj/H
 PkMy9oWlSync4v2tC0QfMx+j+w2b/LTM0yll4IelclQNnsiYRYPrt+6Fx
X-Google-Smtp-Source: AGHT+IFx1UDrCMCTDFiOgNT2dU7bgqVMirL9nkLNm7+FM4p/C+lfyMKpLLJuINREZpmDS43pT2wWzTsp5Hlh
X-Received: by 2002:a05:6902:cc9:b0:e29:e81:fe45 with SMTP id
 3f1490d57ef6-e2919def3c5mr1739426276.35.1728646154116; 
 Fri, 11 Oct 2024 04:29:14 -0700 (PDT)
Received: from postal.iol.unh.edu (postal.iol.unh.edu.
 [2606:4100:3880:1234::84]) by smtp-relay.gmail.com with ESMTPS id
 3f1490d57ef6-e290ee156c5sm143232276.21.2024.10.11.04.29.14
 (version=TLS1_2 cipher=ECDHE-ECDSA-AES128-GCM-SHA256 bits=128/128);
 Fri, 11 Oct 2024 04:29:14 -0700 (PDT)
X-Relaying-Domain: iol.unh.edu
Date: Fri, 11 Oct 2024 04:29:14 -0700 (PDT)
Message-ID: <67090c0a.250a0220.98816.97a0SMTPIN_ADDED_MISSING@mx.google.com>
Received: from [172.21.0.2] (unknown [172.18.0.240])
 by postal.iol.unh.edu (Postfix) with ESMTP id C06C36052471;
 Fri, 11 Oct 2024 07:29:13 -0400 (EDT)
Subject: |WARNING| pw145609-145657 [PATCH] [v3,50/50] net/ntnic: add function
From: dpdklab@iol.unh.edu
To: Test Report <test-report@dpdk.org>
Cc: dpdk-test-reports@iol.unh.edu
In-Reply-To: <20241010141416.4063591-51-sil-plv@napatech.com>
References: <20241010141416.4063591-51-sil-plv@napatech.com>
Content-Type: text/plain
X-BeenThere: test-report@dpdk.org
X-Mailman-Version: 2.1.29
Precedence: list
List-Id: automatic DPDK test reports <test-report.dpdk.org>
List-Unsubscribe: <https://mails.dpdk.org/options/test-report>,
 <mailto:test-report-request@dpdk.org?subject=unsubscribe>
List-Archive: <http://mails.dpdk.org/archives/test-report/>
List-Post: <mailto:test-report@dpdk.org>
List-Help: <mailto:test-report-request@dpdk.org?subject=help>
List-Subscribe: <https://mails.dpdk.org/listinfo/test-report>,
 <mailto:test-report-request@dpdk.org?subject=subscribe>
Errors-To: test-report-bounces@dpdk.org

Test-Label: iol-compile-amd64-testing
Test-Status: WARNING
http://dpdk.org/patch/145657

_Testing issues_

Submitter: Serhii Iliushyk <sil-plv@napatech.com>
Date: Thursday, October 10 2024 14:14:05 
DPDK git baseline: Repo:dpdk
  Branch: master
  CommitID:4f3159ae1667aa28115ab6df915985f3d4e74b2c

145609-145657 --> testing issues

Upstream job id: Generic-VM-DPDK-Compile-Meson#30190

Test environment and result as below:

+---------------------+-----------------------+----------------------+-------------------+--------------------+
|     Environment     | dpdk_win_llvm_compile | dpdk_mingw64_compile | dpdk_msvc_compile | dpdk_meson_compile |
+=====================+=======================+======================+===================+====================+
| Windows Server 2022 | FAIL                  | PASS                 | PASS              | SKIPPED            |
+---------------------+-----------------------+----------------------+-------------------+--------------------+
| FreeBSD 13.4        | SKIPPED               | SKIPPED              | SKIPPED           | PASS               |
+---------------------+-----------------------+----------------------+-------------------+--------------------+
| FreeBSD 14.1        | SKIPPED               | SKIPPED              | SKIPPED           | PASS               |
+---------------------+-----------------------+----------------------+-------------------+--------------------+

==== 20 line log output for Windows Server 2022 (dpdk_win_llvm_compile): ====
[758/833] Compiling C object app/dpdk-testpmd.exe.p/test-pmd_cmdline_mtr.c.obj
[759/833] Compiling C object app/dpdk-test-gpudev.exe.p/test-gpudev_main.c.obj
[760/833] Linking target app/dpdk-test-gpudev.exe
[761/833] Compiling C object app/dpdk-testpmd.exe.p/test-pmd_cmdline_tm.c.obj
[762/833] Compiling C object app/dpdk-testpmd.exe.p/test-pmd_cmd_flex_item.c.obj
[763/833] Compiling C object app/dpdk-testpmd.exe.p/test-pmd_5tswap.c.obj
[764/833] Compiling C object app/dpdk-testpmd.exe.p/test-pmd_cmdline_flow.c.obj
[765/833] Compiling C object app/dpdk-testpmd.exe.p/test-pmd_cmdline.c.obj
FAILED: app/dpdk-testpmd.exe.p/test-pmd_cmdline.c.obj
"clang" "-Iapp\dpdk-testpmd.exe.p" "-Iapp" "-I..\app" "-Iapp\test-pmd" "-I..\app\test-pmd" "-Ilib\ethdev" "-I..\lib\ethdev" "-I." "-I.." "-Iconfig" "-I..\config" "-Ilib\eal\include" "-I..\lib\eal\include" "-Ilib\eal\windows\include" "-I..\lib\eal\windows\include" "-Ilib\eal\x86\include" "-I..\lib\eal\x86\include" "-Ilib\eal\common" "-I..\lib\eal\common" "-Ilib\eal" "-I..\lib\eal" "-Ilib\log" "-I..\lib\log" "-Ilib\kvargs" "-I..\lib\kvargs" "-Ilib\net" "-I..\lib\net" "-Ilib\mbuf" "-I..\lib\mbuf" "-Ilib\mempool" "-I..\lib\mempool" "-Ilib\ring" "-I..\lib\ring" "-Ilib\metrics" "-I..\lib\metrics" "-Ilib\telemetry" "-I..\lib\telemetry" "-Ilib\meter" "-I..\lib\meter" "-Ilib\cmdline" "-I..\lib\cmdline" "-Ilib\bitratestats" "-I..\lib\bitratestats" "-Ilib\gro" "-I..\lib\gro" "-Ilib\gso" "-I..\lib\gso" "-Ilib\latencystats" "-I..\lib\latencystats" "-Idrivers\net\i40e" "-I..\drivers\net\i40e" "-Idrivers\net\i40e\base" "-I..\drivers\net\i40e\base" "-Idrivers\bus\pci" "-I..\drivers\bus\pci" "-I..\dr
 ivers\bus\pci\windows" "-Ilib\pci" "-I..\lib\pci" "-Idrivers\bus\vdev" "-I..\drivers\bus\vdev" "-Ilib\hash" "-I..\lib\hash" "-Ilib\rcu" "-I..\lib\rcu" "-Idrivers\net\ixgbe" "-I..\drivers\net\ixgbe" "-Idrivers\net\ixgbe\base" "-I..\drivers\net\ixgbe\base" "-Ilib\security" "-I..\lib\security" "-Ilib\cryptodev" "-I..\lib\cryptodev" "-Idrivers\net\iavf" "-I..\drivers\net\iavf" "-Idrivers\common\iavf" "-I..\drivers\common\iavf" "-Idrivers\net\ice" "-I..\drivers\net\ice" "-Idrivers\net\ice\base" "-I..\drivers\net\ice\base" "-Idrivers\net\mlx5" "-I..\drivers\net\mlx5" "-Idrivers\net/mlx5\windows" "-I..\drivers\net\mlx5\windows" "-Idrivers\common\mlx5" "-I..\drivers\common\mlx5" "-Idrivers\common/mlx5\windows" "-I..\drivers\common\mlx5\windows" "-Idrivers\bus\auxiliary" "-I..\drivers\bus\auxiliary" "-IC:\Program Files\Mellanox\MLNX_WinOF2_DevX_SDK\inc" "-Xclang" "-fcolor-diagnostics" "-pipe" "-D_FILE_OFFSET_BITS=64" "-Wall" "-Winvalid-pch" "-Wextra" "-Werror" "-std=c11" "-O3" "-include" "rt
 e_config.h" "-Wcast-qual" "-Wdeprecated" "-Wformat" "-Wformat-nonliteral" "-Wformat-security" "-Wmissing-declarations" "-Wmissing-prototypes" "-Wnested-externs" "-Wold-style-definition" "-Wpointer-arith" "-Wsign-compare" "-Wstrict-prototypes" "-Wundef" "-Wwrite-strings" "-Wno-address-of-packed-member" "-Wno-missing-field-initializers" "-D_GNU_SOURCE" "-D_WIN32_WINNT=0x0A00" "-D_CRT_SECURE_NO_WARNINGS" "-march=native" "-mrtm" "-DALLOW_EXPERIMENTAL_API" "-Wno-deprecated-declarations" -MD -MQ app/dpdk-testpmd.exe.p/test-pmd_cmdline.c.obj -MF "app\dpdk-testpmd.exe.p\test-pmd_cmdline.c.obj.d" -o app/dpdk-testpmd.exe.p/test-pmd_cmdline.c.obj "-c" ../app/test-pmd/cmdline.c
../app/test-pmd/cmdline.c:13692:46: error: use of undeclared identifier 'STDOUT_FILENO'
cl = cmdline_new(main_ctx, "testpmd> ", fd, STDOUT_FILENO);
^
1 error generated.
[766/833] Compiling C object app/dpdk-testpmd.exe.p/test-pmd_cmdline_cman.c.obj
[767/833] Compiling C object app/dpdk-testpmd.exe.p/test-pmd_csumonly.c.obj
[768/833] Compiling C object app/dpdk-testpmd.exe.p/test-pmd_config.c.obj
[769/833] Compiling C object app/dpdk-testpmd.exe.p/test-pmd_parameters.c.obj
[770/833] Compiling C object app/dpdk-testpmd.exe.p/test-pmd_noisy_vnf.c.obj
ninja: build stopped: subcommand failed.
==== End log output ====

Windows Server 2022
	Kernel: 10.0.20348.2031
	Compiler: clang 15.0.7, gcc 14.1.0 (MinGW), and MSVC VS 19.39.33521

FreeBSD 13.4
	Kernel: 13.4-RELEASE-p1
	Compiler: clang 18.1.6

FreeBSD 14.1
	Kernel: 14.1-RELEASE-p3
	Compiler: clang 18.1.5

To view detailed results, visit:
https://lab.dpdk.org/results/dashboard/patchsets/31403/

UNH-IOL DPDK Community Lab

To manage your email subscriptions, visit: 
https://lab.dpdk.org/results/dashboard/preferences/subscriptions/