From mboxrd@z Thu Jan  1 00:00:00 1970
Return-Path: <test-report-bounces@dpdk.org>
Received: from mails.dpdk.org (mails.dpdk.org [217.70.189.124])
	by inbox.dpdk.org (Postfix) with ESMTP id 0609F45B12
	for <public@inbox.dpdk.org>; Fri, 11 Oct 2024 14:02:20 +0200 (CEST)
Received: from mails.dpdk.org (localhost [127.0.0.1])
	by mails.dpdk.org (Postfix) with ESMTP id C8C814028B;
	Fri, 11 Oct 2024 14:02:19 +0200 (CEST)
Received: from mail-oo1-f99.google.com (mail-oo1-f99.google.com
 [209.85.161.99]) by mails.dpdk.org (Postfix) with ESMTP id B1AFF4025F
 for <test-report@dpdk.org>; Fri, 11 Oct 2024 14:02:18 +0200 (CEST)
Received: by mail-oo1-f99.google.com with SMTP id
 006d021491bc7-5e7aec9e168so923975eaf.3
 for <test-report@dpdk.org>; Fri, 11 Oct 2024 05:02:18 -0700 (PDT)
DKIM-Signature: v=1; a=rsa-sha256; c=relaxed/relaxed;
 d=iol.unh.edu; s=unh-iol; t=1728648138; x=1729252938; darn=dpdk.org;
 h=references:in-reply-to:cc:to:from:subject:message-id:date:from:to
 :cc:subject:date:message-id:reply-to;
 bh=7os1TBcnLGrFwuUEfIMcQjgJrGOxAMOgaZXv1EGECCI=;
 b=ftd161vUdu6OZNlz257fUgd0jLRqlzMmUTud6F7jZzlsuTAwBvvupWmvUn0mmNdSWy
 kSkot16bCu6z5GLFCZxjPZto1hPAVzScWQYGDmIY9WTXB8JXpGcRU1MzJQ3iu07iJy60
 hHDUnEBzcHu6tO89l9/EtmZR25/9LjYwewZG0=
X-Google-DKIM-Signature: v=1; a=rsa-sha256; c=relaxed/relaxed;
 d=1e100.net; s=20230601; t=1728648138; x=1729252938;
 h=references:in-reply-to:cc:to:from:subject:message-id:date
 :x-gm-message-state:from:to:cc:subject:date:message-id:reply-to;
 bh=7os1TBcnLGrFwuUEfIMcQjgJrGOxAMOgaZXv1EGECCI=;
 b=OOxe1QOLJDINQ7dHlxt1I4KPTcCHG4Ey+fYeMggi4dN1T/IFsj9eL9FlLHtDKi/1GK
 mbqsvAQVIhKbdZZz9WrykwGIlN/BPi1iUc0RR+2EyyxUIIJ3HFv6BterrSz7WMEIT1SP
 ZkUD2dUkTuIMEjKqGWpAgjFtxjXFnvlnkmPArYrWrCZG3UOrANK4WLVHubBOU1dW1KaA
 BpjmQnJPB5RsYJxVqvGyUrsw+wFNLck0VBOHtu02WqYI1BSRr9QlroFMgvAozJxh+e60
 sA1DbzzatmH9tKQ/lYPmme8qwXglcPFqZIXBPcp+uupQEEbTGWcLRk9cMHRAcrVyq2pV
 oLMQ==
X-Gm-Message-State: AOJu0YzBr4brrJHazl9TrkpEE5WpCrvzzRnEb1+RkqpBbjcLZPvp+xs3
 qprMQrQ+Q9/UF1tETNwhE9fhDUfKHQcj8A2c6GAbo97D+iBHfNv0wXHP19pdjwrBaj5XUdmzXxu
 Tn5DFF5YtPUhAJ9xVag9aVtC3MB37ks79fwwhOTUUxqRhaHpP
X-Google-Smtp-Source: AGHT+IEYp2QqI+IzJ0LvNedPuDkILLTVSYqI9xceeKQF7lNp6UQ7s0k6Tp7meQ34kdx3MnCQ1H649VNcWDRL
X-Received: by 2002:a05:6820:1628:b0:5e3:b6f9:1f8e with SMTP id
 006d021491bc7-5eb1a1a4e02mr1061480eaf.3.1728648137703; 
 Fri, 11 Oct 2024 05:02:17 -0700 (PDT)
Received: from postal.iol.unh.edu (postal.iol.unh.edu.
 [2606:4100:3880:1234::84]) by smtp-relay.gmail.com with ESMTPS id
 006d021491bc7-5eb11ab1fb4sm91981eaf.21.2024.10.11.05.02.17
 (version=TLS1_2 cipher=ECDHE-ECDSA-AES128-GCM-SHA256 bits=128/128);
 Fri, 11 Oct 2024 05:02:17 -0700 (PDT)
X-Relaying-Domain: iol.unh.edu
Date: Fri, 11 Oct 2024 05:02:17 -0700 (PDT)
Message-ID: <670913c9.4a0a0220.7c4da.60aeSMTPIN_ADDED_MISSING@mx.google.com>
Received: from [172.21.0.3] (unknown [172.18.0.240])
 by postal.iol.unh.edu (Postfix) with ESMTP id 0568C6052471;
 Fri, 11 Oct 2024 08:02:17 -0400 (EDT)
Subject: |FAILURE| pw145658-145659 [PATCH] [v3,2/2] power: detect supported d
From: dpdklab@iol.unh.edu
To: Test Report <test-report@dpdk.org>
Cc: dpdk-test-reports@iol.unh.edu,
 Wathsala Wathawana Vithanage <wathsala.vithanage@arm.com>
In-Reply-To: <20241010141737.1135905-2-wathsala.vithanage@arm.com>
References: <20241010141737.1135905-2-wathsala.vithanage@arm.com>
Content-Type: text/plain
X-BeenThere: test-report@dpdk.org
X-Mailman-Version: 2.1.29
Precedence: list
List-Id: automatic DPDK test reports <test-report.dpdk.org>
List-Unsubscribe: <https://mails.dpdk.org/options/test-report>,
 <mailto:test-report-request@dpdk.org?subject=unsubscribe>
List-Archive: <http://mails.dpdk.org/archives/test-report/>
List-Post: <mailto:test-report@dpdk.org>
List-Help: <mailto:test-report-request@dpdk.org?subject=help>
List-Subscribe: <https://mails.dpdk.org/listinfo/test-report>,
 <mailto:test-report-request@dpdk.org?subject=subscribe>
Errors-To: test-report-bounces@dpdk.org

Test-Label: iol-unit-amd64-testing
Test-Status: FAILURE
http://dpdk.org/patch/145659

_Testing issues_

Submitter: Wathsala Wathawana Vithanage <wathsala.vithanage@arm.com>
Date: Thursday, October 10 2024 14:17:37 
DPDK git baseline: Repo:dpdk
  Branch: master
  CommitID:e0bf217330a89c30505f218ce89005cfb662af7c

145658-145659 --> testing issues

Upstream job id: Generic-Unit-Test-DPDK#273660

Test environment and result as below:

+---------------------+----------------+
|     Environment     | dpdk_unit_test |
+=====================+================+
| Windows Server 2022 | PASS           |
+---------------------+----------------+
| CentOS Stream 9     | PASS           |
+---------------------+----------------+
| Debian Bullseye     | PASS           |
+---------------------+----------------+
| Debian 12           | PASS           |
+---------------------+----------------+
| Fedora 37           | FAIL           |
+---------------------+----------------+
| Fedora 38           | PASS           |
+---------------------+----------------+
| Fedora 38 (Clang)   | PASS           |
+---------------------+----------------+
| Fedora 39           | PASS           |
+---------------------+----------------+
| Fedora 39 (Clang)   | PASS           |
+---------------------+----------------+
| RHEL9               | PASS           |
+---------------------+----------------+
| RHEL8               | PASS           |
+---------------------+----------------+
| Ubuntu 20.04        | PASS           |
+---------------------+----------------+
| Ubuntu 22.04        | PASS           |
+---------------------+----------------+
| Ubuntu 24.04        | PASS           |
+---------------------+----------------+
| Fedora 40 (Clang)   | PASS           |
+---------------------+----------------+
| Fedora 40           | PASS           |
+---------------------+----------------+

==== Unit test summary for Fedora 37 (dpdk_unit_test): ====
ninja: Entering directory `/home-local/jenkins-local/jenkins-agent/workspace/Generic-Unit-Test-DPDK/dpdk/build'
ninja: no work to do.
  1/113 DPDK:fast-tests / acl_autotest          OK       4.85 s 
  2/113 DPDK:fast-tests / alarm_autotest        OK       1.32 s 
  3/113 DPDK:fast-tests / argparse_autotest     OK       0.25 s 
  4/113 DPDK:fast-tests / atomic_autotest       OK       0.61 s 
  5/113 DPDK:fast-tests / bitcount_autotest     OK       0.22 s 
  6/113 DPDK:fast-tests / bitmap_autotest       OK       0.22 s 
  7/113 DPDK:fast-tests / bitops_autotest       FAIL     2.28 s (exit status 255 or signal 127 SIGinvalid)
  8/113 DPDK:fast-tests / bitratestats_autotest  OK       0.25 s 
  9/113 DPDK:fast-tests / bpf_autotest          OK       0.31 s 
 10/113 DPDK:fast-tests / bpf_convert_autotest  OK       0.29 s 
 11/113 DPDK:fast-tests / byteorder_autotest    OK       0.26 s 
 12/113 DPDK:fast-tests / cksum_autotest        OK       0.29 s 
 13/113 DPDK:fast-tests / cmdline_autotest      OK       0.25 s 
 14/113 DPDK:fast-tests / common_autotest       OK       0.82 s 
 15/113 DPDK:fast-tests / compressdev_autotest  SKIP     0.18 s 
 16/113 DPDK:fast-tests / cpuflags_autotest     OK       0.37 s 
 17/113 DPDK:fast-tests / crc_autotest          OK       0.32 s 
 18/113 DPDK:fast-tests / user_delay_us         OK       0.26 s 
 19/113 DPDK:fast-tests / debug_autotest        OK      12.51 s 
 20/113 DPDK:fast-tests / devargs_autotest      OK       0.30 s 
 21/113 DPDK:fast-tests / dispatcher_autotest   SKIP     0.23 s 
 22/113 DPDK:fast-tests / distributor_autotest  OK       1.59 s 
 23/113 DPDK:fast-tests / eal_flags_c_opt_autotest  OK       1.18 s 
 24/113 DPDK:fast-tests / eal_flags_main_opt_autotest  OK       0.41 s 
 25/113 DPDK:fast-tests / eal_flags_n_opt_autotest  OK       0.57 s 
 26/113 DPDK:fast-tests / eal_flags_hpet_autotest  OK       0.22 s 
 27/113 DPDK:fast-tests / eal_flags_no_huge_autotest  OK       0.64 s 
 28/113 DPDK:fast-tests / eal_flags_a_opt_autotest  OK       0.44 s 
 29/113 DPDK:fast-tests / eal_flags_b_opt_autotest  OK       0.40 s 
 30/113 DPDK:fast-tests / eal_flags_vdev_opt_autotest  OK       0.55 s 
 31/113 DPDK:fast-tests / eal_flags_r_opt_autotest  OK       0.29 s 
 32/113 DPDK:fast-tests / eal_flags_mem_autotest  OK       0.81 s 
 33/113 DPDK:fast-tests / eal_flags_file_prefix_autotest  OK       6.70 s 
 34/113 DPDK:fast-tests / eal_flags_misc_autotest  OK       2.29 s 
 35/113 DPDK:fast-tests / eal_fs_autotest       OK       0.22 s 
 36/113 DPDK:fast-tests / errno_autotest        OK       0.21 s 
 37/113 DPDK:fast-tests / ethdev_link_status    OK       0.28 s 
 38/113 DPDK:fast-tests / event_eth_tx_adapter_autotest  OK       0.74 s 
 39/113 DPDK:fast-tests / event_ring_autotest   OK       0.27 s 
 40/113 DPDK:fast-tests / eventdev_common_autotest  OK       0.23 s 
 41/113 DPDK:fast-tests / eventdev_selftest_sw  OK       0.45 s 
 42/113 DPDK:fast-tests / fbarray_autotest      OK       0.28 s 
 43/113 DPDK:fast-tests / fib_autotest          OK       0.84 s 
 44/113 DPDK:fast-tests / fib6_autotest         OK       0.85 s 
 45/113 DPDK:fast-tests / func_reentrancy_autotest  OK       0.74 s 
 46/113 DPDK:fast-tests / graph_autotest        OK       0.28 s 
 47/113 DPDK:fast-tests / node_list_dump        OK       0.29 s 
 48/113 DPDK:fast-tests / hash_autotest         OK       0.37 s 
 49/113 DPDK:fast-tests / hash_readwrite_func_autotest  SKIP     0.27 s 
 50/113 DPDK:fast-tests / interrupt_autotest    OK       1.33 s 
 51/113 DPDK:fast-tests / ipfrag_autotest       OK       0.17 s 
 52/113 DPDK:fast-tests / ipsec_autotest        SKIP     0.27 s 
 53/113 DPDK:fast-tests / kvargs_autotest       OK       0.23 s 
 54/113 DPDK:fast-tests / latencystats_autotest  OK       0.29 s 
 55/113 DPDK:fast-tests / lcores_autotest       OK      26.42 s 
 56/113 DPDK:fast-tests / logs_autotest         OK       0.36 s 
 57/113 DPDK:fast-tests / lpm_autotest          OK       3.74 s 
 58/113 DPDK:fast-tests / lpm6_autotest         OK       5.33 s 
 59/113 DPDK:fast-tests / malloc_autotest       OK       2.21 s 
 60/113 DPDK:fast-tests / mbuf_autotest         OK       0.27 s 
 61/113 DPDK:fast-tests / mcslock_autotest      OK       0.89 s 
 62/113 DPDK:fast-tests / member_autotest       OK       1.29 s 
 63/113 DPDK:fast-tests / memcpy_autotest       OK       3.42 s 
 64/113 DPDK:fast-tests / memory_autotest       OK       0.30 s 
 65/113 DPDK:fast-tests / mempool_autotest      OK       0.68 s 
 66/113 DPDK:fast-tests / memzone_autotest      OK       0.17 s 
 67/113 DPDK:fast-tests / meter_autotest        OK       0.36 s 
 68/113 DPDK:fast-tests / metrics_autotest      OK       0.22 s 
 69/113 DPDK:fast-tests / multiprocess_autotest  OK       0.25 s 
 70/113 DPDK:fast-tests / net_ether_autotest    OK       0.66 s 
 71/113 DPDK:fast-tests / pdcp_autotest         SKIP     0.22 s 
 72/113 DPDK:fast-tests / pdump_autotest        OK       0.52 s 
 73/113 DPDK:fast-tests / per_lcore_autotest    OK       0.48 s 
 74/113 DPDK:fast-tests / pflock_autotest       OK       0.60 s 
 75/113 DPDK:fast-tests / pie_autotest          OK       0.27 s 
 76/113 DPDK:fast-tests / ring_pmd_autotest     OK       0.26 s 
 77/113 DPDK:fast-tests / power_autotest        OK       0.20 s 
 78/113 DPDK:fast-tests / power_cpufreq_autotest  SKIP     0.22 s 
 79/113 DPDK:fast-tests / power_intel_uncore_autotest  SKIP     0.26 s 
 80/113 DPDK:fast-tests / power_kvm_vm_autotest  SKIP     0.17 s 
 81/113 DPDK:fast-tests / prefetch_autotest     OK       0.29 s 
 82/113 DPDK:fast-tests / ptr_compress_autotest  OK       0.28 s 
 83/113 DPDK:fast-tests / rawdev_autotest       OK       0.26 s 
 84/113 DPDK:fast-tests / rcu_qsbr_autotest     OK       0.51 s 
 85/113 DPDK:fast-tests / reorder_autotest      OK       0.47 s 
 86/113 DPDK:fast-tests / rib_autotest          OK       6.90 s 
 87/113 DPDK:fast-tests / rib6_autotest         OK       7.03 s 
 88/113 DPDK:fast-tests / ring_autotest         OK       0.22 s 
 89/113 DPDK:fast-tests / rwlock_test1_autotest  OK       0.40 s 
 90/113 DPDK:fast-tests / rwlock_rda_autotest   OK       5.28 s 
 91/113 DPDK:fast-tests / rwlock_rds_wrm_autotest  OK       5.42 s 
 92/113 DPDK:fast-tests / rwlock_rde_wro_autotest  OK       5.32 s 
 93/113 DPDK:fast-tests / sched_autotest        OK       0.22 s 
 94/113 DPDK:fast-tests / security_autotest     OK       0.32 s 
 95/113 DPDK:fast-tests / seqlock_autotest      SKIP     0.36 s 
 96/113 DPDK:fast-tests / service_autotest      OK       0.33 s 
 97/113 DPDK:fast-tests / spinlock_autotest     OK       0.31 s 
 98/113 DPDK:fast-tests / stack_autotest        OK       0.26 s 
 99/113 DPDK:fast-tests / stack_lf_autotest     OK       0.30 s 
100/113 DPDK:fast-tests / string_autotest       OK       0.18 s 
101/113 DPDK:fast-tests / table_autotest        OK       8.64 s 
102/113 DPDK:fast-tests / tailq_autotest        OK       0.23 s 
103/113 DPDK:fast-tests / telemetry_data_autotest  OK       0.17 s 
104/113 DPDK:fast-tests / telemetry_json_autotest  OK       0.22 s 
105/113 DPDK:fast-tests / thash_autotest        OK       0.19 s 
106/113 DPDK:fast-tests / threads_autotest      OK       0.64 s 
107/113 DPDK:fast-tests / ticketlock_autotest   OK       0.22 s 
108/113 DPDK:fast-tests / timer_autotest        OK       2.93 s 
109/113 DPDK:fast-tests / trace_autotest        OK       0.29 s 
110/113 DPDK:fast-tests / trace_autotest_with_traces  OK       0.26 s 
111/113 DPDK:fast-tests / vdev_autotest         OK       0.24 s 
112/113 DPDK:fast-tests / version_autotest      OK       0.18 s 
113/113 DPDK:fast-tests / telemetry_all         SKIP     0.01 s 

Ok:                  102
Expected Fail:         0
Fail:                  1
Unexpected Pass:       0
Skipped:              10
Timeout:               0

Full log written to /home-local/jenkins-local/jenkins-agent/workspace/Generic-Unit-Test-DPDK/dpdk/build/meson-logs/testlog.txt



Test log output from the failed test bitops_autotest:

Sorry, we were not able to find the logs for this test.
Download the log output from the CI site for this test run.
==== End log output ====

Windows Server 2022
	Kernel: 10.0.20348.2031
	Compiler: clang 15.0.7, gcc 14.1.0 (MinGW), and MSVC VS 19.39.33521

CentOS Stream 9
	Kernel: Depends on container host
	Compiler: gcc 11.4.1 20231218 (Red Hat 11.4.1-3)

Debian Bullseye
	Kernel: Depends on container host
	Compiler: gcc (Debian 10.2.1-6) 10.2.1 20210110

Debian 12
	Kernel: Depends on container host
	Compiler: gcc (Debian 12.2.0-14) 12.2.0

Fedora 37
	Kernel: Depends on container host system
	Compiler: gcc 12.3.1 20230508 (Red Hat 12.3.1-1)

Fedora 38
	Kernel: Depends on container host
	Compiler: gcc 13.2.1 20240316 (Red Hat 13.2.1-7)

Fedora 38 (Clang)
	Kernel: Depends on container host
	Compiler: clang 16.0.6 (Fedora 16.0.6-4.fc38)

Fedora 39
	Kernel: Depends on container host
	Compiler: gcc 13.3.1 20240522 (Red Hat 13.3.1-1)

Fedora 39 (Clang)
	Kernel: Depends on container host
	Compiler: clang 17.0.6 (Fedora 17.0.6-2.fc39)

RHEL9
	Kernel: Depends on container host
	Compiler: gcc 11.4.1 20231218 (Red Hat 11.4.1-3)

RHEL8
	Kernel: Depends on container host
	Compiler: gcc 8.5.0 20210514 (Red Hat 8.5.0-22)

Ubuntu 20.04
	Kernel: Depends on container host
	Compiler: gcc (Ubuntu 9.4.0-1ubuntu1~20.04.2) 9.4.0

Ubuntu 22.04
	Kernel: Depends on container host
	Compiler: gcc (Ubuntu 11.4.0-1ubuntu1~22.04) 11.4.0

Ubuntu 24.04
	Kernel: Depends on container host
	Compiler: gcc (Ubuntu 13.2.0-23ubuntu4) 13.2.0

Fedora 40 (Clang)
	Kernel: Depends on container host
	Compiler: clang 18.1.6 (Fedora 18.1.6-3.fc40)

Fedora 40
	Kernel: Depends on container host
	Compiler: gcc 14.2.1 20240801 (Red Hat 14.2.1-1)

To view detailed results, visit:
https://lab.dpdk.org/results/dashboard/patchsets/31404/

UNH-IOL DPDK Community Lab

To manage your email subscriptions, visit: 
https://lab.dpdk.org/results/dashboard/preferences/subscriptions/