From mboxrd@z Thu Jan 1 00:00:00 1970 Return-Path: Received: from mails.dpdk.org (mails.dpdk.org [217.70.189.124]) by inbox.dpdk.org (Postfix) with ESMTP id 7EBDE45B26 for ; Sun, 13 Oct 2024 09:28:07 +0200 (CEST) Received: from mails.dpdk.org (localhost [127.0.0.1]) by mails.dpdk.org (Postfix) with ESMTP id 7B2CE40273; Sun, 13 Oct 2024 09:28:07 +0200 (CEST) Received: from mail-io1-f98.google.com (mail-io1-f98.google.com [209.85.166.98]) by mails.dpdk.org (Postfix) with ESMTP id 2D47340151 for ; Sun, 13 Oct 2024 09:28:06 +0200 (CEST) Received: by mail-io1-f98.google.com with SMTP id ca18e2360f4ac-82aac438539so139237539f.1 for ; Sun, 13 Oct 2024 00:28:06 -0700 (PDT) DKIM-Signature: v=1; a=rsa-sha256; c=relaxed/relaxed; d=iol.unh.edu; s=unh-iol; t=1728804485; x=1729409285; darn=dpdk.org; h=cc:to:from:subject:message-id:date:from:to:cc:subject:date :message-id:reply-to; bh=FPS/nOjvz6vKPSyOgZP+jvyqgVyuiRcYl2A1Mn3uZ3A=; b=get7PSMzROn9BYv/ry9qE7vkGXLHpDSZZZlwGaeyn3D5uIlQ5TN1UFhdye6s4cm+ew zjkh3xoSgTDEzZ8ifoH7/GTzWdAQ96m9pU8uinzbto4we0s2+Q9TXSF/slPilOPqh1dv 9DLgXiNzNBjAky/x8yseFVT7u1qqTUg/5zNIw= X-Google-DKIM-Signature: v=1; a=rsa-sha256; c=relaxed/relaxed; d=1e100.net; s=20230601; t=1728804485; x=1729409285; h=cc:to:from:subject:message-id:date:x-gm-message-state:from:to:cc :subject:date:message-id:reply-to; bh=FPS/nOjvz6vKPSyOgZP+jvyqgVyuiRcYl2A1Mn3uZ3A=; b=t8q2YBRmZrO4SOkFyQRvqJvSeYyhOrrDwmUdgWAwYBzQXeEM+otGoFDP8wcZlkwgcw BCrt0Cz1qMp9y0/VkB4wJGl7zB6SSgH0IdZPHbbbb2xrPFkNmJSUjMVOMko8Df5zJLxl CfgVtNj3kaEPMJ4vX+vqWUujRX7uvk7PwJOSJIittUGx6yiIgxgghywqjoML7f2wDKcG +UfmFAJ3DXcXGGG5CgXQqazvq5fX7ogg17XrPWxfP5RcwhwgX6zuj/hdK5dsLuoE59mf QE2qT07t1Eiifr1IiWna7E9Ow55elxlqWZJSpGqGQPzEtBSTMR++DCNTK8dYcwtKDmHu OUyQ== X-Gm-Message-State: AOJu0YzOKRJbFJK+iD1vEiNl22IxXKX8qLD4W6wBjdbKgymzOoUth795 EANESCp4S71IiY3xd8Cxl4cVXnOK5587BXZE+DN6mBsOqVeGys+NOz/hU1PLSayB7m5c5pG26Tb ut3qhW1alRT+OSDIBlFC4dSWY5g7sJ64DrSMLVNmif7EP03UM X-Google-Smtp-Source: AGHT+IHg6MOCBfRz6WjKzHYZ3UA7T9yv+p++KBc5gcoO2QNqoJPuzOfTM7cDzqlxaK7fWEqJklG5OaOihoTA X-Received: by 2002:a05:6e02:b28:b0:3a0:8f99:5e00 with SMTP id e9e14a558f8ab-3a3bcd962cbmr31768125ab.4.1728804485308; Sun, 13 Oct 2024 00:28:05 -0700 (PDT) Received: from postal.iol.unh.edu (postal.iol.unh.edu. [2606:4100:3880:1234::84]) by smtp-relay.gmail.com with ESMTPS id e9e14a558f8ab-3a3afdab4f0sm2487685ab.15.2024.10.13.00.28.05 (version=TLS1_2 cipher=ECDHE-ECDSA-AES128-GCM-SHA256 bits=128/128); Sun, 13 Oct 2024 00:28:05 -0700 (PDT) X-Relaying-Domain: iol.unh.edu Date: Sun, 13 Oct 2024 00:28:05 -0700 (PDT) Message-ID: <670b7685.050a0220.2a6994.0a75SMTPIN_ADDED_MISSING@mx.google.com> Received: from [172.21.0.2] (unknown [172.18.0.240]) by postal.iol.unh.edu (Postfix) with ESMTP id CC0746052471; Sun, 13 Oct 2024 03:28:04 -0400 (EDT) Subject: |WARNING| [GIT MASTER] ff4d4839f9c2a6d05dca0a25ed6b1549402e1682 From: dpdklab@iol.unh.edu To: Test Report Cc: dpdk-test-reports@iol.unh.edu, Xueming Li , Christian Ehrhardt , Kevin Traynor , Luca Boccassi Content-Type: text/plain X-BeenThere: test-report@dpdk.org X-Mailman-Version: 2.1.29 Precedence: list List-Id: automatic DPDK test reports List-Unsubscribe: , List-Archive: List-Post: List-Help: List-Subscribe: , Errors-To: test-report-bounces@dpdk.org _Testing issues_ Branch: tags/v22.11 ff4d4839f9c2a6d05dca0a25ed6b1549402e1682 --> testing issues Upstream job id: Generic-DPDK-Compile-ABI#105810 Test environment and result as below: +-------------------+----------+ | Environment | abi_test | +===================+==========+ | CentOS Stream 9 | PEND | +-------------------+----------+ | Debian Bullseye | PASS | +-------------------+----------+ | Debian 12 | PASS | +-------------------+----------+ | Fedora 38 | PASS | +-------------------+----------+ | Fedora 39 (Clang) | PEND | +-------------------+----------+ | RHEL8 | PASS | +-------------------+----------+ | Fedora 39 | PASS | +-------------------+----------+ | Fedora 40 (Clang) | PASS | +-------------------+----------+ | RHEL9 | PASS | +-------------------+----------+ | openSUSE Leap 15 | PASS | +-------------------+----------+ | RHEL 7 | FAIL | +-------------------+----------+ | Fedora 37 | PEND | +-------------------+----------+ | Fedora 40 | PEND | +-------------------+----------+ | Ubuntu 24.04 | PEND | +-------------------+----------+ | Fedora 38 (Clang) | PEND | +-------------------+----------+ | Ubuntu 22.04 | PEND | +-------------------+----------+ ==== 20 line log output for RHEL 7 (abi_test): ==== HMAC_CTX_free(ctx); ^ ../drivers/crypto/openssl/rte_openssl_pmd.c: In function 'openssl_reset_session': ../drivers/crypto/openssl/rte_openssl_pmd.c:897:2: error: 'for' loop initial declarations are only allowed in C99 mode for (uint16_t i = 0; i < sess->ctx_copies_len; i++) { ^ ../drivers/crypto/openssl/rte_openssl_pmd.c:897:2: note: use option -std=c99 or -std=gnu99 to compile your code ../drivers/crypto/openssl/rte_openssl_pmd.c: In function 'get_local_auth_ctx': ../drivers/crypto/openssl/rte_openssl_pmd.c:1667:3: warning: implicit declaration of function 'EVP_MD_CTX_new' [-Wimplicit-function-declaration] *lctx = EVP_MD_CTX_new(); ^ ../drivers/crypto/openssl/rte_openssl_pmd.c:1667:3: warning: nested extern declaration of 'EVP_MD_CTX_new' [-Wnested-externs] ../drivers/crypto/openssl/rte_openssl_pmd.c:1667:9: warning: assignment makes pointer from integer without a cast [enabled by default] *lctx = EVP_MD_CTX_new(); ^ ../drivers/crypto/openssl/rte_openssl_pmd.c: At top level: ../drivers/crypto/openssl/rte_openssl_pmd.c:34:13: warning: 'HMAC_CTX_free' defined but not used [-Wunused-function] static void HMAC_CTX_free(HMAC_CTX *ctx) ^ ninja: build stopped: subcommand failed. ==== End log output ==== CentOS Stream 9 Kernel: Depends on container host Compiler: gcc 11.4.1 20231218 (Red Hat 11.4.1-3) Debian Bullseye Kernel: Depends on container host Compiler: gcc (Debian 10.2.1-6) 10.2.1 20210110 Debian 12 Kernel: Depends on container host Compiler: gcc (Debian 12.2.0-14) 12.2.0 Fedora 38 Kernel: Depends on container host Compiler: gcc 13.2.1 20240316 (Red Hat 13.2.1-7) Fedora 39 (Clang) Kernel: Depends on container host Compiler: clang 17.0.6 (Fedora 17.0.6-2.fc39) RHEL8 Kernel: Depends on container host Compiler: gcc 8.5.0 20210514 (Red Hat 8.5.0-22) Fedora 39 Kernel: Depends on container host Compiler: gcc 13.3.1 20240522 (Red Hat 13.3.1-1) Fedora 40 (Clang) Kernel: Depends on container host Compiler: clang 18.1.6 (Fedora 18.1.6-3.fc40) RHEL9 Kernel: Depends on container host Compiler: gcc 11.4.1 20231218 (Red Hat 11.4.1-3) openSUSE Leap 15 Kernel: Depends on container host Compiler: gcc (SUSE Linux) 7.5.0 RHEL 7 Kernel: Depends on container host Compiler: gcc 4.8.5 20150623 (Red Hat 4.8.5-44) Fedora 37 Kernel: Depends on container host system Compiler: gcc 12.3.1 20230508 (Red Hat 12.3.1-1) Fedora 40 Kernel: Depends on container host Compiler: gcc 14.2.1 20240801 (Red Hat 14.2.1-1) Ubuntu 24.04 Kernel: Depends on container host Compiler: gcc (Ubuntu 13.2.0-23ubuntu4) 13.2.0 Fedora 38 (Clang) Kernel: Depends on container host Compiler: clang 16.0.6 (Fedora 16.0.6-4.fc38) Ubuntu 22.04 Kernel: Depends on container host Compiler: gcc (Ubuntu 11.4.0-1ubuntu1~22.04) 11.4.0 To view detailed results, visit: https://lab.dpdk.org/results/dashboard/tarballs/30991/ UNH-IOL DPDK Community Lab To manage your email subscriptions, visit: https://lab.dpdk.org/results/dashboard/preferences/subscriptions/