From mboxrd@z Thu Jan 1 00:00:00 1970 Return-Path: Received: from mails.dpdk.org (mails.dpdk.org [217.70.189.124]) by inbox.dpdk.org (Postfix) with ESMTP id 6C1C545B2F for ; Sun, 13 Oct 2024 16:05:57 +0200 (CEST) Received: from mails.dpdk.org (localhost [127.0.0.1]) by mails.dpdk.org (Postfix) with ESMTP id 4EFF040273; Sun, 13 Oct 2024 16:05:57 +0200 (CEST) Received: from mail-qv1-f99.google.com (mail-qv1-f99.google.com [209.85.219.99]) by mails.dpdk.org (Postfix) with ESMTP id 561E540151 for ; Sun, 13 Oct 2024 16:05:55 +0200 (CEST) Received: by mail-qv1-f99.google.com with SMTP id 6a1803df08f44-6cbf0769512so15090816d6.3 for ; Sun, 13 Oct 2024 07:05:55 -0700 (PDT) DKIM-Signature: v=1; a=rsa-sha256; c=relaxed/relaxed; d=iol.unh.edu; s=unh-iol; t=1728828354; x=1729433154; darn=dpdk.org; h=cc:to:from:subject:message-id:date:from:to:cc:subject:date :message-id:reply-to; bh=VDeO/FlCYas1p9fwK+GGKaCbG367bJ3J8l6qgPDIq0E=; b=jdw+Df2eGngag/HAEa3w4z/vFqjbFc/44eLkok7swdLXAl/QQj+4CZATt2xM87OI/0 TyWxBSV8BJawXGX1K/9KF90BgkgaU554f8M2DhN8mFjpFnAK/347WN8DgnZWOJG8DgOR ShIvbMRDxJf3+lFV99O9ad6Fxe6scIl/tZ6OI= X-Google-DKIM-Signature: v=1; a=rsa-sha256; c=relaxed/relaxed; d=1e100.net; s=20230601; t=1728828354; x=1729433154; h=cc:to:from:subject:message-id:date:x-gm-message-state:from:to:cc :subject:date:message-id:reply-to; bh=VDeO/FlCYas1p9fwK+GGKaCbG367bJ3J8l6qgPDIq0E=; b=Yi7bwiUWoVtQPHZMO4rMC6yqoqMsCV+yva2v+gLghi8+UpLKy4/JAqUWv8RCnbmxsR /Ktho06rpgVb9P5RfNogVKZ1aVxxHtRjuOBSiKgjmWKZS5W3CMbWtfB9dmh4RY+ACP/k fb/foNLabzJndJGo9qF17RUP5oCKc7BbugdOCdsxvqAwmculXbcMNByW0NvoBR3dEfwG aU7T9VCRvTu9h9as/DYtmk4oWTBACAPNW1pRMBnENLQsoRLoT46zOvJk/tu/nA4VY+ZV lrV1FwU6fge+4C4/TNg/yWQkqxN2rlLDEKzOyHCCNnycVGRDGCV9pKqiGwsH+LejCb0L Ye1g== X-Gm-Message-State: AOJu0YxTUD5oiADmVrqp9Fu9u1dwYrgveXbTn+Vz2nhgPJb55FJeR460 oiDJPFIMpk7c98sZmTFej288+ZmIJf4WI+BURR6jDYrg7qeMwfChBpwkrCXVoU4Y4JIqgUYmN5x p7pMTo2jfKVd0nSHFst0xDw+qD9kbSIs6 X-Google-Smtp-Source: AGHT+IEEYQhAPyYuSndB3rwAAfiqs60/MVa+3s5lUOi6yAbqjspGof81TjrS5HDR0t4Hv8NBEYd4Zet0A3fs X-Received: by 2002:a05:6214:4598:b0:6cb:fe7f:27c1 with SMTP id 6a1803df08f44-6cbfe7f29e8mr73367186d6.49.1728828353038; Sun, 13 Oct 2024 07:05:53 -0700 (PDT) Received: from postal.iol.unh.edu (postal.iol.unh.edu. [132.177.123.84]) by smtp-relay.gmail.com with ESMTPS id 6a1803df08f44-6cbe8644af3sm2655996d6.63.2024.10.13.07.05.52 (version=TLS1_2 cipher=ECDHE-ECDSA-AES128-GCM-SHA256 bits=128/128); Sun, 13 Oct 2024 07:05:53 -0700 (PDT) X-Relaying-Domain: iol.unh.edu Date: Sun, 13 Oct 2024 07:05:53 -0700 (PDT) Message-ID: <670bd3c1.0c0a0220.27a1f7.15d8SMTPIN_ADDED_MISSING@mx.google.com> Received: from [172.21.0.2] (unknown [172.18.0.240]) by postal.iol.unh.edu (Postfix) with ESMTP id 836346052471; Sun, 13 Oct 2024 10:05:52 -0400 (EDT) Subject: |FAILURE| [GIT MASTER] ff4d4839f9c2a6d05dca0a25ed6b1549402e1682 From: dpdklab@iol.unh.edu To: Test Report Cc: dpdk-test-reports@iol.unh.edu, Xueming Li , Christian Ehrhardt , Kevin Traynor , Luca Boccassi Content-Type: text/plain X-BeenThere: test-report@dpdk.org X-Mailman-Version: 2.1.29 Precedence: list List-Id: automatic DPDK test reports List-Unsubscribe: , List-Archive: List-Post: List-Help: List-Subscribe: , Errors-To: test-report-bounces@dpdk.org _Testing issues_ Branch: tags/v22.11 ff4d4839f9c2a6d05dca0a25ed6b1549402e1682 --> testing issues Upstream job id: Generic-DPDK-Compile-Meson#314834 Test environment and result as below: +---------------------+-----------------------+--------------------+----------------------+ | Environment | dpdk_win_llvm_compile | dpdk_meson_compile | dpdk_mingw64_compile | +=====================+=======================+====================+======================+ | Windows Server 2022 | PASS | SKIPPED | PASS | +---------------------+-----------------------+--------------------+----------------------+ | FreeBSD 13.4 | SKIPPED | PASS | SKIPPED | +---------------------+-----------------------+--------------------+----------------------+ | FreeBSD 14.1 | SKIPPED | PASS | SKIPPED | +---------------------+-----------------------+--------------------+----------------------+ | CentOS Stream 9 | SKIPPED | PASS | SKIPPED | +---------------------+-----------------------+--------------------+----------------------+ | Debian Bullseye | SKIPPED | PASS | SKIPPED | +---------------------+-----------------------+--------------------+----------------------+ | Debian 12 | SKIPPED | PASS | SKIPPED | +---------------------+-----------------------+--------------------+----------------------+ | Fedora 37 | SKIPPED | PASS | SKIPPED | +---------------------+-----------------------+--------------------+----------------------+ | Fedora 38 (Clang) | SKIPPED | PASS | SKIPPED | +---------------------+-----------------------+--------------------+----------------------+ | Fedora 38 | SKIPPED | PEND | SKIPPED | +---------------------+-----------------------+--------------------+----------------------+ | Fedora 39 (Clang) | SKIPPED | PASS | SKIPPED | +---------------------+-----------------------+--------------------+----------------------+ | Fedora 39 | SKIPPED | PEND | SKIPPED | +---------------------+-----------------------+--------------------+----------------------+ | Fedora 40 (Clang) | SKIPPED | PASS | SKIPPED | +---------------------+-----------------------+--------------------+----------------------+ | openSUSE Leap 15 | SKIPPED | PASS | SKIPPED | +---------------------+-----------------------+--------------------+----------------------+ | Ubuntu 20.04 | SKIPPED | PASS | SKIPPED | +---------------------+-----------------------+--------------------+----------------------+ | Ubuntu 22.04 | SKIPPED | PASS | SKIPPED | +---------------------+-----------------------+--------------------+----------------------+ | Ubuntu 24.04 | SKIPPED | PASS | SKIPPED | +---------------------+-----------------------+--------------------+----------------------+ | RHEL 7 | SKIPPED | FAIL | SKIPPED | +---------------------+-----------------------+--------------------+----------------------+ ==== 20 line log output for RHEL 7 (dpdk_meson_compile): ==== [2493/3509] Compiling C object 'drivers/a715181@@tmp_rte_crypto_octeontx@sta/crypto_octeontx_otx_cryptodev_ops.c.o'. [2494/3509] Linking static target drivers/libtmp_rte_crypto_octeontx.a. [2495/3509] Generating rte_crypto_octeontx.pmd.c with a custom command. [2496/3509] Compiling C object 'drivers/a715181@@rte_crypto_octeontx@sta/meson-generated_.._rte_crypto_octeontx.pmd.c.o'. [2497/3509] Linking static target drivers/librte_crypto_octeontx.a. [2498/3509] Compiling C object 'drivers/a715181@@rte_crypto_octeontx@sha/meson-generated_.._rte_crypto_octeontx.pmd.c.o'. [2499/3509] Generating rte_crypto_octeontx.sym_chk with a meson_exe.py custom command. [2500/3509] Generating rte_crypto_octeontx_def with a custom command. [2501/3509] Generating rte_crypto_octeontx_mingw with a custom command. [2502/3509] Compiling C object 'drivers/a715181@@tmp_rte_crypto_openssl@sta/crypto_openssl_rte_openssl_pmd_ops.c.o'. FAILED: drivers/a715181@@tmp_rte_crypto_openssl@sta/crypto_openssl_rte_openssl_pmd_ops.c.o ccache cc -Idrivers/a715181@@tmp_rte_crypto_openssl@sta -Idrivers -I../drivers -Idrivers/crypto/openssl -I../drivers/crypto/openssl -Ilib/cryptodev -I../lib/cryptodev -I. -I../ -Iconfig -I../config -Ilib/eal/include -I../lib/eal/include -Ilib/eal/linux/include -I../lib/eal/linux/include -Ilib/eal/x86/include -I../lib/eal/x86/include -Ilib/eal/common -I../lib/eal/common -Ilib/eal -I../lib/eal -Ilib/kvargs -I../lib/kvargs -Ilib/telemetry/../metrics -I../lib/telemetry/../metrics -Ilib/telemetry -I../lib/telemetry -Ilib/mbuf -I../lib/mbuf -Ilib/mempool -I../lib/mempool -Ilib/ring -I../lib/ring -Ilib/rcu -I../lib/rcu -Idrivers/bus/vdev -I../drivers/bus/vdev -pipe -D_FILE_OFFSET_BITS=64 -Wall -Winvalid-pch -Wextra -Werror -O3 -include rte_config.h -Wcast-qual -Wdeprecated -Wformat -Wformat-nonliteral -Wformat-security -Wmissing-declarations -Wmissing-prototypes -Wnested-externs -Wold-style-definition -Wpointer-arith -Wsign-compare -Wstrict-prototypes -Wundef -Wwrite-strings -Wno-missing-fi eld-initializers -D_GNU_SOURCE -fPIC -march=native -DALLOW_EXPERIMENTAL_API -DALLOW_INTERNAL_API -DRTE_LOG_DEFAULT_LOGTYPE=pmd.crypto.openssl -MD -MQ 'drivers/a715181@@tmp_rte_crypto_openssl@sta/crypto_openssl_rte_openssl_pmd_ops.c.o' -MF 'drivers/a715181@@tmp_rte_crypto_openssl@sta/crypto_openssl_rte_openssl_pmd_ops.c.o.d' -o 'drivers/a715181@@tmp_rte_crypto_openssl@sta/crypto_openssl_rte_openssl_pmd_ops.c.o' -c ../drivers/crypto/openssl/rte_openssl_pmd_ops.c In file included from ../drivers/crypto/openssl/rte_openssl_pmd_ops.c:12:0: ../drivers/crypto/openssl/compat.h: In function 'free_hmac_ctx': ../drivers/crypto/openssl/compat.h:24:2: error: implicit declaration of function 'HMAC_CTX_free' [-Werror=implicit-function-declaration] HMAC_CTX_free(ctx); ^ ../drivers/crypto/openssl/compat.h:24:2: error: nested extern declaration of 'HMAC_CTX_free' [-Werror=nested-externs] cc1: all warnings being treated as errors ninja: build stopped: subcommand failed. ==== End log output ==== Windows Server 2022 Kernel: 10.0.20348.2031 Compiler: clang 15.0.7, gcc 14.1.0 (MinGW), and MSVC VS 19.39.33521 FreeBSD 13.4 Kernel: 13.4-RELEASE-p1 Compiler: clang 18.1.6 FreeBSD 14.1 Kernel: 14.1-RELEASE-p3 Compiler: clang 18.1.5 CentOS Stream 9 Kernel: Depends on container host Compiler: gcc 11.4.1 20231218 (Red Hat 11.4.1-3) Debian Bullseye Kernel: Depends on container host Compiler: gcc (Debian 10.2.1-6) 10.2.1 20210110 Debian 12 Kernel: Depends on container host Compiler: gcc (Debian 12.2.0-14) 12.2.0 Fedora 37 Kernel: Depends on container host system Compiler: gcc 12.3.1 20230508 (Red Hat 12.3.1-1) Fedora 38 (Clang) Kernel: Depends on container host Compiler: clang 16.0.6 (Fedora 16.0.6-4.fc38) Fedora 38 Kernel: Depends on container host Compiler: gcc 13.2.1 20240316 (Red Hat 13.2.1-7) Fedora 39 (Clang) Kernel: Depends on container host Compiler: clang 17.0.6 (Fedora 17.0.6-2.fc39) Fedora 39 Kernel: Depends on container host Compiler: gcc 13.3.1 20240522 (Red Hat 13.3.1-1) Fedora 40 (Clang) Kernel: Depends on container host Compiler: clang 18.1.6 (Fedora 18.1.6-3.fc40) openSUSE Leap 15 Kernel: Depends on container host Compiler: gcc (SUSE Linux) 7.5.0 Ubuntu 20.04 Kernel: Depends on container host Compiler: gcc (Ubuntu 9.4.0-1ubuntu1~20.04.2) 9.4.0 Ubuntu 22.04 Kernel: Depends on container host Compiler: gcc (Ubuntu 11.4.0-1ubuntu1~22.04) 11.4.0 Ubuntu 24.04 Kernel: Depends on container host Compiler: gcc (Ubuntu 13.2.0-23ubuntu4) 13.2.0 RHEL 7 Kernel: Depends on container host Compiler: gcc 4.8.5 20150623 (Red Hat 4.8.5-44) To view detailed results, visit: https://lab.dpdk.org/results/dashboard/tarballs/30991/ UNH-IOL DPDK Community Lab To manage your email subscriptions, visit: https://lab.dpdk.org/results/dashboard/preferences/subscriptions/