From mboxrd@z Thu Jan  1 00:00:00 1970
Return-Path: <test-report-bounces@dpdk.org>
Received: from mails.dpdk.org (mails.dpdk.org [217.70.189.124])
	by inbox.dpdk.org (Postfix) with ESMTP id D7B0645B31
	for <public@inbox.dpdk.org>; Mon, 14 Oct 2024 03:31:50 +0200 (CEST)
Received: from mails.dpdk.org (localhost [127.0.0.1])
	by mails.dpdk.org (Postfix) with ESMTP id AE9B440274;
	Mon, 14 Oct 2024 03:31:50 +0200 (CEST)
Received: from mail-io1-f100.google.com (mail-io1-f100.google.com
 [209.85.166.100])
 by mails.dpdk.org (Postfix) with ESMTP id 0631440151
 for <test-report@dpdk.org>; Mon, 14 Oct 2024 03:31:49 +0200 (CEST)
Received: by mail-io1-f100.google.com with SMTP id
 ca18e2360f4ac-82aac438539so159473139f.1
 for <test-report@dpdk.org>; Sun, 13 Oct 2024 18:31:48 -0700 (PDT)
DKIM-Signature: v=1; a=rsa-sha256; c=relaxed/relaxed;
 d=iol.unh.edu; s=unh-iol; t=1728869508; x=1729474308; darn=dpdk.org;
 h=references:in-reply-to:cc:to:from:subject:message-id:date:from:to
 :cc:subject:date:message-id:reply-to;
 bh=AglgUC8TkUOe8TL3S8ETDZI9l67rkNRGZRK/140L5Zk=;
 b=itwNY6/yRFe75I7SOTyYelX5Zs0WmWget5p8rhctkAQ2n6r1nuJ6IqbViRMlHlSxxu
 egi+MvgnyJqnkRe9SxyqJ9IhK6G3G5T0FTYw5FGuG77OxkSdEn8+318mr88++J7BtJj7
 6Ecz1WEaEiTePVKerMYL3FTz4kB4xXA3THLGg=
X-Google-DKIM-Signature: v=1; a=rsa-sha256; c=relaxed/relaxed;
 d=1e100.net; s=20230601; t=1728869508; x=1729474308;
 h=references:in-reply-to:cc:to:from:subject:message-id:date
 :x-gm-message-state:from:to:cc:subject:date:message-id:reply-to;
 bh=AglgUC8TkUOe8TL3S8ETDZI9l67rkNRGZRK/140L5Zk=;
 b=K0GL53X5FkrnSlnlj3k+VccxozmBLIwMkEI/FD1ZvvW9yuPnabGmbILBwd2UjI/OtO
 fVbE0Vw1Lq93l9+saaaXD5Nkn5XZ1fqf4g0ZxiOOk9PIavjKiEBerdWPcchA4Ed2Sh5L
 UYcKxyWpb3kMvYOKcfskMEdMOfLgIiXSFzodcTN1zZxinal2VSqo+GN2l0WDLkTnHibb
 aE8TCRI4whWQRxx4EZ4EWjXIcFRTN5D3qzQZogvf/4kgI3AYyr3Flz0cQcGxzFUmUizb
 e/b5vff8mRewrJn44j2Urv8y8Lk64px9JVc1XZAgFwSRyHqRW/XI8qqZwlfQacbF2wY4
 vzig==
X-Gm-Message-State: AOJu0YwAUksjC3n8p45foKyJumbaGIxe2zepXusarxGL7kZKghmOSR/F
 1ltYG0g/uZTV0boejbsCNUWtfnftc/NpQWKcqncVbhx4zUpwPSn0Q2Hlis7BQ4Nca0+UzpVDt4A
 1xUcxGjrCD42FqQLQbREBpwb+sHnD0If1zUqTC44cRcMHTH2RRCeUJ6wJ
X-Google-Smtp-Source: AGHT+IFnBqcBAegkEBnePrJytf5bqP5UC50E+hPZQLnfN74Pq302IyETHxVKNsHExzP9Uy2paNs4m5uHZm3x
X-Received: by 2002:a05:6602:1503:b0:82b:40f:63c6 with SMTP id
 ca18e2360f4ac-83a64d161a3mr651085239f.4.1728869508242; 
 Sun, 13 Oct 2024 18:31:48 -0700 (PDT)
Received: from postal.iol.unh.edu (postal.iol.unh.edu.
 [2606:4100:3880:1234::84]) by smtp-relay.gmail.com with ESMTPS id
 ca18e2360f4ac-8354b8fe043sm22853239f.9.2024.10.13.18.31.48
 (version=TLS1_2 cipher=ECDHE-ECDSA-AES128-GCM-SHA256 bits=128/128);
 Sun, 13 Oct 2024 18:31:48 -0700 (PDT)
X-Relaying-Domain: iol.unh.edu
Date: Sun, 13 Oct 2024 18:31:48 -0700 (PDT)
Message-ID: <670c7484.050a0220.1fcdae.f439SMTPIN_ADDED_MISSING@mx.google.com>
Received: from [172.21.0.2] (unknown [172.18.0.240])
 by postal.iol.unh.edu (Postfix) with ESMTP id B4A5B6052472;
 Sun, 13 Oct 2024 21:31:47 -0400 (EDT)
Subject: |WARNING| pw145777 [PATCH] [v4] fib: network byte order IPv4 lookup
From: dpdklab@iol.unh.edu
To: Test Report <test-report@dpdk.org>
Cc: dpdk-test-reports@iol.unh.edu
In-Reply-To: <20241011175701.116371-1-vladimir.medvedkin@intel.com>
References: <20241011175701.116371-1-vladimir.medvedkin@intel.com>
Content-Type: text/plain
X-BeenThere: test-report@dpdk.org
X-Mailman-Version: 2.1.29
Precedence: list
List-Id: automatic DPDK test reports <test-report.dpdk.org>
List-Unsubscribe: <https://mails.dpdk.org/options/test-report>,
 <mailto:test-report-request@dpdk.org?subject=unsubscribe>
List-Archive: <http://mails.dpdk.org/archives/test-report/>
List-Post: <mailto:test-report@dpdk.org>
List-Help: <mailto:test-report-request@dpdk.org?subject=help>
List-Subscribe: <https://mails.dpdk.org/listinfo/test-report>,
 <mailto:test-report-request@dpdk.org?subject=subscribe>
Errors-To: test-report-bounces@dpdk.org

Test-Label: iol-sample-apps-testing
Test-Status: WARNING
http://dpdk.org/patch/145777

_Testing issues_

Submitter: Vladimir Medvedkin <vladimir.medvedkin@intel.com>
Date: Friday, October 11 2024 17:57:01 
DPDK git baseline: Repo:dpdk
  Branch: master
  CommitID:98613d32e3dac58d685f4f236cf8cc9733abaaf3

145777 --> testing issues

Upstream job id: ACVP-FIPS-testing#7309

Test environment and result as below:

+--------------------+----------------------+----------------------+
|    Environment     | compressdev_zlib_pmd | dpdk_fips_validation |
+====================+======================+======================+
| Ubuntu 22.04 (ARM) | FAIL                 | SKIPPED              |
+--------------------+----------------------+----------------------+
| Ubuntu 22.04       | PASS                 | SKIPPED              |
+--------------------+----------------------+----------------------+
| Ubuntu 20.04       | SKIPPED              | PASS                 |
+--------------------+----------------------+----------------------+

==== 20 line log output for Ubuntu 22.04 (ARM) (compressdev_zlib_pmd): ====
 --- Failed to get log output --- 
==== End log output ====

Ubuntu 22.04 (ARM)
	Kernel: 5.15.0-97-generic
	Compiler: gcc gcc (Ubuntu 11.4.0-1ubuntu1~22.04) 11.4.0

Ubuntu 22.04
	Kernel: 5.15.0-100-generic
	Compiler: gcc gcc (Ubuntu 11.4.0-1ubuntu1~22.04) 11.4.0

Ubuntu 20.04
	Kernel: Depends on container host
	Compiler: gcc (Ubuntu 9.4.0-1ubuntu1~20.04.2) 9.4.0

To view detailed results, visit:
https://lab.dpdk.org/results/dashboard/patchsets/31441/

UNH-IOL DPDK Community Lab

To manage your email subscriptions, visit: 
https://lab.dpdk.org/results/dashboard/preferences/subscriptions/