From mboxrd@z Thu Jan  1 00:00:00 1970
Return-Path: <test-report-bounces@dpdk.org>
Received: from mails.dpdk.org (mails.dpdk.org [217.70.189.124])
	by inbox.dpdk.org (Postfix) with ESMTP id 6BDC045A8C
	for <public@inbox.dpdk.org>; Tue, 15 Oct 2024 13:09:05 +0200 (CEST)
Received: from mails.dpdk.org (localhost [127.0.0.1])
	by mails.dpdk.org (Postfix) with ESMTP id 6655640273;
	Tue, 15 Oct 2024 13:09:05 +0200 (CEST)
Received: from mail-pf1-f226.google.com (mail-pf1-f226.google.com
 [209.85.210.226])
 by mails.dpdk.org (Postfix) with ESMTP id C839D400D6
 for <test-report@dpdk.org>; Tue, 15 Oct 2024 13:09:04 +0200 (CEST)
Received: by mail-pf1-f226.google.com with SMTP id
 d2e1a72fcca58-71e585ef0b3so1760197b3a.1
 for <test-report@dpdk.org>; Tue, 15 Oct 2024 04:09:04 -0700 (PDT)
DKIM-Signature: v=1; a=rsa-sha256; c=relaxed/relaxed;
 d=iol.unh.edu; s=unh-iol; t=1728990544; x=1729595344; darn=dpdk.org;
 h=references:in-reply-to:cc:to:from:subject:message-id:date:from:to
 :cc:subject:date:message-id:reply-to;
 bh=eHtPFr9Aa2bquDrs1oxckald2EDMhB3EilazVy56SME=;
 b=cPWhY7Bsfv21wpG5KoNEDvTU0g9i0epqINmEmG2rocmDlCicQmdYxPZNbrf9QbzjDp
 /55E1O5+/rUrPgjTbS6mxtsNwyskVDpAhNpHeF1xaapqNdhp+2H/N6uKG6qjXdKVSG6U
 Uci9yl6BRSBycLYog6D05f9eqFLaYF2Ei0lCU=
X-Google-DKIM-Signature: v=1; a=rsa-sha256; c=relaxed/relaxed;
 d=1e100.net; s=20230601; t=1728990544; x=1729595344;
 h=references:in-reply-to:cc:to:from:subject:message-id:date
 :x-gm-message-state:from:to:cc:subject:date:message-id:reply-to;
 bh=eHtPFr9Aa2bquDrs1oxckald2EDMhB3EilazVy56SME=;
 b=cSv54V5FbiV901mJ3xwHBIhT6B7kB+zalir7v9wEArftPfxZqlt4ZefD5HEybn4Ghl
 VX75P+ygvkcSIsBJ+u2WjWGeSpWEGrOjwMqMeKv90YgvwbC6fzP5x3E1m//jGh1C9uo+
 /DSRvysph+wubHuBB5Y3qQVHJjoJcmi9Axy4/oqJWaqGY+IryOBrEJ7ftaOUo+oItUtP
 Nj2RJUc5yGM7TftMMQvO2X24p0qURraLEvmzztbbQCTXL+1joOv32OqLs+8w/awvieQC
 rIc5zGM1eqq27gtwdOOpYjdRpJEfDJax3K6LPY0+1Y1cgEOcdufBKJ1gylf6Ssxbll/2
 RgdQ==
X-Gm-Message-State: AOJu0YxQVZMh8DSQJ1VrgNsbbVL+igzdIGeG4geCnd3N4BK4R/bYWj9K
 KrVd4B8+hDmnvK8byUAjaDfxZL3x7Gr8p2Hv9t2frhX2aPOXKge13CNC9UyPsuGgqegQvXOXt4s
 ZPcSIwFyCi7KVHsS8fpc97pMLs+acGVj4We0BP99DO61urSc81KveLH4P
X-Google-Smtp-Source: AGHT+IGQoW0bDRH7Wtox1/BQu8NZCIQbcJXSUL+rZudwug5Vz7ZtrxzdPbORzoE1e9uLnIziO6D440HZr660
X-Received: by 2002:a05:6a20:cf8b:b0:1d3:e39:f69c with SMTP id
 adf61e73a8af0-1d8bcf0c279mr18399211637.15.1728990543899; 
 Tue, 15 Oct 2024 04:09:03 -0700 (PDT)
Received: from postal.iol.unh.edu (postal.iol.unh.edu.
 [2606:4100:3880:1234::84]) by smtp-relay.gmail.com with ESMTPS id
 41be03b00d2f7-7ea9c6bf24asm42322a12.9.2024.10.15.04.09.03
 (version=TLS1_2 cipher=ECDHE-ECDSA-AES128-GCM-SHA256 bits=128/128);
 Tue, 15 Oct 2024 04:09:03 -0700 (PDT)
X-Relaying-Domain: iol.unh.edu
Date: Tue, 15 Oct 2024 04:09:03 -0700 (PDT)
Message-ID: <670e4d4f.630a0220.23721.2ec4SMTPIN_ADDED_MISSING@mx.google.com>
Received: from [172.17.0.3] (unknown [172.18.0.217])
 by postal.iol.unh.edu (Postfix) with ESMTP id 089496052471;
 Tue, 15 Oct 2024 07:09:03 -0400 (EDT)
Subject: |FAILURE| pw145845 [PATCH] [v3] test: fix option devices
From: dpdklab@iol.unh.edu
To: Test Report <test-report@dpdk.org>
Cc: dpdk-test-reports@iol.unh.edu, Mingjin Ye <mingjinx.ye@intel.com>
In-Reply-To: <20241014100026.1517769-1-mingjinx.ye@intel.com>
References: <20241014100026.1517769-1-mingjinx.ye@intel.com>
Content-Type: text/plain
X-BeenThere: test-report@dpdk.org
X-Mailman-Version: 2.1.29
Precedence: list
List-Id: automatic DPDK test reports <test-report.dpdk.org>
List-Unsubscribe: <https://mails.dpdk.org/options/test-report>,
 <mailto:test-report-request@dpdk.org?subject=unsubscribe>
List-Archive: <http://mails.dpdk.org/archives/test-report/>
List-Post: <mailto:test-report@dpdk.org>
List-Help: <mailto:test-report-request@dpdk.org?subject=help>
List-Subscribe: <https://mails.dpdk.org/listinfo/test-report>,
 <mailto:test-report-request@dpdk.org?subject=subscribe>
Errors-To: test-report-bounces@dpdk.org

Test-Label: iol-unit-amd64-testing
Test-Status: FAILURE
http://dpdk.org/patch/145845

_Testing issues_

Submitter: Mingjin Ye <mingjinx.ye@intel.com>
Date: Monday, October 14 2024 10:00:26 
DPDK git baseline: Repo:dpdk
  Branch: master
  CommitID:5f7b98189de733080656989d63b0e7ffd249830a

145845 --> testing issues

Upstream job id: Generic-Unit-Test-DPDK#275388

Test environment and result as below:

+---------------------+----------------+
|     Environment     | dpdk_unit_test |
+=====================+================+
| Windows Server 2022 | FAIL           |
+---------------------+----------------+
| CentOS Stream 9     | FAIL           |
+---------------------+----------------+
| Debian Bullseye     | FAIL           |
+---------------------+----------------+
| Debian 12           | FAIL           |
+---------------------+----------------+
| Fedora 37           | FAIL           |
+---------------------+----------------+
| Fedora 38           | FAIL           |
+---------------------+----------------+
| Fedora 38 (Clang)   | FAIL           |
+---------------------+----------------+
| Fedora 39           | FAIL           |
+---------------------+----------------+
| Fedora 39 (Clang)   | FAIL           |
+---------------------+----------------+
| Fedora 40           | FAIL           |
+---------------------+----------------+
| Fedora 40 (Clang)   | FAIL           |
+---------------------+----------------+
| RHEL8               | FAIL           |
+---------------------+----------------+
| RHEL9               | FAIL           |
+---------------------+----------------+
| Ubuntu 20.04        | FAIL           |
+---------------------+----------------+
| Ubuntu 22.04        | FAIL           |
+---------------------+----------------+
| Ubuntu 24.04        | FAIL           |
+---------------------+----------------+

==== Unit test summary for Ubuntu 24.04 (dpdk_unit_test): ====
ninja: Entering directory `/home-local/jenkins-local/jenkins-agent/workspace/Generic-Unit-Test-DPDK/dpdk/build'
ninja: no work to do.
  1/114 DPDK:fast-tests / acl_autotest          OK       2.33 s 
  2/114 DPDK:fast-tests / alarm_autotest        OK       1.22 s 
  3/114 DPDK:fast-tests / argparse_autotest     OK       0.22 s 
  4/114 DPDK:fast-tests / atomic_autotest       OK       0.37 s 
  5/114 DPDK:fast-tests / bitcount_autotest     OK       0.22 s 
  6/114 DPDK:fast-tests / bitmap_autotest       OK       0.22 s 
  7/114 DPDK:fast-tests / bitops_autotest       OK       1.67 s 
  8/114 DPDK:fast-tests / bitset_autotest       OK       1.37 s 
  9/114 DPDK:fast-tests / bitratestats_autotest  OK       0.22 s 
 10/114 DPDK:fast-tests / bpf_autotest          OK       0.22 s 
 11/114 DPDK:fast-tests / bpf_convert_autotest  OK       0.22 s 
 12/114 DPDK:fast-tests / byteorder_autotest    OK       0.17 s 
 13/114 DPDK:fast-tests / cksum_autotest        OK       0.22 s 
 14/114 DPDK:fast-tests / cmdline_autotest      OK       0.22 s 
 15/114 DPDK:fast-tests / common_autotest       OK       0.52 s 
 16/114 DPDK:fast-tests / compressdev_autotest  SKIP     0.17 s 
 17/114 DPDK:fast-tests / cpuflags_autotest     OK       0.22 s 
 18/114 DPDK:fast-tests / crc_autotest          OK       0.22 s 
 19/114 DPDK:fast-tests / user_delay_us         OK       0.22 s 
 20/114 DPDK:fast-tests / debug_autotest        OK       0.47 s 
 21/114 DPDK:fast-tests / devargs_autotest      OK       0.22 s 
 22/114 DPDK:fast-tests / dispatcher_autotest   SKIP     0.17 s 
 23/114 DPDK:fast-tests / distributor_autotest  OK       0.87 s 
 24/114 DPDK:fast-tests / eal_flags_c_opt_autotest  OK       0.67 s 
 25/114 DPDK:fast-tests / eal_flags_main_opt_autotest  OK       0.32 s 
 26/114 DPDK:fast-tests / eal_flags_n_opt_autotest  OK       0.47 s 
 27/114 DPDK:fast-tests / eal_flags_hpet_autotest  OK       0.22 s 
 28/114 DPDK:fast-tests / eal_flags_no_huge_autotest  OK       0.47 s 
 29/114 DPDK:fast-tests / eal_flags_a_opt_autotest  OK       0.37 s 
 30/114 DPDK:fast-tests / eal_flags_b_opt_autotest  OK       0.32 s 
 31/114 DPDK:fast-tests / eal_flags_vdev_opt_autotest  OK       0.58 s 
 32/114 DPDK:fast-tests / eal_flags_r_opt_autotest  OK       0.27 s 
 33/114 DPDK:fast-tests / eal_flags_mem_autotest  OK       0.72 s 
 34/114 DPDK:fast-tests / eal_flags_file_prefix_autotest  OK       4.34 s 
 35/114 DPDK:fast-tests / eal_flags_misc_autotest  OK       1.77 s 
 36/114 DPDK:fast-tests / eal_fs_autotest       OK       0.22 s 
 37/114 DPDK:fast-tests / errno_autotest        OK       0.22 s 
 38/114 DPDK:fast-tests / ethdev_link_status    OK       0.22 s 
 39/114 DPDK:fast-tests / event_eth_tx_adapter_autotest  OK       0.47 s 
 40/114 DPDK:fast-tests / event_ring_autotest   OK       0.22 s 
 41/114 DPDK:fast-tests / eventdev_common_autotest  OK       0.22 s 
 42/114 DPDK:fast-tests / eventdev_selftest_sw  OK       0.22 s 
 43/114 DPDK:fast-tests / fbarray_autotest      OK       0.22 s 
 44/114 DPDK:fast-tests / fib_autotest          FAIL     0.67 s (exit status 255 or signal 127 SIGinvalid)
 45/114 DPDK:fast-tests / fib6_autotest         OK       0.62 s 
 46/114 DPDK:fast-tests / func_reentrancy_autotest  OK       0.57 s 
 47/114 DPDK:fast-tests / graph_autotest        OK       0.22 s 
 48/114 DPDK:fast-tests / node_list_dump        OK       0.22 s 
 49/114 DPDK:fast-tests / hash_autotest         OK       0.32 s 
 50/114 DPDK:fast-tests / hash_readwrite_func_autotest  SKIP     0.17 s 
 51/114 DPDK:fast-tests / interrupt_autotest    OK       1.22 s 
 52/114 DPDK:fast-tests / ipfrag_autotest       OK       0.17 s 
 53/114 DPDK:fast-tests / ipsec_autotest        SKIP     0.22 s 
 54/114 DPDK:fast-tests / kvargs_autotest       OK       0.22 s 
 55/114 DPDK:fast-tests / latencystats_autotest  OK       0.22 s 
 56/114 DPDK:fast-tests / lcores_autotest       OK      24.26 s 
 57/114 DPDK:fast-tests / logs_autotest         OK       0.22 s 
 58/114 DPDK:fast-tests / lpm_autotest          OK       1.48 s 
 59/114 DPDK:fast-tests / lpm6_autotest         OK       2.57 s 
 60/114 DPDK:fast-tests / malloc_autotest       OK       0.92 s 
 61/114 DPDK:fast-tests / mbuf_autotest         OK       0.32 s 
 62/114 DPDK:fast-tests / mcslock_autotest      OK       0.47 s 
 63/114 DPDK:fast-tests / member_autotest       OK       0.77 s 
 64/114 DPDK:fast-tests / memcpy_autotest       OK       1.87 s 
 65/114 DPDK:fast-tests / memory_autotest       OK       0.17 s 
 66/114 DPDK:fast-tests / mempool_autotest      OK       0.47 s 
 67/114 DPDK:fast-tests / memzone_autotest      OK       0.17 s 
 68/114 DPDK:fast-tests / meter_autotest        OK       0.22 s 
 69/114 DPDK:fast-tests / metrics_autotest      OK       0.22 s 
 70/114 DPDK:fast-tests / multiprocess_autotest  OK       0.27 s 
 71/114 DPDK:fast-tests / net_ether_autotest    OK       0.47 s 
 72/114 DPDK:fast-tests / pdcp_autotest         SKIP     0.17 s 
 73/114 DPDK:fast-tests / pdump_autotest        OK       0.32 s 
 74/114 DPDK:fast-tests / per_lcore_autotest    OK       0.32 s 
 75/114 DPDK:fast-tests / pflock_autotest       OK       0.32 s 
 76/114 DPDK:fast-tests / pie_autotest          OK       0.22 s 
 77/114 DPDK:fast-tests / ring_pmd_autotest     OK       0.22 s 
 78/114 DPDK:fast-tests / power_autotest        OK       0.22 s 
 79/114 DPDK:fast-tests / power_cpufreq_autotest  SKIP     0.17 s 
 80/114 DPDK:fast-tests / power_intel_uncore_autotest  SKIP     0.22 s 
 81/114 DPDK:fast-tests / power_kvm_vm_autotest  SKIP     0.17 s 
 82/114 DPDK:fast-tests / prefetch_autotest     OK       0.22 s 
 83/114 DPDK:fast-tests / ptr_compress_autotest  OK       0.24 s 
 84/114 DPDK:fast-tests / rawdev_autotest       OK       0.22 s 
 85/114 DPDK:fast-tests / rcu_qsbr_autotest     OK       0.32 s 
 86/114 DPDK:fast-tests / reorder_autotest      OK       0.32 s 
 87/114 DPDK:fast-tests / rib_autotest          OK       3.78 s 
 88/114 DPDK:fast-tests / rib6_autotest         OK       3.83 s 
 89/114 DPDK:fast-tests / ring_autotest         OK       0.22 s 
 90/114 DPDK:fast-tests / rwlock_test1_autotest  OK       0.32 s 
 91/114 DPDK:fast-tests / rwlock_rda_autotest   OK       5.18 s 
 92/114 DPDK:fast-tests / rwlock_rds_wrm_autotest  OK       5.23 s 
 93/114 DPDK:fast-tests / rwlock_rde_wro_autotest  OK       5.18 s 
 94/114 DPDK:fast-tests / sched_autotest        OK       0.22 s 
 95/114 DPDK:fast-tests / security_autotest     OK       0.17 s 
 96/114 DPDK:fast-tests / seqlock_autotest      SKIP     0.22 s 
 97/114 DPDK:fast-tests / service_autotest      OK       0.32 s 
 98/114 DPDK:fast-tests / spinlock_autotest     OK       0.22 s 
 99/114 DPDK:fast-tests / stack_autotest        OK       0.22 s 
100/114 DPDK:fast-tests / stack_lf_autotest     OK       0.27 s 
101/114 DPDK:fast-tests / string_autotest       OK       0.22 s 
102/114 DPDK:fast-tests / table_autotest        OK       5.18 s 
103/114 DPDK:fast-tests / tailq_autotest        OK       0.22 s 
104/114 DPDK:fast-tests / telemetry_data_autotest  OK       0.22 s 
105/114 DPDK:fast-tests / telemetry_json_autotest  OK       0.22 s 
106/114 DPDK:fast-tests / thash_autotest        OK       0.22 s 
107/114 DPDK:fast-tests / threads_autotest      OK       0.37 s 
108/114 DPDK:fast-tests / ticketlock_autotest   OK       0.22 s 
109/114 DPDK:fast-tests / timer_autotest        OK       2.52 s 
110/114 DPDK:fast-tests / trace_autotest        OK       0.22 s 
111/114 DPDK:fast-tests / trace_autotest_with_traces  OK       0.22 s 
112/114 DPDK:fast-tests / vdev_autotest         OK       0.22 s 
113/114 DPDK:fast-tests / version_autotest      OK       0.22 s 
114/114 DPDK:fast-tests / telemetry_all         OK       1.07 s 

Ok:                  104
Expected Fail:         0
Fail:                  1
Unexpected Pass:       0
Skipped:               9
Timeout:               0

Full log written to /home-local/jenkins-local/jenkins-agent/workspace/Generic-Unit-Test-DPDK/dpdk/build/meson-logs/testlog.txt



Test log output from the failed test fib_autotest:

Sorry, we were not able to find the logs for this test.
Download the log output from the CI site for this test run.
==== End log output ====

Windows Server 2022
	Kernel: 10.0.20348.2031
	Compiler: clang 15.0.7, gcc 14.1.0 (MinGW), and MSVC VS 19.39.33521

CentOS Stream 9
	Kernel: Depends on container host
	Compiler: gcc 11.4.1 20231218 (Red Hat 11.4.1-3)

Debian Bullseye
	Kernel: Depends on container host
	Compiler: gcc (Debian 10.2.1-6) 10.2.1 20210110

Debian 12
	Kernel: Depends on container host
	Compiler: gcc (Debian 12.2.0-14) 12.2.0

Fedora 37
	Kernel: Depends on container host system
	Compiler: gcc 12.3.1 20230508 (Red Hat 12.3.1-1)

Fedora 38
	Kernel: Depends on container host
	Compiler: gcc 13.2.1 20240316 (Red Hat 13.2.1-7)

Fedora 38 (Clang)
	Kernel: Depends on container host
	Compiler: clang 16.0.6 (Fedora 16.0.6-4.fc38)

Fedora 39
	Kernel: Depends on container host
	Compiler: gcc 13.3.1 20240522 (Red Hat 13.3.1-1)

Fedora 39 (Clang)
	Kernel: Depends on container host
	Compiler: clang 17.0.6 (Fedora 17.0.6-2.fc39)

Fedora 40
	Kernel: Depends on container host
	Compiler: gcc 14.2.1 20240801 (Red Hat 14.2.1-1)

Fedora 40 (Clang)
	Kernel: Depends on container host
	Compiler: clang 18.1.6 (Fedora 18.1.6-3.fc40)

RHEL8
	Kernel: Depends on container host
	Compiler: gcc 8.5.0 20210514 (Red Hat 8.5.0-22)

RHEL9
	Kernel: Depends on container host
	Compiler: gcc 11.4.1 20231218 (Red Hat 11.4.1-3)

Ubuntu 20.04
	Kernel: Depends on container host
	Compiler: gcc (Ubuntu 9.4.0-1ubuntu1~20.04.2) 9.4.0

Ubuntu 22.04
	Kernel: Depends on container host
	Compiler: gcc (Ubuntu 11.4.0-1ubuntu1~22.04) 11.4.0

Ubuntu 24.04
	Kernel: Depends on container host
	Compiler: gcc (Ubuntu 13.2.0-23ubuntu4) 13.2.0

To view detailed results, visit:
https://lab.dpdk.org/results/dashboard/patchsets/31465/

UNH-IOL DPDK Community Lab

To manage your email subscriptions, visit: 
https://lab.dpdk.org/results/dashboard/preferences/subscriptions/