From mboxrd@z Thu Jan  1 00:00:00 1970
Return-Path: <test-report-bounces@dpdk.org>
Received: from mails.dpdk.org (mails.dpdk.org [217.70.189.124])
	by inbox.dpdk.org (Postfix) with ESMTP id F3DBA45B56
	for <public@inbox.dpdk.org>; Wed, 16 Oct 2024 22:19:23 +0200 (CEST)
Received: from mails.dpdk.org (localhost [127.0.0.1])
	by mails.dpdk.org (Postfix) with ESMTP id ECCE04021F;
	Wed, 16 Oct 2024 22:19:23 +0200 (CEST)
Received: from mail-io1-f97.google.com (mail-io1-f97.google.com
 [209.85.166.97]) by mails.dpdk.org (Postfix) with ESMTP id 20AD640144
 for <test-report@dpdk.org>; Wed, 16 Oct 2024 22:19:23 +0200 (CEST)
Received: by mail-io1-f97.google.com with SMTP id
 ca18e2360f4ac-8353b41369fso9412839f.3
 for <test-report@dpdk.org>; Wed, 16 Oct 2024 13:19:23 -0700 (PDT)
DKIM-Signature: v=1; a=rsa-sha256; c=relaxed/relaxed;
 d=iol.unh.edu; s=unh-iol; t=1729109962; x=1729714762; darn=dpdk.org;
 h=references:in-reply-to:cc:to:from:subject:message-id:date:from:to
 :cc:subject:date:message-id:reply-to;
 bh=JHKs5+qrm2+fQHiWcsRkWszfHAfwDzn0G1bSpnlM66Y=;
 b=Gep0hIWwdRwdzAv0RSJSY5Js7BY+zlMh8HhIGpZGkA21LtcmJHIfMN1mgXbWdaYjCA
 gGFyze4KdqS19siGLErqQUtd3iTmn4+WiKU6+V8He4Zdt7XPSgC4HCDVrcAIjmE7Vsaw
 3Yyq7Tn1rlw0BbuQDZ0D66U9EqbKt/QnqW+jM=
X-Google-DKIM-Signature: v=1; a=rsa-sha256; c=relaxed/relaxed;
 d=1e100.net; s=20230601; t=1729109962; x=1729714762;
 h=references:in-reply-to:cc:to:from:subject:message-id:date
 :x-gm-message-state:from:to:cc:subject:date:message-id:reply-to;
 bh=JHKs5+qrm2+fQHiWcsRkWszfHAfwDzn0G1bSpnlM66Y=;
 b=Y/wxAm6F7++iS827/A0x4zMPVjcD6L9gXWFPy+h8VpFFwLYQPwkOgYkgCPnLFTJcIm
 oOvm0bxgonDcSQBXhkdnEje4AEifE9bvZ6k2DIPME2iErh08WfZvjlh2RumFvGc2htFA
 hBN78+gNh7yPtlbYKjWJPfeABOWB4gqnjglZQ5UbuOJOaGpxtLrNZtaT4MSmEFac4sdN
 KwFf62EMxy4bAxBLDQsiT1rZMz2OO6LkpZfsQ2itW4ed4qsQ4d9NRjDjJMEsSZhFT/4l
 Fla9RhG5REZSXTcGddiz+QlrbU/OoVnu1TgFIJiZSp76uoZqVDLXSWhMswb58nhVu2iv
 Vztw==
X-Gm-Message-State: AOJu0Ywq7zP74UB1+XS1xvhyoeX3vWwd2O87r13df9PycJxpIB3vNHVf
 K+cyCbKIvxlFc6J37Z+ZddN/DQpF7nx1I6jgrQJ++gGI09VzjLAmW7uNxhdYdzBMjbHEXyHLFOi
 ez7ECkoFaBgw4M9Wbml07apGp5RQnTHXte437Cws2
X-Google-Smtp-Source: AGHT+IHQuW5sSQfxskKtLLK5jQ0LYQlIA0AE4MekuPV8Tzqwxkcf0WPZr1jCDmjsmnfr60huOjw266JPYPcA
X-Received: by 2002:a92:c267:0:b0:3a2:f7b1:2f70 with SMTP id
 e9e14a558f8ab-3a3bce0b05cmr145225625ab.21.1729109962312; 
 Wed, 16 Oct 2024 13:19:22 -0700 (PDT)
Received: from postal.iol.unh.edu (postal.iol.unh.edu. [132.177.123.84])
 by smtp-relay.gmail.com with ESMTPS id
 e9e14a558f8ab-3a3d71cab6bsm1663815ab.57.2024.10.16.13.19.22
 (version=TLS1_2 cipher=ECDHE-ECDSA-AES128-GCM-SHA256 bits=128/128);
 Wed, 16 Oct 2024 13:19:22 -0700 (PDT)
X-Relaying-Domain: iol.unh.edu
Date: Wed, 16 Oct 2024 13:19:22 -0700 (PDT)
Message-ID: <67101fca.050a0220.253b93.b4ccSMTPIN_ADDED_MISSING@mx.google.com>
Received: from [172.17.0.4] (unknown [172.18.0.217])
 by postal.iol.unh.edu (Postfix) with ESMTP id C914C6052471;
 Wed, 16 Oct 2024 16:19:21 -0400 (EDT)
Subject: |WARNING| pw146007-146009 [PATCH] [3/3] buildtools/chkincs: check he
From: dpdklab@iol.unh.edu
To: Test Report <test-report@dpdk.org>
Cc: dpdk-test-reports@iol.unh.edu
In-Reply-To: <20241015121046.2556695-4-david.marchand@redhat.com>
References: <20241015121046.2556695-4-david.marchand@redhat.com>
Content-Type: text/plain
X-BeenThere: test-report@dpdk.org
X-Mailman-Version: 2.1.29
Precedence: list
List-Id: automatic DPDK test reports <test-report.dpdk.org>
List-Unsubscribe: <https://mails.dpdk.org/options/test-report>,
 <mailto:test-report-request@dpdk.org?subject=unsubscribe>
List-Archive: <http://mails.dpdk.org/archives/test-report/>
List-Post: <mailto:test-report@dpdk.org>
List-Help: <mailto:test-report-request@dpdk.org?subject=help>
List-Subscribe: <https://mails.dpdk.org/listinfo/test-report>,
 <mailto:test-report-request@dpdk.org?subject=subscribe>
Errors-To: test-report-bounces@dpdk.org

Test-Label: iol-compile-amd64-testing
Test-Status: WARNING
http://dpdk.org/patch/146009

_Testing issues_

Submitter: David Marchand <david.marchand@redhat.com>
Date: Tuesday, October 15 2024 12:10:45 
DPDK git baseline: Repo:dpdk
  Branch: master
  CommitID:9207f93640a709cad1412430c5f0edfee3ad5a87

146007-146009 --> testing issues

Upstream job id: Windows-Compile-DPDK-VS#3494

Test environment and result as below:

+---------------------+--------------------+------------------+-------------------+----------------------+-----------------------+-------------------+
|     Environment     | dpdk_meson_compile | dpdk_compile_ovs | dpdk_compile_spdk | dpdk_mingw64_compile | dpdk_win_llvm_compile | dpdk_msvc_compile |
+=====================+====================+==================+===================+======================+=======================+===================+
| CentOS Stream 9     | PASS               | PASS             | PASS              | SKIPPED              | SKIPPED               | SKIPPED           |
+---------------------+--------------------+------------------+-------------------+----------------------+-----------------------+-------------------+
| Debian 12           | PASS               | PASS             | PASS              | SKIPPED              | SKIPPED               | SKIPPED           |
+---------------------+--------------------+------------------+-------------------+----------------------+-----------------------+-------------------+
| Fedora 37           | PASS               | PASS             | PASS              | SKIPPED              | SKIPPED               | SKIPPED           |
+---------------------+--------------------+------------------+-------------------+----------------------+-----------------------+-------------------+
| Debian Bullseye     | PASS               | PASS             | PASS              | SKIPPED              | SKIPPED               | SKIPPED           |
+---------------------+--------------------+------------------+-------------------+----------------------+-----------------------+-------------------+
| Fedora 38           | PASS               | PASS             | PASS              | SKIPPED              | SKIPPED               | SKIPPED           |
+---------------------+--------------------+------------------+-------------------+----------------------+-----------------------+-------------------+
| Fedora 38 (Clang)   | PASS               | PASS             | PASS              | SKIPPED              | SKIPPED               | SKIPPED           |
+---------------------+--------------------+------------------+-------------------+----------------------+-----------------------+-------------------+
| Fedora 39           | PASS               | PASS             | PASS              | SKIPPED              | SKIPPED               | SKIPPED           |
+---------------------+--------------------+------------------+-------------------+----------------------+-----------------------+-------------------+
| Fedora 40 (Clang)   | PASS               | PASS             | PASS              | SKIPPED              | SKIPPED               | SKIPPED           |
+---------------------+--------------------+------------------+-------------------+----------------------+-----------------------+-------------------+
| Fedora 40           | PASS               | PASS             | PASS              | SKIPPED              | SKIPPED               | SKIPPED           |
+---------------------+--------------------+------------------+-------------------+----------------------+-----------------------+-------------------+
| RHEL9               | PASS               | PASS             | SKIPPED           | SKIPPED              | SKIPPED               | SKIPPED           |
+---------------------+--------------------+------------------+-------------------+----------------------+-----------------------+-------------------+
| Fedora 39 (Clang)   | PASS               | PASS             | PASS              | SKIPPED              | SKIPPED               | SKIPPED           |
+---------------------+--------------------+------------------+-------------------+----------------------+-----------------------+-------------------+
| openSUSE Leap 15    | PASS               | PASS             | SKIPPED           | SKIPPED              | SKIPPED               | SKIPPED           |
+---------------------+--------------------+------------------+-------------------+----------------------+-----------------------+-------------------+
| RHEL8               | PASS               | PASS             | SKIPPED           | SKIPPED              | SKIPPED               | SKIPPED           |
+---------------------+--------------------+------------------+-------------------+----------------------+-----------------------+-------------------+
| Ubuntu 20.04        | PASS               | PASS             | SKIPPED           | SKIPPED              | SKIPPED               | SKIPPED           |
+---------------------+--------------------+------------------+-------------------+----------------------+-----------------------+-------------------+
| Ubuntu 22.04        | PASS               | PASS             | PASS              | SKIPPED              | SKIPPED               | SKIPPED           |
+---------------------+--------------------+------------------+-------------------+----------------------+-----------------------+-------------------+
| Ubuntu 24.04        | PASS               | PASS             | PASS              | SKIPPED              | SKIPPED               | SKIPPED           |
+---------------------+--------------------+------------------+-------------------+----------------------+-----------------------+-------------------+
| Alpine              | PASS               | PASS             | SKIPPED           | SKIPPED              | SKIPPED               | SKIPPED           |
+---------------------+--------------------+------------------+-------------------+----------------------+-----------------------+-------------------+
| FreeBSD 13.4        | PASS               | SKIPPED          | SKIPPED           | SKIPPED              | SKIPPED               | SKIPPED           |
+---------------------+--------------------+------------------+-------------------+----------------------+-----------------------+-------------------+
| FreeBSD 14.1        | PASS               | SKIPPED          | SKIPPED           | SKIPPED              | SKIPPED               | SKIPPED           |
+---------------------+--------------------+------------------+-------------------+----------------------+-----------------------+-------------------+
| Windows Server 2022 | SKIPPED            | SKIPPED          | SKIPPED           | PASS                 | PASS                  | FAIL              |
+---------------------+--------------------+------------------+-------------------+----------------------+-----------------------+-------------------+

==== 20 line log output for Windows Server 2022 (dpdk_msvc_compile): ====
�[�2�7�/�9�5�]� �C�o�m�p�i�l�i�n�g� �C� �o�b�j�e�c�t� �l�i�b�/�l�i�b�r�t�e�_�e�a�l�.�a�.�p�/�e�a�l�_�c�o�m�m�o�n�_�e�a�l�_�c�o�m�m�o�n�_�m�e�m�o�r�y�.�c�.�o�b�j�
�
�[�2�8�/�9�5�]� �C�o�m�p�i�l�i�n�g� �C� �o�b�j�e�c�t� �l�i�b�/�l�i�b�r�t�e�_�e�a�l�.�a�.�p�/�e�a�l�_�c�o�m�m�o�n�_�e�a�l�_�c�o�m�m�o�n�_�m�e�m�z�o�n�e�.�c�.�o�b�j�
�
�[�2�9�/�9�5�]� �C�o�m�p�i�l�i�n�g� �C� �o�b�j�e�c�t� �l�i�b�/�l�i�b�r�t�e�_�e�a�l�.�a�.�p�/�e�a�l�_�c�o�m�m�o�n�_�e�a�l�_�c�o�m�m�o�n�_�u�u�i�d�.�c�.�o�b�j�
�
�[�3�0�/�9�5�]� �C�o�m�p�i�l�i�n�g� �C� �o�b�j�e�c�t� �l�i�b�/�l�i�b�r�t�e�_�e�a�l�.�a�.�p�/�e�a�l�_�c�o�m�m�o�n�_�e�a�l�_�c�o�m�m�o�n�_�o�p�t�i�o�n�s�.�c�.�o�b�j�
�
�[�3�1�/�9�5�]� �C�o�m�p�i�l�i�n�g� �C� �o�b�j�e�c�t� �l�i�b�/�l�i�b�r�t�e�_�e�a�l�.�a�.�p�/�e�a�l�_�c�o�m�m�o�n�_�m�a�l�l�o�c�_�e�l�e�m�.�c�.�o�b�j�
�
�[�3�2�/�9�5�]� �C�o�m�p�i�l�i�n�g� �C� �o�b�j�e�c�t� �l�i�b�/�l�i�b�r�t�e�_�e�a�l�.�a�.�p�/�e�a�l�_�c�o�m�m�o�n�_�r�t�e�_�r�e�c�i�p�r�o�c�a�l�.�c�.�o�b�j�
�
�[�3�3�/�9�5�]� �C�o�m�p�i�l�i�n�g� �C� �o�b�j�e�c�t� �l�i�b�/�l�i�b�r�t�e�_�e�a�l�.�a�.�p�/�e�a�l�_�c�o�m�m�o�n�_�e�a�l�_�c�o�m�m�o�n�_�t�i�m�e�r�.�c�.�o�b�j�
�
�[�3�4�/�9�5�]� �C�o�m�p�i�l�i�n�g� �C� �o�b�j�e�c�t� �l�i�b�/�l�i�b�r�t�e�_�e�a�l�.�a�.�p�/�e�a�l�_�c�o�m�m�o�n�_�r�t�e�_�r�a�n�d�o�m�.�c�.�o�b�j�
�
�[�3�5�/�9�5�]� �C�o�m�p�i�l�i�n�g� �C� �o�b�j�e�c�t� �l�i�b�/�l�i�b�r�t�e�_�e�a�l�.�a�.�p�/�e�a�l�_�c�o�m�m�o�n�_�r�t�e�_�b�i�t�s�e�t�.�c�.�o�b�j�
�
�F�A�I�L�E�D�:� �l�i�b�/�l�i�b�r�t�e�_�e�a�l�.�a�.�p�/�e�a�l�_�c�o�m�m�o�n�_�r�t�e�_�b�i�t�s�e�t�.�c�.�o�b�j� �
�
�"�c�l�"� �"�-�I�l�i�b�\�l�i�b�r�t�e�_�e�a�l�.�a�.�p�"� �"�-�I�l�i�b�"� �"�-�I�.�.�\�l�i�b�"� �"�-�I�.�"� �"�-�I�.�.�"� �"�-�I�c�o�n�f�i�g�"� �"�-�I�.�.�\�c�o�n�f�i�g�"� �"�-�I�l�i�b�\�e�a�l�\�i�n�c�l�u�d�e�"� �"�-�I�.�.�\�l�i�b�\�e�a�l�\�i�n�c�l�u�d�e�"� �"�-�I�l�i�b�\�e�a�l�\�w�i�n�d�o�w�s�\�i�n�c�l�u�d�e�"� �"�-�I�.�.�\�l�i�b�\�e�a�l�\�w�i�n�d�o�w�s�\�i�n�c�l�u�d�e�"� �"�-�I�l�i�b�\�e�a�l�\�x�8�6�\�i�n�c�l�u�d�e�"� �"�-�I�.�.�\�l�i�b�\�e�a�l�\�x�8�6�\�i�n�c�l�u�d�e�"� �"�-�I�l�i�b�\�e�a�l�\�c�o�m�m�o�n�"� �"�-�I�.�.�\�l�i�b�\�e�a�l�\�c�o�m�m�o�n�"� �"�-�I�l�i�b�\�e�a�l�"� �"�-�I�.�.�\�l�i�b�\�e�a�l�"� �"�-�I�l�i�b�\�l�o�g�"� �"�-�I�.�.�\�l�i�b�\�l�o�g�"� �"�-�I�l�i�b�\�k�v�a�r�g�s�"� �"�-�I�.�.�\�l�i�b�\�k�v�a�r�g�s�"� �"�-�I�C�:�\�P�r�o�g�r�a�m� �F�i�l�e�s�\�M�e�l�l�a�n�o�x�\�M�L�N�X�_�W�i�n�O�F�2�_�D�e�v�X�_�S�D�K�\�i�n�c�"� �"�/�M�D�"� �"�/�n�o�l�o�g�o�"� �"�/�s�h�o�w�I�n�c�l�u�d�e�s�"� �"�/�W�3�"� �"�/�W�X�"� �"�/�s�t�d�:�c�1�1�"� �"�/�O�2�"� �"�/�G�w�"� �"�/�w�d�4�2�4�4�"� �"
 �/�w�d�4�2�6�7�"� �"�/�w�d�4�1�4�6�"� �"�/�e�x�p�e�r�i�m�e�n�t�a�l�:�c�1�1�a�t�o�m�i�c�s�"� �"�/�d�1�e�x�p�e�r�i�m�e�n�t�a�l�:�t�y�p�e�o�f�"� �"�/�e�x�p�e�r�i�m�e�n�t�a�l�:�s�t�a�t�e�m�e�n�t�E�x�p�r�e�s�s�i�o�n�s�"� �"�/�F�I�"� �"�r�t�e�_�c�o�n�f�i�g�.�h�"� �"�-�D�_�G�N�U�_�S�O�U�R�C�E�"� �"�-�D�_�W�I�N�3�2�_�W�I�N�N�T�=�0�x�0�A�0�0�"� �"�-�D�A�L�L�O�W�_�E�X�P�E�R�I�M�E�N�T�A�L�_�A�P�I�"� �"�-�D�A�L�L�O�W�_�I�N�T�E�R�N�A�L�_�A�P�I�"� �"�-�D�A�B�I�_�V�E�R�S�I�O�N�=�\�"�2�5�.�0�\�"�"� �"�-�D�R�T�E�_�L�O�G�_�D�E�F�A�U�L�T�_�L�O�G�T�Y�P�E�=�l�i�b�.�e�a�l�"� �"�/�F�d�l�i�b�\�l�i�b�r�t�e�_�e�a�l�.�a�.�p�\�e�a�l�_�c�o�m�m�o�n�_�r�t�e�_�b�i�t�s�e�t�.�c�.�p�d�b�"� �/�F�o�l�i�b�/�l�i�b�r�t�e�_�e�a�l�.�a�.�p�/�e�a�l�_�c�o�m�m�o�n�_�r�t�e�_�b�i�t�s�e�t�.�c�.�o�b�j� �"�/�c�"� �.�.�/�l�i�b�/�e�a�l�/�c�o�m�m�o�n�/�r�t�e�_�b�i�t�s�e�t�.�c�
�
�.�.�\�l�i�b�\�e�a�l�\�i�n�c�l�u�d�e�\�r�t�e�_�b�i�t�s�e�t�.�h�(�6�8�2�)�:� �e�r�r�o�r� �C�2�2�2�0�:� �t�h�e� �f�o�l�l�o�w�i�n�g� �w�a�r�n�i�n�g� �i�s� �t�r�e�a�t�e�d� �a�s� �a�n� �e�r�r�o�r�
�
�.�.�\�l�i�b�\�e�a�l�\�i�n�c�l�u�d�e�\�r�t�e�_�b�i�t�s�e�t�.�h�(�6�8�2�)�:� �w�a�r�n�i�n�g� �C�4�0�1�3�:� �'�_�_�b�u�i�l�t�i�n�_�f�f�s�l�l�'� �u�n�d�e�f�i�n�e�d�;� �a�s�s�u�m�i�n�g� �e�x�t�e�r�n� �r�e�t�u�r�n�i�n�g� �i�n�t�
�
�[�3�6�/�9�5�]� �C�o�m�p�i�l�i�n�g� �C� �o�b�j�e�c�t� �l�i�b�/�l�i�b�r�t�e�_�e�a�l�.�a�.�p�/�e�a�l�_�c�o�m�m�o�n�_�e�a�l�_�c�o�m�m�o�n�_�t�h�r�e�a�d�.�c�.�o�b�j�
�
�[�3�7�/�9�5�]� �C�o�m�p�i�l�i�n�g� �C� �o�b�j�e�c�t� �l�i�b�/�l�i�b�r�t�e�_�l�o�g�.�a�.�p�/�l�o�g�_�l�o�g�.�c�.�o�b�j�
�
�[�3�8�/�9�5�]� �C�o�m�p�i�l�i�n�g� �C� �o�b�j�e�c�t� �l�i�b�/�l�i�b�r�t�e�_�l�o�g�.�a�.�p�/�l�o�g�_�l�o�g�_�w�i�n�d�o�w�s�.�c�.�o�b�j�
�
�[�3�9�/�9�5�]� �C�o�m�p�i�l�i�n�g� �C� �o�b�j�e�c�t� �l�i�b�/�l�i�b�r�t�e�_�e�a�l�.�a�.�p�/�e�a�l�_�c�o�m�m�o�n�_�m�a�l�l�o�c�_�h�e�a�p�.�c�.�o�b�j�
�
�[�4�0�/�9�5�]� �C�o�m�p�i�l�i�n�g� �C� �o�b�j�e�c�t� �l�i�b�/�l�i�b�r�t�e�_�e�a�l�.�a�.�p�/�e�a�l�_�c�o�m�m�o�n�_�r�t�e�_�m�a�l�l�o�c�.�c�.�o�b�j�
�
�n�i�n�j�a�:� �b�u�i�l�d� �s�t�o�p�p�e�d�:� �s�u�b�c�o�m�m�a�n�d� �f�a�i�l�e�d�.�
�
�
==== End log output ====

CentOS Stream 9
	Kernel: Depends on container host
	Compiler: gcc 11.4.1 20231218 (Red Hat 11.4.1-3)

Debian 12
	Kernel: Depends on container host
	Compiler: gcc (Debian 12.2.0-14) 12.2.0

Fedora 37
	Kernel: Depends on container host system
	Compiler: gcc 12.3.1 20230508 (Red Hat 12.3.1-1)

Debian Bullseye
	Kernel: Depends on container host
	Compiler: gcc (Debian 10.2.1-6) 10.2.1 20210110

Fedora 38
	Kernel: Depends on container host
	Compiler: gcc 13.2.1 20240316 (Red Hat 13.2.1-7)

Fedora 38 (Clang)
	Kernel: Depends on container host
	Compiler: clang 16.0.6 (Fedora 16.0.6-4.fc38)

Fedora 39
	Kernel: Depends on container host
	Compiler: gcc 13.3.1 20240522 (Red Hat 13.3.1-1)

Fedora 40 (Clang)
	Kernel: Depends on container host
	Compiler: clang 18.1.6 (Fedora 18.1.6-3.fc40)

Fedora 40
	Kernel: Depends on container host
	Compiler: gcc 14.2.1 20240801 (Red Hat 14.2.1-1)

RHEL9
	Kernel: Depends on container host
	Compiler: gcc 11.4.1 20231218 (Red Hat 11.4.1-3)

Fedora 39 (Clang)
	Kernel: Depends on container host
	Compiler: clang 17.0.6 (Fedora 17.0.6-2.fc39)

openSUSE Leap 15
	Kernel: Depends on container host
	Compiler: gcc (SUSE Linux) 7.5.0

RHEL8
	Kernel: Depends on container host
	Compiler: gcc 8.5.0 20210514 (Red Hat 8.5.0-22)

Ubuntu 20.04
	Kernel: Depends on container host
	Compiler: gcc (Ubuntu 9.4.0-1ubuntu1~20.04.2) 9.4.0

Ubuntu 22.04
	Kernel: Depends on container host
	Compiler: gcc (Ubuntu 11.4.0-1ubuntu1~22.04) 11.4.0

Ubuntu 24.04
	Kernel: Depends on container host
	Compiler: gcc (Ubuntu 13.2.0-23ubuntu4) 13.2.0

Alpine
	Kernel: Depends on container host
	Compiler: gcc (Alpine 13.2.1_git20240309) 13.2.1 20240309

FreeBSD 13.4
	Kernel: 13.4-RELEASE-p1
	Compiler: clang 18.1.6

FreeBSD 14.1
	Kernel: 14.1-RELEASE-p3
	Compiler: clang 18.1.5

Windows Server 2022
	Kernel: 10.0.20348.2031
	Compiler: clang 15.0.7, gcc 14.1.0 (MinGW), and MSVC VS 19.39.33521

To view detailed results, visit:
https://lab.dpdk.org/results/dashboard/patchsets/31498/

UNH-IOL DPDK Community Lab

To manage your email subscriptions, visit: 
https://lab.dpdk.org/results/dashboard/preferences/subscriptions/