From mboxrd@z Thu Jan 1 00:00:00 1970 Return-Path: Received: from mails.dpdk.org (mails.dpdk.org [217.70.189.124]) by inbox.dpdk.org (Postfix) with ESMTP id 9E8C145B53 for ; Thu, 17 Oct 2024 04:34:47 +0200 (CEST) Received: from mails.dpdk.org (localhost [127.0.0.1]) by mails.dpdk.org (Postfix) with ESMTP id 981774021F; Thu, 17 Oct 2024 04:34:47 +0200 (CEST) Received: from mail-yb1-f226.google.com (mail-yb1-f226.google.com [209.85.219.226]) by mails.dpdk.org (Postfix) with ESMTP id A0B0E40144 for ; Thu, 17 Oct 2024 04:34:46 +0200 (CEST) Received: by mail-yb1-f226.google.com with SMTP id 3f1490d57ef6-e28fa2807eeso447463276.1 for ; Wed, 16 Oct 2024 19:34:46 -0700 (PDT) DKIM-Signature: v=1; a=rsa-sha256; c=relaxed/relaxed; d=iol.unh.edu; s=unh-iol; t=1729132486; x=1729737286; darn=dpdk.org; h=cc:to:from:subject:message-id:date:from:to:cc:subject:date :message-id:reply-to; bh=PtOZV5Jw8i1Ef1VGPP6RLaPEoCy4N9gTmEIgeAe6uHk=; b=G8CfS/jsU2lU68m9JU2ULwv1RNTZJjJBG8+t8TWAH9j7A2hqcrkBC4h6QSMNTUx2g0 9EjWOBZF5ONVeJ3lT4W9dzd3RZw0CxvpHEq5rl+uFAqXrwzliRqICH6oMjccpATDoH9B NynTaIA1J1rgUFD+8+6vX9B5xq2Fy0dvyzk7s= X-Google-DKIM-Signature: v=1; a=rsa-sha256; c=relaxed/relaxed; d=1e100.net; s=20230601; t=1729132486; x=1729737286; h=cc:to:from:subject:message-id:date:x-gm-message-state:from:to:cc :subject:date:message-id:reply-to; bh=PtOZV5Jw8i1Ef1VGPP6RLaPEoCy4N9gTmEIgeAe6uHk=; b=MYnbJpZPy4DtC9w+vmDZYaKl+pcOPEgu4fewWkKKjzNFbXC3Uqd/p1ZonI04NjXUps xBgaVL83vUJivXtNERg6BzLwRRPJOw5tbTKx/JoSTKCBREpjRu5osWD2IW+oRbM93wb/ 7xSXaszf5jmMz/CwHb84q9izOtglcnJ3L6LdlK/k0fe8hoF9YJ+xyPmp0i03FfDMZwEO Z5PjvuTs99WnACHRpOIOOT7MY8OVC5qRkhl/Vp9xAqsoPBf86UwgQzrxVWuG66W8fpea Hk51KTGnKLGwgrmt53Ir/89Ec82VuZ+mQjHSUZEhLwfnfQ5Rug7J/TAX7+MmuE3sA/xW hmzw== X-Gm-Message-State: AOJu0YxbKM3niXAPg9ThMXgxwPws4/5dBE6Y/QUInx9kNWBtf1Fz8Wxl lt5EJkQxIky9h+Z/GjQsTvCFVWyDf2nwKLYiVIsypQBwuXEw8sCMoKipSlIBLfasenaGUJjIln8 FMvzjPFNEOd4EMWr1vOghFT+LaHoJy/4v X-Google-Smtp-Source: AGHT+IG80/T82FvG5S0mX1QsS6UQWkr62ozFu4ew/JzgGZqtV+L3SJbcIe9nn94tAv+BHP413vTFshwsTEt2 X-Received: by 2002:a05:690c:89:b0:6db:b5b2:53c with SMTP id 00721157ae682-6e347b36774mr199793287b3.32.1729132485833; Wed, 16 Oct 2024 19:34:45 -0700 (PDT) Received: from postal.iol.unh.edu (postal.iol.unh.edu. [132.177.123.84]) by smtp-relay.gmail.com with ESMTPS id 00721157ae682-6e3c5a102a4sm1715417b3.6.2024.10.16.19.34.45 (version=TLS1_2 cipher=ECDHE-ECDSA-AES128-GCM-SHA256 bits=128/128); Wed, 16 Oct 2024 19:34:45 -0700 (PDT) X-Relaying-Domain: iol.unh.edu Date: Wed, 16 Oct 2024 19:34:45 -0700 (PDT) Message-ID: <671077c5.050a0220.4693.b7c5SMTPIN_ADDED_MISSING@mx.google.com> Received: from [172.17.0.4] (unknown [172.18.0.217]) by postal.iol.unh.edu (Postfix) with ESMTP id 6B2FA6052471; Wed, 16 Oct 2024 22:34:45 -0400 (EDT) Subject: |WARNING| [GIT MASTER] ff4d4839f9c2a6d05dca0a25ed6b1549402e1682 From: dpdklab@iol.unh.edu To: Test Report Cc: dpdk-test-reports@iol.unh.edu, Xueming Li , Christian Ehrhardt , Kevin Traynor , Luca Boccassi Content-Type: text/plain X-BeenThere: test-report@dpdk.org X-Mailman-Version: 2.1.29 Precedence: list List-Id: automatic DPDK test reports List-Unsubscribe: , List-Archive: List-Post: List-Help: List-Subscribe: , Errors-To: test-report-bounces@dpdk.org _Testing issues_ Branch: tags/v22.11 ff4d4839f9c2a6d05dca0a25ed6b1549402e1682 --> testing issues Upstream job id: Generic-Unit-Test-DPDK#276407 Test environment and result as below: +-----------------------------+----------------+--------------+---------------------------+------------------------------+ | Environment | dpdk_unit_test | lpm_autotest | cryptodev_sw_zuc_autotest | cryptodev_sw_snow3g_autotest | +=============================+================+==============+===========================+==============================+ | 32-bit Ubuntu 20.04.4 (ARM) | PASS | SKIPPED | SKIPPED | SKIPPED | +-----------------------------+----------------+--------------+---------------------------+------------------------------+ | Ubuntu 20.04 ARM SVE | SKIPPED | FAIL | SKIPPED | SKIPPED | +-----------------------------+----------------+--------------+---------------------------+------------------------------+ | Debian 12 (arm) | SKIPPED | SKIPPED | PASS | PASS | +-----------------------------+----------------+--------------+---------------------------+------------------------------+ ==== 20 line log output for Ubuntu 20.04 ARM SVE (lpm_autotest): ==== [671/690] Compiling C object 'app/test/3062f5d@@dpdk-test@exe/test_threads.c.o'. [672/690] Compiling C object 'app/test/3062f5d@@dpdk-test@exe/test_thash.c.o'. [673/690] Compiling C object 'app/test/3062f5d@@dpdk-test@exe/test_thash_perf.c.o'. [674/690] Compiling C object 'app/test/3062f5d@@dpdk-test@exe/test_timer.c.o'. [675/690] Compiling C object 'app/test/3062f5d@@dpdk-test@exe/test_timer_perf.c.o'. [676/690] Compiling C object 'app/test/3062f5d@@dpdk-test@exe/test_timer_racecond.c.o'. [677/690] Compiling C object 'app/test/3062f5d@@dpdk-test@exe/test_timer_secondary.c.o'. [678/690] Compiling C object 'app/test/3062f5d@@dpdk-test@exe/test_ticketlock.c.o'. [679/690] Compiling C object 'app/test/3062f5d@@dpdk-test@exe/test_ring.c.o'. [680/690] Compiling C object 'app/test/3062f5d@@dpdk-test@exe/test_trace.c.o'. [681/690] Compiling C object 'app/test/3062f5d@@dpdk-test@exe/test_trace_register.c.o'. [682/690] Compiling C object 'app/test/3062f5d@@dpdk-test@exe/test_version.c.o'. [683/690] Compiling C object 'app/test/3062f5d@@dpdk-test@exe/test_telemetry_json.c.o'. [684/690] Compiling C object 'app/test/3062f5d@@dpdk-test@exe/test_telemetry_data.c.o'. [685/690] Compiling C object 'app/test/3062f5d@@dpdk-test@exe/test_pcapng.c.o'. [686/690] Compiling C object 'app/test/3062f5d@@dpdk-test@exe/test_bpf.c.o'. [687/690] Compiling C object 'app/test/3062f5d@@dpdk-test@exe/virtual_pmd.c.o'. [688/690] Compiling C object 'app/test/3062f5d@@dpdk-test@exe/test_compressdev.c.o'. [689/690] Compiling C object 'app/test/3062f5d@@dpdk-test@exe/test_trace_perf.c.o'. [690/690] Linking target app/test/dpdk-test. ==== End log output ==== 32-bit Ubuntu 20.04.4 (ARM) Kernel: 5.4.0-155-generic aarch64 Compiler: gcc 9.4 Ubuntu 20.04 ARM SVE Kernel: Depends on container host Compiler: gcc (Ubuntu 10.5.0-1ubuntu1~20.04) 10.5.0 Debian 12 (arm) Kernel: Depends on container host Compiler: gcc (Debian 12.2.0-14) 12.2.0 To view detailed results, visit: https://lab.dpdk.org/results/dashboard/tarballs/31066/ UNH-IOL DPDK Community Lab To manage your email subscriptions, visit: https://lab.dpdk.org/results/dashboard/preferences/subscriptions/