From mboxrd@z Thu Jan 1 00:00:00 1970 Return-Path: <test-report-bounces@dpdk.org> Received: from mails.dpdk.org (mails.dpdk.org [217.70.189.124]) by inbox.dpdk.org (Postfix) with ESMTP id 5727C45B57 for <public@inbox.dpdk.org>; Thu, 17 Oct 2024 07:09:35 +0200 (CEST) Received: from mails.dpdk.org (localhost [127.0.0.1]) by mails.dpdk.org (Postfix) with ESMTP id 2BE324021F; Thu, 17 Oct 2024 07:09:35 +0200 (CEST) Received: from mail-pl1-f227.google.com (mail-pl1-f227.google.com [209.85.214.227]) by mails.dpdk.org (Postfix) with ESMTP id 5DF5540144 for <test-report@dpdk.org>; Thu, 17 Oct 2024 07:09:34 +0200 (CEST) Received: by mail-pl1-f227.google.com with SMTP id d9443c01a7336-20c6f492d2dso6663695ad.0 for <test-report@dpdk.org>; Wed, 16 Oct 2024 22:09:34 -0700 (PDT) DKIM-Signature: v=1; a=rsa-sha256; c=relaxed/relaxed; d=iol.unh.edu; s=unh-iol; t=1729141773; x=1729746573; darn=dpdk.org; h=references:in-reply-to:cc:to:from:subject:message-id:date:from:to :cc:subject:date:message-id:reply-to; bh=b7vodNO3a0D91gWjPzIJFGH9NUC8tPCOHsadV/hx0n4=; b=NCqxRpJXCGxdGUPiFKqIiJ2IwkAQJKakvePwrMjwryYMNTrQa2CfYdx1GMtUPaC6zH sA6EWWa0Zsj5tcR3DRdYdu6yNnLQj0A512BVwoFuIL5VHkPcvXF21ooXe6PpTJKbznAz 0SAI8x5B6Ymq0SyI2NRB5nIRuxZVmUMNT2wDM= X-Google-DKIM-Signature: v=1; a=rsa-sha256; c=relaxed/relaxed; d=1e100.net; s=20230601; t=1729141773; x=1729746573; h=references:in-reply-to:cc:to:from:subject:message-id:date :x-gm-message-state:from:to:cc:subject:date:message-id:reply-to; bh=b7vodNO3a0D91gWjPzIJFGH9NUC8tPCOHsadV/hx0n4=; b=NUrlWcUnGhkTuynVllq8taqzFOIrzr+hvEzb3dcXc4Im6xpR1/nTQa4Bf8ld9rGufz qzBHig4GThUSWABht1MWy7iNvcNBtnqajXzrW9wvUlXg3a0u0EBDq+cO4JPm4/+V7PWH G3eZl7ARK0GHUzPpEWvti6w1YvjIL3N1mBXOUcV1VS23DHeoyVlj/gseA9ywCgwy4FT4 4wEBOq95egNuv0ibUIPhI90o0c6GKiq8zbdm9sN7BkPZ5TlJQF0biCjJKxSPKGpKONtY cMGvgC+udbnssE1GbIsv45aPyGz6aF1YoSFfUF92RsrhKFrRGMiB7c2ISx94WH5mJGDY eOiw== X-Gm-Message-State: AOJu0YxhjmFzVFKrTW1i9dRzE2gipQQTmfQrdovM6Y6uWnsvaCkRe58G ImM+QICJ+7akKa8EOKvPIO04xb/L5kze7ce528ckwz+UFOzOTJGsiprIeivTFG6Q7tXsQi51Vt6 HuD+fZwkKszqcqrnyw83S3zL0RF+Mr0PyyrsM044/ap5CHy+w42+6rqfX X-Google-Smtp-Source: AGHT+IGuVH2DdZTMVoJnTH9a5o1ah9z1MSOAIE2p6/JXYAcJrM7V4hGO8uKaokXvdjzCkYkqvzzZaYWExkFy X-Received: by 2002:a17:903:1c4:b0:20c:7c09:b2a4 with SMTP id d9443c01a7336-20cbb2a0b7cmr293712385ad.50.1729141773483; Wed, 16 Oct 2024 22:09:33 -0700 (PDT) Received: from postal.iol.unh.edu (postal.iol.unh.edu. [2606:4100:3880:1234::84]) by smtp-relay.gmail.com with ESMTPS id d9443c01a7336-20d180f26d6sm1667965ad.139.2024.10.16.22.09.33 (version=TLS1_2 cipher=ECDHE-ECDSA-AES128-GCM-SHA256 bits=128/128); Wed, 16 Oct 2024 22:09:33 -0700 (PDT) X-Relaying-Domain: iol.unh.edu Date: Wed, 16 Oct 2024 22:09:33 -0700 (PDT) Message-ID: <67109c0d.170a0220.199248.af3eSMTPIN_ADDED_MISSING@mx.google.com> Received: from [172.21.0.2] (unknown [172.18.0.240]) by postal.iol.unh.edu (Postfix) with ESMTP id 457176052471; Thu, 17 Oct 2024 01:09:32 -0400 (EDT) Subject: |WARNING| pw146065 [PATCH] [v4] test: fix option devices From: dpdklab@iol.unh.edu To: Test Report <test-report@dpdk.org> Cc: dpdk-test-reports@iol.unh.edu In-Reply-To: <20241016081719.1619975-1-mingjinx.ye@intel.com> References: <20241016081719.1619975-1-mingjinx.ye@intel.com> Content-Type: text/plain X-BeenThere: test-report@dpdk.org X-Mailman-Version: 2.1.29 Precedence: list List-Id: automatic DPDK test reports <test-report.dpdk.org> List-Unsubscribe: <https://mails.dpdk.org/options/test-report>, <mailto:test-report-request@dpdk.org?subject=unsubscribe> List-Archive: <http://mails.dpdk.org/archives/test-report/> List-Post: <mailto:test-report@dpdk.org> List-Help: <mailto:test-report-request@dpdk.org?subject=help> List-Subscribe: <https://mails.dpdk.org/listinfo/test-report>, <mailto:test-report-request@dpdk.org?subject=subscribe> Errors-To: test-report-bounces@dpdk.org Test-Label: iol-compile-amd64-testing Test-Status: WARNING http://dpdk.org/patch/146065 _Testing issues_ Submitter: Mingjin Ye <mingjinx.ye@intel.com> Date: Wednesday, October 16 2024 08:17:19 DPDK git baseline: Repo:dpdk Branch: master CommitID:cc8764c6c9af150131f714bbe8d39de861d5e377 146065 --> testing issues Upstream job id: Windows-Compile-DPDK-VS#3511 Test environment and result as below: +---------------------+--------------------+-----------------------+----------------------+-------------------+ | Environment | dpdk_meson_compile | dpdk_win_llvm_compile | dpdk_mingw64_compile | dpdk_msvc_compile | +=====================+====================+=======================+======================+===================+ | FreeBSD 13.4 | PASS | SKIPPED | SKIPPED | SKIPPED | +---------------------+--------------------+-----------------------+----------------------+-------------------+ | FreeBSD 14.1 | PASS | SKIPPED | SKIPPED | SKIPPED | +---------------------+--------------------+-----------------------+----------------------+-------------------+ | Windows Server 2022 | SKIPPED | PASS | PASS | FAIL | +---------------------+--------------------+-----------------------+----------------------+-------------------+ ==== 20 line log output for Windows Server 2022 (dpdk_msvc_compile): ==== �[�2�7�/�9�5�]� �C�o�m�p�i�l�i�n�g� �C� �o�b�j�e�c�t� �l�i�b�/�l�i�b�r�t�e�_�e�a�l�.�a�.�p�/�e�a�l�_�c�o�m�m�o�n�_�e�a�l�_�c�o�m�m�o�n�_�u�u�i�d�.�c�.�o�b�j� � �[�2�8�/�9�5�]� �C�o�m�p�i�l�i�n�g� �C� �o�b�j�e�c�t� �l�i�b�/�l�i�b�r�t�e�_�e�a�l�.�a�.�p�/�e�a�l�_�c�o�m�m�o�n�_�e�a�l�_�c�o�m�m�o�n�_�t�h�r�e�a�d�.�c�.�o�b�j� � �[�2�9�/�9�5�]� �C�o�m�p�i�l�i�n�g� �C� �o�b�j�e�c�t� �l�i�b�/�l�i�b�r�t�e�_�e�a�l�.�a�.�p�/�e�a�l�_�c�o�m�m�o�n�_�e�a�l�_�c�o�m�m�o�n�_�o�p�t�i�o�n�s�.�c�.�o�b�j� � �[�3�0�/�9�5�]� �C�o�m�p�i�l�i�n�g� �C� �o�b�j�e�c�t� �l�i�b�/�l�i�b�r�t�e�_�e�a�l�.�a�.�p�/�e�a�l�_�c�o�m�m�o�n�_�e�a�l�_�c�o�m�m�o�n�_�m�e�m�o�r�y�.�c�.�o�b�j� � �[�3�1�/�9�5�]� �C�o�m�p�i�l�i�n�g� �C� �o�b�j�e�c�t� �l�i�b�/�l�i�b�r�t�e�_�e�a�l�.�a�.�p�/�e�a�l�_�c�o�m�m�o�n�_�e�a�l�_�c�o�m�m�o�n�_�m�e�m�z�o�n�e�.�c�.�o�b�j� � �[�3�2�/�9�5�]� �C�o�m�p�i�l�i�n�g� �C� �o�b�j�e�c�t� �l�i�b�/�l�i�b�r�t�e�_�e�a�l�.�a�.�p�/�e�a�l�_�c�o�m�m�o�n�_�r�t�e�_�r�e�c�i�p�r�o�c�a�l�.�c�.�o�b�j� � �[�3�3�/�9�5�]� �C�o�m�p�i�l�i�n�g� �C� �o�b�j�e�c�t� �l�i�b�/�l�i�b�r�t�e�_�e�a�l�.�a�.�p�/�e�a�l�_�c�o�m�m�o�n�_�m�a�l�l�o�c�_�e�l�e�m�.�c�.�o�b�j� � �[�3�4�/�9�5�]� �C�o�m�p�i�l�i�n�g� �C� �o�b�j�e�c�t� �l�i�b�/�l�i�b�r�t�e�_�e�a�l�.�a�.�p�/�e�a�l�_�c�o�m�m�o�n�_�r�t�e�_�r�a�n�d�o�m�.�c�.�o�b�j� � �[�3�5�/�9�5�]� �C�o�m�p�i�l�i�n�g� �C� �o�b�j�e�c�t� �l�i�b�/�l�i�b�r�t�e�_�e�a�l�.�a�.�p�/�e�a�l�_�c�o�m�m�o�n�_�r�t�e�_�b�i�t�s�e�t�.�c�.�o�b�j� � �F�A�I�L�E�D�:� �l�i�b�/�l�i�b�r�t�e�_�e�a�l�.�a�.�p�/�e�a�l�_�c�o�m�m�o�n�_�r�t�e�_�b�i�t�s�e�t�.�c�.�o�b�j� � � �"�c�l�"� �"�-�I�l�i�b�\�l�i�b�r�t�e�_�e�a�l�.�a�.�p�"� �"�-�I�l�i�b�"� �"�-�I�.�.�\�l�i�b�"� �"�-�I�.�"� �"�-�I�.�.�"� �"�-�I�c�o�n�f�i�g�"� �"�-�I�.�.�\�c�o�n�f�i�g�"� �"�-�I�l�i�b�\�e�a�l�\�i�n�c�l�u�d�e�"� �"�-�I�.�.�\�l�i�b�\�e�a�l�\�i�n�c�l�u�d�e�"� �"�-�I�l�i�b�\�e�a�l�\�w�i�n�d�o�w�s�\�i�n�c�l�u�d�e�"� �"�-�I�.�.�\�l�i�b�\�e�a�l�\�w�i�n�d�o�w�s�\�i�n�c�l�u�d�e�"� �"�-�I�l�i�b�\�e�a�l�\�x�8�6�\�i�n�c�l�u�d�e�"� �"�-�I�.�.�\�l�i�b�\�e�a�l�\�x�8�6�\�i�n�c�l�u�d�e�"� �"�-�I�l�i�b�\�e�a�l�\�c�o�m�m�o�n�"� �"�-�I�.�.�\�l�i�b�\�e�a�l�\�c�o�m�m�o�n�"� �"�-�I�l�i�b�\�e�a�l�"� �"�-�I�.�.�\�l�i�b�\�e�a�l�"� �"�-�I�l�i�b�\�l�o�g�"� �"�-�I�.�.�\�l�i�b�\�l�o�g�"� �"�-�I�l�i�b�\�k�v�a�r�g�s�"� �"�-�I�.�.�\�l�i�b�\�k�v�a�r�g�s�"� �"�-�I�C�:�\�P�r�o�g�r�a�m� �F�i�l�e�s�\�M�e�l�l�a�n�o�x�\�M�L�N�X�_�W�i�n�O�F�2�_�D�e�v�X�_�S�D�K�\�i�n�c�"� �"�/�M�D�"� �"�/�n�o�l�o�g�o�"� �"�/�s�h�o�w�I�n�c�l�u�d�e�s�"� �"�/�W�3�"� �"�/�W�X�"� �"�/�s�t�d�:�c�1�1�"� �"�/�O�2�"� �"�/�G�w�"� �"�/�w�d�4�2�4�4�"� �" �/�w�d�4�2�6�7�"� �"�/�w�d�4�1�4�6�"� �"�/�e�x�p�e�r�i�m�e�n�t�a�l�:�c�1�1�a�t�o�m�i�c�s�"� �"�/�d�1�e�x�p�e�r�i�m�e�n�t�a�l�:�t�y�p�e�o�f�"� �"�/�e�x�p�e�r�i�m�e�n�t�a�l�:�s�t�a�t�e�m�e�n�t�E�x�p�r�e�s�s�i�o�n�s�"� �"�/�F�I�"� �"�r�t�e�_�c�o�n�f�i�g�.�h�"� �"�-�D�_�G�N�U�_�S�O�U�R�C�E�"� �"�-�D�_�W�I�N�3�2�_�W�I�N�N�T�=�0�x�0�A�0�0�"� �"�-�D�A�L�L�O�W�_�E�X�P�E�R�I�M�E�N�T�A�L�_�A�P�I�"� �"�-�D�A�L�L�O�W�_�I�N�T�E�R�N�A�L�_�A�P�I�"� �"�-�D�A�B�I�_�V�E�R�S�I�O�N�=�\�"�2�5�.�0�\�"�"� �"�-�D�R�T�E�_�L�O�G�_�D�E�F�A�U�L�T�_�L�O�G�T�Y�P�E�=�l�i�b�.�e�a�l�"� �"�/�F�d�l�i�b�\�l�i�b�r�t�e�_�e�a�l�.�a�.�p�\�e�a�l�_�c�o�m�m�o�n�_�r�t�e�_�b�i�t�s�e�t�.�c�.�p�d�b�"� �/�F�o�l�i�b�/�l�i�b�r�t�e�_�e�a�l�.�a�.�p�/�e�a�l�_�c�o�m�m�o�n�_�r�t�e�_�b�i�t�s�e�t�.�c�.�o�b�j� �"�/�c�"� �.�.�/�l�i�b�/�e�a�l�/�c�o�m�m�o�n�/�r�t�e�_�b�i�t�s�e�t�.�c� � �.�.�\�l�i�b�\�e�a�l�\�i�n�c�l�u�d�e�\�r�t�e�_�b�i�t�s�e�t�.�h�(�6�1�2�)�:� �e�r�r�o�r� �C�2�2�2�0�:� �t�h�e� �f�o�l�l�o�w�i�n�g� �w�a�r�n�i�n�g� �i�s� �t�r�e�a�t�e�d� �a�s� �a�n� �e�r�r�o�r� � �.�.�\�l�i�b�\�e�a�l�\�i�n�c�l�u�d�e�\�r�t�e�_�b�i�t�s�e�t�.�h�(�6�1�2�)�:� �w�a�r�n�i�n�g� �C�4�0�1�3�:� �'�_�_�b�u�i�l�t�i�n�_�f�f�s�l�l�'� �u�n�d�e�f�i�n�e�d�;� �a�s�s�u�m�i�n�g� �e�x�t�e�r�n� �r�e�t�u�r�n�i�n�g� �i�n�t� � �[�3�6�/�9�5�]� �C�o�m�p�i�l�i�n�g� �C� �o�b�j�e�c�t� �l�i�b�/�l�i�b�r�t�e�_�l�o�g�.�a�.�p�/�l�o�g�_�l�o�g�.�c�.�o�b�j� � �[�3�7�/�9�5�]� �C�o�m�p�i�l�i�n�g� �C� �o�b�j�e�c�t� �l�i�b�/�l�i�b�r�t�e�_�l�o�g�.�a�.�p�/�l�o�g�_�l�o�g�_�w�i�n�d�o�w�s�.�c�.�o�b�j� � �[�3�8�/�9�5�]� �C�o�m�p�i�l�i�n�g� �C� �o�b�j�e�c�t� �l�i�b�/�l�i�b�r�t�e�_�e�a�l�.�a�.�p�/�e�a�l�_�c�o�m�m�o�n�_�e�a�l�_�c�o�m�m�o�n�_�t�i�m�e�r�.�c�.�o�b�j� � �[�3�9�/�9�5�]� �C�o�m�p�i�l�i�n�g� �C� �o�b�j�e�c�t� �l�i�b�/�l�i�b�r�t�e�_�e�a�l�.�a�.�p�/�e�a�l�_�c�o�m�m�o�n�_�m�a�l�l�o�c�_�h�e�a�p�.�c�.�o�b�j� � �[�4�0�/�9�5�]� �C�o�m�p�i�l�i�n�g� �C� �o�b�j�e�c�t� �l�i�b�/�l�i�b�r�t�e�_�e�a�l�.�a�.�p�/�e�a�l�_�c�o�m�m�o�n�_�r�t�e�_�m�a�l�l�o�c�.�c�.�o�b�j� � �n�i�n�j�a�:� �b�u�i�l�d� �s�t�o�p�p�e�d�:� �s�u�b�c�o�m�m�a�n�d� �f�a�i�l�e�d�.� � � ==== End log output ==== FreeBSD 13.4 Kernel: 13.4-RELEASE-p1 Compiler: clang 18.1.6 FreeBSD 14.1 Kernel: 14.1-RELEASE-p3 Compiler: clang 18.1.5 Windows Server 2022 Kernel: 10.0.20348.2031 Compiler: clang 15.0.7, gcc 14.1.0 (MinGW), and MSVC VS 19.39.33521 To view detailed results, visit: https://lab.dpdk.org/results/dashboard/patchsets/31512/ UNH-IOL DPDK Community Lab To manage your email subscriptions, visit: https://lab.dpdk.org/results/dashboard/preferences/subscriptions/