From mboxrd@z Thu Jan  1 00:00:00 1970
Return-Path: <test-report-bounces@dpdk.org>
Received: from mails.dpdk.org (mails.dpdk.org [217.70.189.124])
	by inbox.dpdk.org (Postfix) with ESMTP id 854B545B5D
	for <public@inbox.dpdk.org>; Thu, 17 Oct 2024 13:35:38 +0200 (CEST)
Received: from mails.dpdk.org (localhost [127.0.0.1])
	by mails.dpdk.org (Postfix) with ESMTP id 6806240279;
	Thu, 17 Oct 2024 13:35:38 +0200 (CEST)
Received: from mail-yw1-f225.google.com (mail-yw1-f225.google.com
 [209.85.128.225])
 by mails.dpdk.org (Postfix) with ESMTP id 41D0C4021E
 for <test-report@dpdk.org>; Thu, 17 Oct 2024 13:35:37 +0200 (CEST)
Received: by mail-yw1-f225.google.com with SMTP id
 00721157ae682-6e3d97b8274so8254317b3.1
 for <test-report@dpdk.org>; Thu, 17 Oct 2024 04:35:37 -0700 (PDT)
DKIM-Signature: v=1; a=rsa-sha256; c=relaxed/relaxed;
 d=iol.unh.edu; s=unh-iol; t=1729164936; x=1729769736; darn=dpdk.org;
 h=references:in-reply-to:cc:to:from:subject:message-id:date:from:to
 :cc:subject:date:message-id:reply-to;
 bh=mlcnnkqskrYY0scepEJXCwl6S4lABpyphj9M9PeDeOE=;
 b=EVbE4pTWKxYSjmM1r3MOyy0U3hx90TFVQVq1A7mIpJcn2sgLJFt4/75vWyp7BGl0Md
 Hycvh7nExaeg3n2qeY2NAC/Way0h2ZW7mfi2UEBLmGEXkL/SPq9B159DooMGilWlsRLy
 KcTrtQWeB1wiaA7DVOC96c0Dr9y+WQrC5gn8s=
X-Google-DKIM-Signature: v=1; a=rsa-sha256; c=relaxed/relaxed;
 d=1e100.net; s=20230601; t=1729164936; x=1729769736;
 h=references:in-reply-to:cc:to:from:subject:message-id:date
 :x-gm-message-state:from:to:cc:subject:date:message-id:reply-to;
 bh=mlcnnkqskrYY0scepEJXCwl6S4lABpyphj9M9PeDeOE=;
 b=dY822r22Mr2RaM5A2BepjdnRcUQpp2jaU5YZ7YzuLjMj6VRm2jq/K3vv1GOn5s9ki4
 aoakJ86jXft98I85U1jVSc0mw3MvYtg4Ebsls6EiBSe9Kul3tulIKX8tfR0lfUeBfrUL
 bmWqnj9kOjW5ki2U7tFOJlt/NV2aR31ZAyd3GNTIQWSV6MTk9W3gD0EidOvK9yx4CuiR
 GknR/pD5Sbz2yRyVpMCblXLe5HnLyoaefhL65DtIsWcevnuD6heGZdmAT0/5CD0zizi4
 AZKw2nPNuSF68meeX63L1NwNP86cHZdQhhJKd5a9r4IXq74rFsmojVrjXSzvV8b6BerC
 1lvA==
X-Gm-Message-State: AOJu0Yyt7DFn1ZwWzgZZ7zhHmtWO4JKDL9zZf1WfzTzFPjPjSn1w0TzX
 9Ocr0FxFISBwxMmaZo5kdoYcd69eZ2sOenJUY1fmOjb8QMlx8YLYELUy00VOdOHyQfkT2V0c8oD
 VtzVBu02H5f8LMK7ycpBesWs4lLKrIfx+8QqqPgebI6+0/CIhc0LOvGIu
X-Google-Smtp-Source: AGHT+IG7cX7sN5pDK8b97bbQbxqHQPXdNDyR2AA3hVGEBn30j1P+biCegivfmflP6qtkCroZk5SI4DDVr58e
X-Received: by 2002:a05:690c:670f:b0:6e3:8ecc:bb0e with SMTP id
 00721157ae682-6e38ecce419mr142333257b3.11.1729164936620; 
 Thu, 17 Oct 2024 04:35:36 -0700 (PDT)
Received: from postal.iol.unh.edu (postal.iol.unh.edu.
 [2606:4100:3880:1234::84]) by smtp-relay.gmail.com with ESMTPS id
 00721157ae682-6e3c5cac736sm2197307b3.74.2024.10.17.04.35.36
 (version=TLS1_2 cipher=ECDHE-ECDSA-AES128-GCM-SHA256 bits=128/128);
 Thu, 17 Oct 2024 04:35:36 -0700 (PDT)
X-Relaying-Domain: iol.unh.edu
Date: Thu, 17 Oct 2024 04:35:36 -0700 (PDT)
Message-ID: <6710f688.050a0220.2bfc35.e62eSMTPIN_ADDED_MISSING@mx.google.com>
Received: from [172.17.0.3] (unknown [172.18.0.217])
 by postal.iol.unh.edu (Postfix) with ESMTP id 312296052471;
 Thu, 17 Oct 2024 07:35:36 -0400 (EDT)
Subject: |WARNING| pw146077-146080 [PATCH] [v2,4/4] buildtools/chkincs: check
From: dpdklab@iol.unh.edu
To: Test Report <test-report@dpdk.org>
Cc: dpdk-test-reports@iol.unh.edu
In-Reply-To: <20241016113817.3956187-5-david.marchand@redhat.com>
References: <20241016113817.3956187-5-david.marchand@redhat.com>
Content-Type: text/plain
X-BeenThere: test-report@dpdk.org
X-Mailman-Version: 2.1.29
Precedence: list
List-Id: automatic DPDK test reports <test-report.dpdk.org>
List-Unsubscribe: <https://mails.dpdk.org/options/test-report>,
 <mailto:test-report-request@dpdk.org?subject=unsubscribe>
List-Archive: <http://mails.dpdk.org/archives/test-report/>
List-Post: <mailto:test-report@dpdk.org>
List-Help: <mailto:test-report-request@dpdk.org?subject=help>
List-Subscribe: <https://mails.dpdk.org/listinfo/test-report>,
 <mailto:test-report-request@dpdk.org?subject=subscribe>
Errors-To: test-report-bounces@dpdk.org

Test-Label: iol-compile-amd64-testing
Test-Status: WARNING
http://dpdk.org/patch/146080

_Testing issues_

Submitter: David Marchand <david.marchand@redhat.com>
Date: Wednesday, October 16 2024 11:38:16 
DPDK git baseline: Repo:dpdk
  Branch: master
  CommitID:cc8764c6c9af150131f714bbe8d39de861d5e377

146077-146080 --> testing issues

Upstream job id: Generic-DPDK-Compile-Meson#317424

Test environment and result as below:

+---------------------+-----------------------+----------------------+--------------------+-------------------+------------------+-------------------+
|     Environment     | dpdk_win_llvm_compile | dpdk_mingw64_compile | dpdk_meson_compile | dpdk_msvc_compile | dpdk_compile_ovs | dpdk_compile_spdk |
+=====================+=======================+======================+====================+===================+==================+===================+
| Windows Server 2022 | PASS                  | PASS                 | SKIPPED            | FAIL              | SKIPPED          | SKIPPED           |
+---------------------+-----------------------+----------------------+--------------------+-------------------+------------------+-------------------+
| FreeBSD 13.4        | SKIPPED               | SKIPPED              | PASS               | SKIPPED           | SKIPPED          | SKIPPED           |
+---------------------+-----------------------+----------------------+--------------------+-------------------+------------------+-------------------+
| FreeBSD 14.1        | SKIPPED               | SKIPPED              | PASS               | SKIPPED           | SKIPPED          | SKIPPED           |
+---------------------+-----------------------+----------------------+--------------------+-------------------+------------------+-------------------+
| CentOS Stream 9     | SKIPPED               | SKIPPED              | PASS               | SKIPPED           | PASS             | PASS              |
+---------------------+-----------------------+----------------------+--------------------+-------------------+------------------+-------------------+
| Debian Bullseye     | SKIPPED               | SKIPPED              | PASS               | SKIPPED           | PASS             | PASS              |
+---------------------+-----------------------+----------------------+--------------------+-------------------+------------------+-------------------+
| Debian 12           | SKIPPED               | SKIPPED              | PASS               | SKIPPED           | PASS             | PASS              |
+---------------------+-----------------------+----------------------+--------------------+-------------------+------------------+-------------------+
| Fedora 37           | SKIPPED               | SKIPPED              | PASS               | SKIPPED           | PASS             | PASS              |
+---------------------+-----------------------+----------------------+--------------------+-------------------+------------------+-------------------+
| Fedora 38 (Clang)   | SKIPPED               | SKIPPED              | PASS               | SKIPPED           | PASS             | PASS              |
+---------------------+-----------------------+----------------------+--------------------+-------------------+------------------+-------------------+
| Fedora 38           | SKIPPED               | SKIPPED              | PASS               | SKIPPED           | PASS             | PASS              |
+---------------------+-----------------------+----------------------+--------------------+-------------------+------------------+-------------------+
| Fedora 40 (Clang)   | SKIPPED               | SKIPPED              | PASS               | SKIPPED           | PASS             | PASS              |
+---------------------+-----------------------+----------------------+--------------------+-------------------+------------------+-------------------+
| openSUSE Leap 15    | SKIPPED               | SKIPPED              | PASS               | SKIPPED           | PASS             | SKIPPED           |
+---------------------+-----------------------+----------------------+--------------------+-------------------+------------------+-------------------+
| RHEL8               | SKIPPED               | SKIPPED              | PASS               | SKIPPED           | PASS             | SKIPPED           |
+---------------------+-----------------------+----------------------+--------------------+-------------------+------------------+-------------------+
| RHEL9               | SKIPPED               | SKIPPED              | PASS               | SKIPPED           | PASS             | SKIPPED           |
+---------------------+-----------------------+----------------------+--------------------+-------------------+------------------+-------------------+
| Ubuntu 20.04        | SKIPPED               | SKIPPED              | PASS               | SKIPPED           | PASS             | SKIPPED           |
+---------------------+-----------------------+----------------------+--------------------+-------------------+------------------+-------------------+
| Ubuntu 24.04        | SKIPPED               | SKIPPED              | PASS               | SKIPPED           | PASS             | PASS              |
+---------------------+-----------------------+----------------------+--------------------+-------------------+------------------+-------------------+
| Alpine              | SKIPPED               | SKIPPED              | PASS               | SKIPPED           | PASS             | SKIPPED           |
+---------------------+-----------------------+----------------------+--------------------+-------------------+------------------+-------------------+
| Fedora 40           | SKIPPED               | SKIPPED              | PASS               | SKIPPED           | PASS             | PASS              |
+---------------------+-----------------------+----------------------+--------------------+-------------------+------------------+-------------------+
| Fedora 39           | SKIPPED               | SKIPPED              | PASS               | SKIPPED           | PASS             | PASS              |
+---------------------+-----------------------+----------------------+--------------------+-------------------+------------------+-------------------+
| Fedora 39 (Clang)   | SKIPPED               | SKIPPED              | PASS               | SKIPPED           | PASS             | PASS              |
+---------------------+-----------------------+----------------------+--------------------+-------------------+------------------+-------------------+
| Ubuntu 22.04        | SKIPPED               | SKIPPED              | PASS               | SKIPPED           | PASS             | PASS              |
+---------------------+-----------------------+----------------------+--------------------+-------------------+------------------+-------------------+

==== 20 line log output for Windows Server 2022 (dpdk_msvc_compile): ====
�[�2�4�/�9�5�]� �C�o�m�p�i�l�i�n�g� �C� �o�b�j�e�c�t� �l�i�b�/�l�i�b�r�t�e�_�e�a�l�.�a�.�p�/�e�a�l�_�c�o�m�m�o�n�_�e�a�l�_�c�o�m�m�o�n�_�i�n�t�e�r�r�u�p�t�s�.�c�.�o�b�j�
�
�[�2�5�/�9�5�]� �C�o�m�p�i�l�i�n�g� �C� �o�b�j�e�c�t� �l�i�b�/�l�i�b�r�t�e�_�e�a�l�.�a�.�p�/�e�a�l�_�c�o�m�m�o�n�_�e�a�l�_�c�o�m�m�o�n�_�t�a�i�l�q�s�.�c�.�o�b�j�
�
�[�2�6�/�9�5�]� �C�o�m�p�i�l�i�n�g� �C� �o�b�j�e�c�t� �l�i�b�/�l�i�b�r�t�e�_�e�a�l�.�a�.�p�/�e�a�l�_�c�o�m�m�o�n�_�e�a�l�_�c�o�m�m�o�n�_�m�e�m�z�o�n�e�.�c�.�o�b�j�
�
�[�2�7�/�9�5�]� �C�o�m�p�i�l�i�n�g� �C� �o�b�j�e�c�t� �l�i�b�/�l�i�b�r�t�e�_�e�a�l�.�a�.�p�/�e�a�l�_�c�o�m�m�o�n�_�e�a�l�_�c�o�m�m�o�n�_�u�u�i�d�.�c�.�o�b�j�
�
�[�2�8�/�9�5�]� �C�o�m�p�i�l�i�n�g� �C� �o�b�j�e�c�t� �l�i�b�/�l�i�b�r�t�e�_�e�a�l�.�a�.�p�/�e�a�l�_�c�o�m�m�o�n�_�e�a�l�_�c�o�m�m�o�n�_�t�r�a�c�e�_�p�o�i�n�t�s�.�c�.�o�b�j�
�
�[�2�9�/�9�5�]� �C�o�m�p�i�l�i�n�g� �C� �o�b�j�e�c�t� �l�i�b�/�l�i�b�r�t�e�_�e�a�l�.�a�.�p�/�e�a�l�_�c�o�m�m�o�n�_�e�a�l�_�c�o�m�m�o�n�_�m�e�m�o�r�y�.�c�.�o�b�j�
�
�[�3�0�/�9�5�]� �C�o�m�p�i�l�i�n�g� �C� �o�b�j�e�c�t� �l�i�b�/�l�i�b�r�t�e�_�e�a�l�.�a�.�p�/�e�a�l�_�c�o�m�m�o�n�_�e�a�l�_�c�o�m�m�o�n�_�o�p�t�i�o�n�s�.�c�.�o�b�j�
�
�[�3�1�/�9�5�]� �C�o�m�p�i�l�i�n�g� �C� �o�b�j�e�c�t� �l�i�b�/�l�i�b�r�t�e�_�e�a�l�.�a�.�p�/�e�a�l�_�c�o�m�m�o�n�_�e�a�l�_�c�o�m�m�o�n�_�t�i�m�e�r�.�c�.�o�b�j�
�
�[�3�2�/�9�5�]� �C�o�m�p�i�l�i�n�g� �C� �o�b�j�e�c�t� �l�i�b�/�l�i�b�r�t�e�_�e�a�l�.�a�.�p�/�e�a�l�_�c�o�m�m�o�n�_�r�t�e�_�b�i�t�s�e�t�.�c�.�o�b�j�
�
�F�A�I�L�E�D�:� �l�i�b�/�l�i�b�r�t�e�_�e�a�l�.�a�.�p�/�e�a�l�_�c�o�m�m�o�n�_�r�t�e�_�b�i�t�s�e�t�.�c�.�o�b�j� �
�
�"�c�l�"� �"�-�I�l�i�b�\�l�i�b�r�t�e�_�e�a�l�.�a�.�p�"� �"�-�I�l�i�b�"� �"�-�I�.�.�\�l�i�b�"� �"�-�I�.�"� �"�-�I�.�.�"� �"�-�I�c�o�n�f�i�g�"� �"�-�I�.�.�\�c�o�n�f�i�g�"� �"�-�I�l�i�b�\�e�a�l�\�i�n�c�l�u�d�e�"� �"�-�I�.�.�\�l�i�b�\�e�a�l�\�i�n�c�l�u�d�e�"� �"�-�I�l�i�b�\�e�a�l�\�w�i�n�d�o�w�s�\�i�n�c�l�u�d�e�"� �"�-�I�.�.�\�l�i�b�\�e�a�l�\�w�i�n�d�o�w�s�\�i�n�c�l�u�d�e�"� �"�-�I�l�i�b�\�e�a�l�\�x�8�6�\�i�n�c�l�u�d�e�"� �"�-�I�.�.�\�l�i�b�\�e�a�l�\�x�8�6�\�i�n�c�l�u�d�e�"� �"�-�I�l�i�b�\�e�a�l�\�c�o�m�m�o�n�"� �"�-�I�.�.�\�l�i�b�\�e�a�l�\�c�o�m�m�o�n�"� �"�-�I�l�i�b�\�e�a�l�"� �"�-�I�.�.�\�l�i�b�\�e�a�l�"� �"�-�I�l�i�b�\�l�o�g�"� �"�-�I�.�.�\�l�i�b�\�l�o�g�"� �"�-�I�l�i�b�\�k�v�a�r�g�s�"� �"�-�I�.�.�\�l�i�b�\�k�v�a�r�g�s�"� �"�-�I�C�:�\�P�r�o�g�r�a�m� �F�i�l�e�s�\�M�e�l�l�a�n�o�x�\�M�L�N�X�_�W�i�n�O�F�2�_�D�e�v�X�_�S�D�K�\�i�n�c�"� �"�/�M�D�"� �"�/�n�o�l�o�g�o�"� �"�/�s�h�o�w�I�n�c�l�u�d�e�s�"� �"�/�W�3�"� �"�/�W�X�"� �"�/�s�t�d�:�c�1�1�"� �"�/�O�2�"� �"�/�G�w�"� �"�/�w�d�4�2�4�4�"� �"
 �/�w�d�4�2�6�7�"� �"�/�w�d�4�1�4�6�"� �"�/�e�x�p�e�r�i�m�e�n�t�a�l�:�c�1�1�a�t�o�m�i�c�s�"� �"�/�d�1�e�x�p�e�r�i�m�e�n�t�a�l�:�t�y�p�e�o�f�"� �"�/�e�x�p�e�r�i�m�e�n�t�a�l�:�s�t�a�t�e�m�e�n�t�E�x�p�r�e�s�s�i�o�n�s�"� �"�/�F�I�"� �"�r�t�e�_�c�o�n�f�i�g�.�h�"� �"�-�D�_�G�N�U�_�S�O�U�R�C�E�"� �"�-�D�_�W�I�N�3�2�_�W�I�N�N�T�=�0�x�0�A�0�0�"� �"�-�D�A�L�L�O�W�_�E�X�P�E�R�I�M�E�N�T�A�L�_�A�P�I�"� �"�-�D�A�L�L�O�W�_�I�N�T�E�R�N�A�L�_�A�P�I�"� �"�-�D�A�B�I�_�V�E�R�S�I�O�N�=�\�"�2�5�.�0�\�"�"� �"�-�D�R�T�E�_�L�O�G�_�D�E�F�A�U�L�T�_�L�O�G�T�Y�P�E�=�l�i�b�.�e�a�l�"� �"�/�F�d�l�i�b�\�l�i�b�r�t�e�_�e�a�l�.�a�.�p�\�e�a�l�_�c�o�m�m�o�n�_�r�t�e�_�b�i�t�s�e�t�.�c�.�p�d�b�"� �/�F�o�l�i�b�/�l�i�b�r�t�e�_�e�a�l�.�a�.�p�/�e�a�l�_�c�o�m�m�o�n�_�r�t�e�_�b�i�t�s�e�t�.�c�.�o�b�j� �"�/�c�"� �.�.�/�l�i�b�/�e�a�l�/�c�o�m�m�o�n�/�r�t�e�_�b�i�t�s�e�t�.�c�
�
�.�.�\�l�i�b�\�e�a�l�\�i�n�c�l�u�d�e�\�r�t�e�_�b�i�t�s�e�t�.�h�(�6�8�2�)�:� �e�r�r�o�r� �C�2�2�2�0�:� �t�h�e� �f�o�l�l�o�w�i�n�g� �w�a�r�n�i�n�g� �i�s� �t�r�e�a�t�e�d� �a�s� �a�n� �e�r�r�o�r�
�
�.�.�\�l�i�b�\�e�a�l�\�i�n�c�l�u�d�e�\�r�t�e�_�b�i�t�s�e�t�.�h�(�6�8�2�)�:� �w�a�r�n�i�n�g� �C�4�0�1�3�:� �'�_�_�b�u�i�l�t�i�n�_�f�f�s�l�l�'� �u�n�d�e�f�i�n�e�d�;� �a�s�s�u�m�i�n�g� �e�x�t�e�r�n� �r�e�t�u�r�n�i�n�g� �i�n�t�
�
�[�3�3�/�9�5�]� �C�o�m�p�i�l�i�n�g� �C� �o�b�j�e�c�t� �l�i�b�/�l�i�b�r�t�e�_�e�a�l�.�a�.�p�/�e�a�l�_�c�o�m�m�o�n�_�e�a�l�_�c�o�m�m�o�n�_�t�h�r�e�a�d�.�c�.�o�b�j�
�
�[�3�4�/�9�5�]� �C�o�m�p�i�l�i�n�g� �C� �o�b�j�e�c�t� �l�i�b�/�l�i�b�r�t�e�_�e�a�l�.�a�.�p�/�e�a�l�_�c�o�m�m�o�n�_�r�t�e�_�r�e�c�i�p�r�o�c�a�l�.�c�.�o�b�j�
�
�[�3�5�/�9�5�]� �C�o�m�p�i�l�i�n�g� �C� �o�b�j�e�c�t� �l�i�b�/�l�i�b�r�t�e�_�e�a�l�.�a�.�p�/�e�a�l�_�c�o�m�m�o�n�_�m�a�l�l�o�c�_�e�l�e�m�.�c�.�o�b�j�
�
�[�3�6�/�9�5�]� �C�o�m�p�i�l�i�n�g� �C� �o�b�j�e�c�t� �l�i�b�/�l�i�b�r�t�e�_�e�a�l�.�a�.�p�/�e�a�l�_�c�o�m�m�o�n�_�m�a�l�l�o�c�_�h�e�a�p�.�c�.�o�b�j�
�
�[�3�7�/�9�5�]� �C�o�m�p�i�l�i�n�g� �C� �o�b�j�e�c�t� �l�i�b�/�l�i�b�r�t�e�_�e�a�l�.�a�.�p�/�e�a�l�_�c�o�m�m�o�n�_�r�t�e�_�m�a�l�l�o�c�.�c�.�o�b�j�
�
�n�i�n�j�a�:� �b�u�i�l�d� �s�t�o�p�p�e�d�:� �s�u�b�c�o�m�m�a�n�d� �f�a�i�l�e�d�.�
�
�
==== End log output ====

Windows Server 2022
	Kernel: 10.0.20348.2031
	Compiler: clang 15.0.7, gcc 14.1.0 (MinGW), and MSVC VS 19.39.33521

FreeBSD 13.4
	Kernel: 13.4-RELEASE-p1
	Compiler: clang 18.1.6

FreeBSD 14.1
	Kernel: 14.1-RELEASE-p3
	Compiler: clang 18.1.5

CentOS Stream 9
	Kernel: Depends on container host
	Compiler: gcc 11.4.1 20231218 (Red Hat 11.4.1-3)

Debian Bullseye
	Kernel: Depends on container host
	Compiler: gcc (Debian 10.2.1-6) 10.2.1 20210110

Debian 12
	Kernel: Depends on container host
	Compiler: gcc (Debian 12.2.0-14) 12.2.0

Fedora 37
	Kernel: Depends on container host system
	Compiler: gcc 12.3.1 20230508 (Red Hat 12.3.1-1)

Fedora 38 (Clang)
	Kernel: Depends on container host
	Compiler: clang 16.0.6 (Fedora 16.0.6-4.fc38)

Fedora 38
	Kernel: Depends on container host
	Compiler: gcc 13.2.1 20240316 (Red Hat 13.2.1-7)

Fedora 40 (Clang)
	Kernel: Depends on container host
	Compiler: clang 18.1.6 (Fedora 18.1.6-3.fc40)

openSUSE Leap 15
	Kernel: Depends on container host
	Compiler: gcc (SUSE Linux) 7.5.0

RHEL8
	Kernel: Depends on container host
	Compiler: gcc 8.5.0 20210514 (Red Hat 8.5.0-22)

RHEL9
	Kernel: Depends on container host
	Compiler: gcc 11.4.1 20231218 (Red Hat 11.4.1-3)

Ubuntu 20.04
	Kernel: Depends on container host
	Compiler: gcc (Ubuntu 9.4.0-1ubuntu1~20.04.2) 9.4.0

Ubuntu 24.04
	Kernel: Depends on container host
	Compiler: gcc (Ubuntu 13.2.0-23ubuntu4) 13.2.0

Alpine
	Kernel: Depends on container host
	Compiler: gcc (Alpine 13.2.1_git20240309) 13.2.1 20240309

Fedora 40
	Kernel: Depends on container host
	Compiler: gcc 14.2.1 20240801 (Red Hat 14.2.1-1)

Fedora 39
	Kernel: Depends on container host
	Compiler: gcc 13.3.1 20240522 (Red Hat 13.3.1-1)

Fedora 39 (Clang)
	Kernel: Depends on container host
	Compiler: clang 17.0.6 (Fedora 17.0.6-2.fc39)

Ubuntu 22.04
	Kernel: Depends on container host
	Compiler: gcc (Ubuntu 11.4.0-1ubuntu1~22.04) 11.4.0

To view detailed results, visit:
https://lab.dpdk.org/results/dashboard/patchsets/31513/

UNH-IOL DPDK Community Lab

To manage your email subscriptions, visit: 
https://lab.dpdk.org/results/dashboard/preferences/subscriptions/