From mboxrd@z Thu Jan  1 00:00:00 1970
Return-Path: <test-report-bounces@dpdk.org>
Received: from mails.dpdk.org (mails.dpdk.org [217.70.189.124])
	by inbox.dpdk.org (Postfix) with ESMTP id B916A45B67
	for <public@inbox.dpdk.org>; Fri, 18 Oct 2024 04:17:52 +0200 (CEST)
Received: from mails.dpdk.org (localhost [127.0.0.1])
	by mails.dpdk.org (Postfix) with ESMTP id B4F394027C;
	Fri, 18 Oct 2024 04:17:52 +0200 (CEST)
Received: from mail-pl1-f227.google.com (mail-pl1-f227.google.com
 [209.85.214.227])
 by mails.dpdk.org (Postfix) with ESMTP id 6A56340265
 for <test-report@dpdk.org>; Fri, 18 Oct 2024 04:17:51 +0200 (CEST)
Received: by mail-pl1-f227.google.com with SMTP id
 d9443c01a7336-20cceb8d8b4so10231265ad.1
 for <test-report@dpdk.org>; Thu, 17 Oct 2024 19:17:51 -0700 (PDT)
DKIM-Signature: v=1; a=rsa-sha256; c=relaxed/relaxed;
 d=iol.unh.edu; s=unh-iol; t=1729217870; x=1729822670; darn=dpdk.org;
 h=references:in-reply-to:cc:to:from:subject:message-id:date:from:to
 :cc:subject:date:message-id:reply-to;
 bh=Li4MWWzhLTO0dVezbAXdmBrdjTf1B4kuxnl2M/ZIpAI=;
 b=SAnSVdow4ZZOxF4mBboItzhL/q+OIH7hn/Aq2TToUdNdunET4P3UwqwpVuZBF9igFI
 HncIMUlmPwKyDMYplDcW2wAtkMBLwSURmBrlJYkJp1SyXp636lgEe0C9oMHl+KYy4DKw
 wz+0FsH8poNQm4AxrO6qlqGXS4ro+2lgh737o=
X-Google-DKIM-Signature: v=1; a=rsa-sha256; c=relaxed/relaxed;
 d=1e100.net; s=20230601; t=1729217870; x=1729822670;
 h=references:in-reply-to:cc:to:from:subject:message-id:date
 :x-gm-message-state:from:to:cc:subject:date:message-id:reply-to;
 bh=Li4MWWzhLTO0dVezbAXdmBrdjTf1B4kuxnl2M/ZIpAI=;
 b=Iauj90fivgHdb3hfysBU45FYjBsZ13hEAzOSggmkERSd0D42J/Hs6t+XHBSu5h2wXP
 AX1WAOlyLYKsdyU/YwcyTa64K5mflDVMVDYS5pcujJz8iAjYMYBBGi8GEck023zvxsoe
 /V/2+4E1GaD7F0KcSGTcpo759efuidSOxNlyHWof3fZMA8WIzNvmkdy5hxbUe48rwY0p
 lHSRxDMMLZF2DdRn/rOklbw/LiSJrKPvnKxPhzFgiu5IskQaw4UbAdKNCGU5yKBrM+99
 rpLZjO4rcZnpAfV4915SJo3n3wLg9d+zlIy+wxqpdXvD7GdcadrsZdQlHIn5Ce2hl4kR
 CRVw==
X-Gm-Message-State: AOJu0Yz//BEHHm9MD4sPathenYUtda/ztV1jE90db3oZXWKz5WoZuvIi
 E81uroZGED+aa0fUFUiHbpZlpyqFIBntAtG9vy6oK1KlzXqcBmFBv1+MUaW1Wi8BAegKXS3xOI2
 28pw4dxzDElPchIrV/z6jOcMCVX53e9wKj2B9w1IsN7mjClht
X-Google-Smtp-Source: AGHT+IFPFydHz+2R932Ep1t9gaW/wbIGzJF56X+53/GRo+UoIQqUjELI9o9qrQPeWAMDHwjoUS8H4KRYvgx1
X-Received: by 2002:a17:902:daca:b0:205:8763:6c2d with SMTP id
 d9443c01a7336-20e5c10c9a5mr11468855ad.9.1729217870428; 
 Thu, 17 Oct 2024 19:17:50 -0700 (PDT)
Received: from postal.iol.unh.edu (postal.iol.unh.edu.
 [2606:4100:3880:1234::84]) by smtp-relay.gmail.com with ESMTPS id
 d9443c01a7336-20e5a8d65b5sm198445ad.100.2024.10.17.19.17.50
 (version=TLS1_2 cipher=ECDHE-ECDSA-AES128-GCM-SHA256 bits=128/128);
 Thu, 17 Oct 2024 19:17:50 -0700 (PDT)
X-Relaying-Domain: iol.unh.edu
Date: Thu, 17 Oct 2024 19:17:50 -0700 (PDT)
Message-ID: <6711c54e.170a0220.367b24.1416SMTPIN_ADDED_MISSING@mx.google.com>
Received: from [172.21.0.3] (unknown [172.18.0.240])
 by postal.iol.unh.edu (Postfix) with ESMTP id 7A9016052471;
 Thu, 17 Oct 2024 22:17:49 -0400 (EDT)
Subject: |FAILURE| pw146187-146188 [PATCH] [v1,2/2] test/power: fix power lib
From: dpdklab@iol.unh.edu
To: Test Report <test-report@dpdk.org>
Cc: dpdk-test-reports@iol.unh.edu,
 Sivaprasad Tummala <Sivaprasad.Tummala@amd.com>
In-Reply-To: <20241017110247.1051770-2-sivaprasad.tummala@amd.com>
References: <20241017110247.1051770-2-sivaprasad.tummala@amd.com>
Content-Type: text/plain
X-BeenThere: test-report@dpdk.org
X-Mailman-Version: 2.1.29
Precedence: list
List-Id: automatic DPDK test reports <test-report.dpdk.org>
List-Unsubscribe: <https://mails.dpdk.org/options/test-report>,
 <mailto:test-report-request@dpdk.org?subject=unsubscribe>
List-Archive: <http://mails.dpdk.org/archives/test-report/>
List-Post: <mailto:test-report@dpdk.org>
List-Help: <mailto:test-report-request@dpdk.org?subject=help>
List-Subscribe: <https://mails.dpdk.org/listinfo/test-report>,
 <mailto:test-report-request@dpdk.org?subject=subscribe>
Errors-To: test-report-bounces@dpdk.org

Test-Label: iol-unit-amd64-testing
Test-Status: FAILURE
http://dpdk.org/patch/146188

_Testing issues_

Submitter: Sivaprasad Tummala <Sivaprasad.Tummala@amd.com>
Date: Thursday, October 17 2024 11:02:47 
DPDK git baseline: Repo:dpdk
  Branch: master
  CommitID:2dff0bcd3b54bc3279de42123aa618620224ad44

146187-146188 --> testing issues

Upstream job id: Generic-Unit-Test-DPDK#277096

Test environment and result as below:

+---------------------+----------------+
|     Environment     | dpdk_unit_test |
+=====================+================+
| CentOS Stream 9     | PASS           |
+---------------------+----------------+
| Debian Bullseye     | PASS           |
+---------------------+----------------+
| Debian 12           | FAIL           |
+---------------------+----------------+
| Fedora 37           | FAIL           |
+---------------------+----------------+
| Fedora 38           | FAIL           |
+---------------------+----------------+
| Windows Server 2022 | PASS           |
+---------------------+----------------+
| Fedora 38 (Clang)   | FAIL           |
+---------------------+----------------+
| Fedora 39           | FAIL           |
+---------------------+----------------+
| Fedora 39 (Clang)   | FAIL           |
+---------------------+----------------+
| Fedora 40           | FAIL           |
+---------------------+----------------+
| Fedora 40 (Clang)   | FAIL           |
+---------------------+----------------+
| RHEL8               | PASS           |
+---------------------+----------------+
| RHEL9               | PASS           |
+---------------------+----------------+
| Ubuntu 20.04        | PASS           |
+---------------------+----------------+
| Ubuntu 22.04        | PASS           |
+---------------------+----------------+
| Ubuntu 24.04        | FAIL           |
+---------------------+----------------+

==== Unit test summary for Ubuntu 24.04 (dpdk_unit_test): ====
ninja: Entering directory `/home-local/jenkins-local/jenkins-agent/workspace/Generic-Unit-Test-DPDK/dpdk/build'
ninja: no work to do.


Ok:                 0   
Expected Fail:      0   
Fail:               0   
Unexpected Pass:    0   
Skipped:            0   
Timeout:            0   

Full log written to /home-local/jenkins-local/jenkins-agent/workspace/Generic-Unit-Test-DPDK/dpdk/build/meson-logs/testlog.txt

==== End log output ====

CentOS Stream 9
	Kernel: Depends on container host
	Compiler: gcc 11.4.1 20231218 (Red Hat 11.4.1-3)

Debian Bullseye
	Kernel: Depends on container host
	Compiler: gcc (Debian 10.2.1-6) 10.2.1 20210110

Debian 12
	Kernel: Depends on container host
	Compiler: gcc (Debian 12.2.0-14) 12.2.0

Fedora 37
	Kernel: Depends on container host system
	Compiler: gcc 12.3.1 20230508 (Red Hat 12.3.1-1)

Fedora 38
	Kernel: Depends on container host
	Compiler: gcc 13.2.1 20240316 (Red Hat 13.2.1-7)

Windows Server 2022
	Kernel: 10.0.20348.2031
	Compiler: clang 15.0.7, gcc 14.1.0 (MinGW), and MSVC VS 19.39.33521

Fedora 38 (Clang)
	Kernel: Depends on container host
	Compiler: clang 16.0.6 (Fedora 16.0.6-4.fc38)

Fedora 39
	Kernel: Depends on container host
	Compiler: gcc 13.3.1 20240522 (Red Hat 13.3.1-1)

Fedora 39 (Clang)
	Kernel: Depends on container host
	Compiler: clang 17.0.6 (Fedora 17.0.6-2.fc39)

Fedora 40
	Kernel: Depends on container host
	Compiler: gcc 14.2.1 20240801 (Red Hat 14.2.1-1)

Fedora 40 (Clang)
	Kernel: Depends on container host
	Compiler: clang 18.1.6 (Fedora 18.1.6-3.fc40)

RHEL8
	Kernel: Depends on container host
	Compiler: gcc 8.5.0 20210514 (Red Hat 8.5.0-22)

RHEL9
	Kernel: Depends on container host
	Compiler: gcc 11.4.1 20231218 (Red Hat 11.4.1-3)

Ubuntu 20.04
	Kernel: Depends on container host
	Compiler: gcc (Ubuntu 9.4.0-1ubuntu1~20.04.2) 9.4.0

Ubuntu 22.04
	Kernel: Depends on container host
	Compiler: gcc (Ubuntu 11.4.0-1ubuntu1~22.04) 11.4.0

Ubuntu 24.04
	Kernel: Depends on container host
	Compiler: gcc (Ubuntu 13.2.0-23ubuntu4) 13.2.0

To view detailed results, visit:
https://lab.dpdk.org/results/dashboard/patchsets/31534/

UNH-IOL DPDK Community Lab

To manage your email subscriptions, visit: 
https://lab.dpdk.org/results/dashboard/preferences/subscriptions/