From mboxrd@z Thu Jan  1 00:00:00 1970
Return-Path: <test-report-bounces@dpdk.org>
Received: from mails.dpdk.org (mails.dpdk.org [217.70.189.124])
	by inbox.dpdk.org (Postfix) with ESMTP id 6FEA045B68
	for <public@inbox.dpdk.org>; Fri, 18 Oct 2024 06:23:42 +0200 (CEST)
Received: from mails.dpdk.org (localhost [127.0.0.1])
	by mails.dpdk.org (Postfix) with ESMTP id 6A2304027C;
	Fri, 18 Oct 2024 06:23:42 +0200 (CEST)
Received: from mail-ot1-f98.google.com (mail-ot1-f98.google.com
 [209.85.210.98]) by mails.dpdk.org (Postfix) with ESMTP id 3EE8040265
 for <test-report@dpdk.org>; Fri, 18 Oct 2024 06:23:41 +0200 (CEST)
Received: by mail-ot1-f98.google.com with SMTP id
 46e09a7af769-7093997dffdso557265a34.2
 for <test-report@dpdk.org>; Thu, 17 Oct 2024 21:23:41 -0700 (PDT)
DKIM-Signature: v=1; a=rsa-sha256; c=relaxed/relaxed;
 d=iol.unh.edu; s=unh-iol; t=1729225420; x=1729830220; darn=dpdk.org;
 h=references:in-reply-to:cc:to:from:subject:message-id:date:from:to
 :cc:subject:date:message-id:reply-to;
 bh=7q5OD3kaQWiD+G91n5cXQZe6IL9j0q6hyoWOlTEc8xQ=;
 b=gNBroLXpxSYwuGX1dMLZSDHwljDwS2lx55OpemP7ruirs9cqhxN3POKvhT3LydNEbJ
 kIv0AHPDn66DCxIUwXZMJFAJPpE0FYmrHOYIHmM612LV3D0SRiC5ZvMTUcC46QJUxYH/
 IbkwW0FtycUsloxZb+i7DmZPl3A+OHbIcY/10=
X-Google-DKIM-Signature: v=1; a=rsa-sha256; c=relaxed/relaxed;
 d=1e100.net; s=20230601; t=1729225420; x=1729830220;
 h=references:in-reply-to:cc:to:from:subject:message-id:date
 :x-gm-message-state:from:to:cc:subject:date:message-id:reply-to;
 bh=7q5OD3kaQWiD+G91n5cXQZe6IL9j0q6hyoWOlTEc8xQ=;
 b=bqJKuQHTzEtbIkpqpGH8YOduOsUcv4fW5hx5kXFXGbYXuN3uqMvvbad2THOax78ubv
 4hZEClxEbbzLU4O4gC2QRd1n8a2cIvw8kDkZkeRh5YmsJCV3dIHXWptfoV55USgE/q3Y
 rbD1HHhbjsEsV0+qX9w++N7xPtT1ZCl95MuWtgrmf42UUK0SB0Xo/VGk6DQwxdpu45ol
 Sllw4Be2mNiBRrcSBELXKSNbRWGFb3mi6raDI85XkSk7/MR9hpZ9ZbsK7xqgD++Oc2eO
 iG81NstLg3I/TTPKkrtkkJY4njBKq12W6cvUsq/vYlOi7M1qHEFpRrKwHYeqa4CU+TgB
 udcA==
X-Gm-Message-State: AOJu0Yy4PPu4m+rKMkgrnQeCjT2Jz+45+MHifsff3bTQ4fDo6ea1Ch5g
 12kYXznbBhglHuA1j7ndCbbB1PpDGrM6zsa8CsJTkB5HD0lFK7o6UG+Jyv9fafpL+/UoCLeSWwe
 phPKbAOeoKKKLIf3HBncnNf59m3t3QkuY8bHAz+Iehymca1GPhd62uehi
X-Google-Smtp-Source: AGHT+IFyeBYiCMhkr9CkdLC4cNk3uiyfyJyBhdZkmp0CrU3XGI4814lYgt0ajJi5aA29WIr7UeAWeQ3uzFsb
X-Received: by 2002:a05:6830:3689:b0:718:1163:ef8f with SMTP id
 46e09a7af769-7181a5ca6fbmr1054815a34.2.1729225420299; 
 Thu, 17 Oct 2024 21:23:40 -0700 (PDT)
Received: from postal.iol.unh.edu (postal.iol.unh.edu.
 [2606:4100:3880:1234::84]) by smtp-relay.gmail.com with ESMTPS id
 46e09a7af769-7181955d013sm24044a34.4.2024.10.17.21.23.40
 (version=TLS1_2 cipher=ECDHE-ECDSA-AES128-GCM-SHA256 bits=128/128);
 Thu, 17 Oct 2024 21:23:40 -0700 (PDT)
X-Relaying-Domain: iol.unh.edu
Date: Thu, 17 Oct 2024 21:23:40 -0700 (PDT)
Message-ID: <6711e2cc.9d0a0220.d4509.17d9SMTPIN_ADDED_MISSING@mx.google.com>
Received: from [172.21.0.4] (unknown [172.18.0.240])
 by postal.iol.unh.edu (Postfix) with ESMTP id B7ACB6052471;
 Fri, 18 Oct 2024 00:23:39 -0400 (EDT)
Subject: |FAILURE| pw146179 [PATCH] [v4] mem: allow using ASan in multi-proce
From: dpdklab@iol.unh.edu
To: Test Report <test-report@dpdk.org>
Cc: dpdk-test-reports@iol.unh.edu,
 Artur Paszkiewicz <artur.paszkiewicz@intel.com>
In-Reply-To: <20241017100317.1356-1-artur.paszkiewicz@intel.com>
References: <20241017100317.1356-1-artur.paszkiewicz@intel.com>
Content-Type: text/plain
X-BeenThere: test-report@dpdk.org
X-Mailman-Version: 2.1.29
Precedence: list
List-Id: automatic DPDK test reports <test-report.dpdk.org>
List-Unsubscribe: <https://mails.dpdk.org/options/test-report>,
 <mailto:test-report-request@dpdk.org?subject=unsubscribe>
List-Archive: <http://mails.dpdk.org/archives/test-report/>
List-Post: <mailto:test-report@dpdk.org>
List-Help: <mailto:test-report-request@dpdk.org?subject=help>
List-Subscribe: <https://mails.dpdk.org/listinfo/test-report>,
 <mailto:test-report-request@dpdk.org?subject=subscribe>
Errors-To: test-report-bounces@dpdk.org

Test-Label: iol-unit-amd64-testing
Test-Status: FAILURE
http://dpdk.org/patch/146179

_Testing issues_

Submitter: Artur Paszkiewicz <artur.paszkiewicz@intel.com>
Date: Thursday, October 17 2024 10:03:17 
DPDK git baseline: Repo:dpdk
  Branch: master
  CommitID:2dff0bcd3b54bc3279de42123aa618620224ad44

146179 --> testing issues

Upstream job id: Generic-Unit-Test-DPDK#277153

Test environment and result as below:

+---------------------+----------------+
|     Environment     | dpdk_unit_test |
+=====================+================+
| CentOS Stream 9     | PASS           |
+---------------------+----------------+
| Debian 12           | FAIL           |
+---------------------+----------------+
| Debian Bullseye     | PASS           |
+---------------------+----------------+
| Fedora 38           | FAIL           |
+---------------------+----------------+
| Fedora 37           | FAIL           |
+---------------------+----------------+
| Fedora 39           | FAIL           |
+---------------------+----------------+
| Windows Server 2022 | PASS           |
+---------------------+----------------+
| Fedora 38 (Clang)   | FAIL           |
+---------------------+----------------+
| Fedora 39 (Clang)   | FAIL           |
+---------------------+----------------+
| Fedora 40           | FAIL           |
+---------------------+----------------+
| Fedora 40 (Clang)   | FAIL           |
+---------------------+----------------+
| RHEL9               | PASS           |
+---------------------+----------------+
| Ubuntu 24.04        | FAIL           |
+---------------------+----------------+
| Ubuntu 20.04        | PASS           |
+---------------------+----------------+
| Ubuntu 22.04        | PASS           |
+---------------------+----------------+
| RHEL8               | PASS           |
+---------------------+----------------+

==== Unit test summary for Ubuntu 24.04 (dpdk_unit_test): ====
ninja: Entering directory `/home-local/jenkins-local/jenkins-agent/workspace/Generic-Unit-Test-DPDK/dpdk/build'
ninja: no work to do.


Ok:                 0   
Expected Fail:      0   
Fail:               0   
Unexpected Pass:    0   
Skipped:            0   
Timeout:            0   

Full log written to /home-local/jenkins-local/jenkins-agent/workspace/Generic-Unit-Test-DPDK/dpdk/build/meson-logs/testlog.txt

==== End log output ====

CentOS Stream 9
	Kernel: Depends on container host
	Compiler: gcc 11.4.1 20231218 (Red Hat 11.4.1-3)

Debian 12
	Kernel: Depends on container host
	Compiler: gcc (Debian 12.2.0-14) 12.2.0

Debian Bullseye
	Kernel: Depends on container host
	Compiler: gcc (Debian 10.2.1-6) 10.2.1 20210110

Fedora 38
	Kernel: Depends on container host
	Compiler: gcc 13.2.1 20240316 (Red Hat 13.2.1-7)

Fedora 37
	Kernel: Depends on container host system
	Compiler: gcc 12.3.1 20230508 (Red Hat 12.3.1-1)

Fedora 39
	Kernel: Depends on container host
	Compiler: gcc 13.3.1 20240522 (Red Hat 13.3.1-1)

Windows Server 2022
	Kernel: 10.0.20348.2031
	Compiler: clang 15.0.7, gcc 14.1.0 (MinGW), and MSVC VS 19.39.33521

Fedora 38 (Clang)
	Kernel: Depends on container host
	Compiler: clang 16.0.6 (Fedora 16.0.6-4.fc38)

Fedora 39 (Clang)
	Kernel: Depends on container host
	Compiler: clang 17.0.6 (Fedora 17.0.6-2.fc39)

Fedora 40
	Kernel: Depends on container host
	Compiler: gcc 14.2.1 20240801 (Red Hat 14.2.1-1)

Fedora 40 (Clang)
	Kernel: Depends on container host
	Compiler: clang 18.1.6 (Fedora 18.1.6-3.fc40)

RHEL9
	Kernel: Depends on container host
	Compiler: gcc 11.4.1 20231218 (Red Hat 11.4.1-3)

Ubuntu 24.04
	Kernel: Depends on container host
	Compiler: gcc (Ubuntu 13.2.0-23ubuntu4) 13.2.0

Ubuntu 20.04
	Kernel: Depends on container host
	Compiler: gcc (Ubuntu 9.4.0-1ubuntu1~20.04.2) 9.4.0

Ubuntu 22.04
	Kernel: Depends on container host
	Compiler: gcc (Ubuntu 11.4.0-1ubuntu1~22.04) 11.4.0

RHEL8
	Kernel: Depends on container host
	Compiler: gcc 8.5.0 20210514 (Red Hat 8.5.0-22)

To view detailed results, visit:
https://lab.dpdk.org/results/dashboard/patchsets/31531/

UNH-IOL DPDK Community Lab

To manage your email subscriptions, visit: 
https://lab.dpdk.org/results/dashboard/preferences/subscriptions/